136.243.220.212 - - [20/May/2026:19:38:30 +0000] "GET /goods.php?items/hand/240033664.htm HTTP/1.1" 500 1 "-" "Mozilla/5.0 (compatible; DataForSeoBot/1.0; +https://dataforseo.com/dataforseo-bot)"
136.243.220.212 - - [20/May/2026:19:38:41 +0000] "GET /goods.php?items/Indian/193028593.htm HTTP/1.1" 500 1 "-" "Mozilla/5.0 (compatible; DataForSeoBot/1.0; +https://dataforseo.com/dataforseo-bot)"
136.243.220.212 - - [20/May/2026:19:38:52 +0000] "GET /goods.php?items/distinction/240033598.htm HTTP/1.1" 500 1 "-" "Mozilla/5.0 (compatible; DataForSeoBot/1.0; +https://dataforseo.com/dataforseo-bot)"
136.243.220.212 - - [20/May/2026:19:39:04 +0000] "GET /goods.php?items/suitable/240045440.htm HTTP/1.1" 500 1 "-" "Mozilla/5.0 (compatible; DataForSeoBot/1.0; +https://dataforseo.com/dataforseo-bot)"
136.243.220.212 - - [20/May/2026:19:39:15 +0000] "GET /goods.php?items/selection/200036780.htm HTTP/1.1" 500 1 "-" "Mozilla/5.0 (compatible; DataForSeoBot/1.0; +https://dataforseo.com/dataforseo-bot)"
136.243.220.212 - - [20/May/2026:19:39:27 +0000] "GET /goods.php?shopping/057000934 HTTP/1.1" 500 1 "-" "Mozilla/5.0 (compatible; DataForSeoBot/1.0; +https://dataforseo.com/dataforseo-bot)"
136.243.220.212 - - [20/May/2026:19:39:40 +0000] "GET /goods.php?items/loyalty/241013199.htm HTTP/1.1" 500 1 "-" "Mozilla/5.0 (compatible; DataForSeoBot/1.0; +https://dataforseo.com/dataforseo-bot)"
136.243.220.212 - - [20/May/2026:19:39:50 +0000] "GET /goods.php?items/aggressive/240035630.htm HTTP/1.1" 500 1 "-" "Mozilla/5.0 (compatible; DataForSeoBot/1.0; +https://dataforseo.com/dataforseo-bot)"
136.243.220.212 - - [20/May/2026:19:40:00 +0000] "GET /goods.php?items/guilty/025014509.htm HTTP/1.1" 500 1 "-" "Mozilla/5.0 (compatible; DataForSeoBot/1.0; +https://dataforseo.com/dataforseo-bot)"
136.243.220.212 - - [20/May/2026:19:40:12 +0000] "GET /goods.php?items/legacy/282016770.htm HTTP/1.1" 500 1 "-" "Mozilla/5.0 (compatible; DataForSeoBot/1.0; +https://dataforseo.com/dataforseo-bot)"
136.243.220.212 - - [20/May/2026:19:40:23 +0000] "GET /goods.php?items/downtown/151016823.htm HTTP/1.1" 500 1 "-" "Mozilla/5.0 (compatible; DataForSeoBot/1.0; +https://dataforseo.com/dataforseo-bot)"
136.243.220.212 - - [20/May/2026:19:40:34 +0000] "GET /goods.php?detail/08100825593936 HTTP/1.1" 500 1 "-" "Mozilla/5.0 (compatible; DataForSeoBot/1.0; +https://dataforseo.com/dataforseo-bot)"
136.243.220.212 - - [20/May/2026:19:40:45 +0000] "GET /goods.php?items/continued/089032049.htm HTTP/1.1" 500 1 "-" "Mozilla/5.0 (compatible; DataForSeoBot/1.0; +https://dataforseo.com/dataforseo-bot)"
136.243.220.212 - - [20/May/2026:19:40:55 +0000] "GET /goods.php?items/bid/081008167.htm HTTP/1.1" 500 1 "-" "Mozilla/5.0 (compatible; DataForSeoBot/1.0; +https://dataforseo.com/dataforseo-bot)"
136.243.220.212 - - [20/May/2026:19:41:06 +0000] "GET /goods.php?items/guideline/221043091.htm HTTP/1.1" 500 1 "-" "Mozilla/5.0 (compatible; DataForSeoBot/1.0; +https://dataforseo.com/dataforseo-bot)"
136.243.220.212 - - [20/May/2026:19:41:17 +0000] "GET /goods.php?items/strictly/081008151.htm HTTP/1.1" 500 1 "-" "Mozilla/5.0 (compatible; DataForSeoBot/1.0; +https://dataforseo.com/dataforseo-bot)"
136.243.220.212 - - [20/May/2026:19:41:28 +0000] "GET /goods.php?items/observation/080023656.htm HTTP/1.1" 500 1 "-" "Mozilla/5.0 (compatible; DataForSeoBot/1.0; +https://dataforseo.com/dataforseo-bot)"
136.243.220.212 - - [20/May/2026:19:41:41 +0000] "GET /goods.php?items/philosophy/129010921.htm HTTP/1.1" 500 1 "-" "Mozilla/5.0 (compatible; DataForSeoBot/1.0; +https://dataforseo.com/dataforseo-bot)"
136.243.220.212 - - [20/May/2026:19:41:52 +0000] "GET /goods.php?items/gym/019022333.htm HTTP/1.1" 500 1 "-" "Mozilla/5.0 (compatible; DataForSeoBot/1.0; +https://dataforseo.com/dataforseo-bot)"
114.119.140.4 - - [20/May/2026:19:41:56 +0000] "GET /goods.php?shopping/102003549 HTTP/1.1" 500 1 "https://aioptify.com/goods.php?shopping/102003549" "Mozilla/5.0 (Linux; Android 7.0;) AppleWebKit/537.36 (HTML, like Gecko) Mobile Safari/537.36 (compatible; PetalBot;+https://webmaster.petalsearch.com/site/petalbot)"
136.243.220.212 - - [20/May/2026:19:42:03 +0000] "GET /goods.php?items/also/013000411.htm HTTP/1.1" 500 1 "-" "Mozilla/5.0 (compatible; DataForSeoBot/1.0; +https://dataforseo.com/dataforseo-bot)"
136.243.220.212 - - [20/May/2026:19:42:13 +0000] "GET /goods.php?items/grin/083029669.htm HTTP/1.1" 500 1 "-" "Mozilla/5.0 (compatible; DataForSeoBot/1.0; +https://dataforseo.com/dataforseo-bot)"
136.243.220.212 - - [20/May/2026:19:42:27 +0000] "GET /goods.php?items/insist/086000142.htm HTTP/1.1" 500 1 "-" "Mozilla/5.0 (compatible; DataForSeoBot/1.0; +https://dataforseo.com/dataforseo-bot)"
136.243.220.212 - - [20/May/2026:19:42:39 +0000] "GET /goods.php?items/closely/005036893.htm HTTP/1.1" 500 1 "-" "Mozilla/5.0 (compatible; DataForSeoBot/1.0; +https://dataforseo.com/dataforseo-bot)"
136.243.220.212 - - [20/May/2026:19:42:48 +0000] "GET /goods.php?goods/129004687 HTTP/1.1" 500 1 "-" "Mozilla/5.0 (compatible; DataForSeoBot/1.0; +https://dataforseo.com/dataforseo-bot)"
136.243.220.212 - - [20/May/2026:19:43:00 +0000] "GET /goods.php?items/recent/131045757.htm HTTP/1.1" 500 1 "-" "Mozilla/5.0 (compatible; DataForSeoBot/1.0; +https://dataforseo.com/dataforseo-bot)"
136.243.220.212 - - [20/May/2026:19:43:13 +0000] "GET /goods.php?items/brush/062015764.htm HTTP/1.1" 500 1 "-" "Mozilla/5.0 (compatible; DataForSeoBot/1.0; +https://dataforseo.com/dataforseo-bot)"
204.12.208.18 - - [20/May/2026:19:43:13 +0000] "GET /wp-includes/br745832/index.php HTTP/1.1" 500 - "https://aioptify.com/wp-includes/br745832/index.php" "Mozilla/5.0 (Macintosh; U; PPC Mac OS X; ja-jp) AppleWebKit/522.11.1 (KHTML, like Gecko) Version/3.0.3 Safari/522.12.1"
204.12.208.18 - - [20/May/2026:19:43:13 +0000] "GET /wp-includes/br745832/index.php HTTP/1.1" 500 - "https://aioptify.com/wp-includes/br745832/index.php" "Mozilla/5.0 (Macintosh; U; PPC Mac OS X; ja-jp) AppleWebKit/523.12 (KHTML, like Gecko) Version/3.0.4 Safari/523.12"
204.12.208.18 - - [20/May/2026:19:43:14 +0000] "GET /wp-includes/br745832/index.php HTTP/1.1" 500 - "https://aioptify.com/wp-includes/br745832/index.php" "Mozilla/5.0 (Macintosh; U; PPC Mac OS X 10_4_11; ja-jp) AppleWebKit/525.18 (KHTML, like Gecko) Version/3.1.2 Safari/525.22"
114.119.133.34 - - [20/May/2026:19:43:19 +0000] "GET /goods.php?items/reputation/015049805.htm HTTP/1.1" 500 1 "https://aioptify.com/goods.php?sitemap749.xml" "Mozilla/5.0 (Linux; Android 7.0;) AppleWebKit/537.36 (HTML, like Gecko) Mobile Safari/537.36 (compatible; PetalBot;+https://webmaster.petalsearch.com/site/petalbot)"
136.243.220.212 - - [20/May/2026:19:43:24 +0000] "GET /goods.php?items/send/017033135.htm HTTP/1.1" 500 1 "-" "Mozilla/5.0 (compatible; DataForSeoBot/1.0; +https://dataforseo.com/dataforseo-bot)"
136.243.220.212 - - [20/May/2026:19:43:35 +0000] "GET /goods.php?items/occur/154046844.htm HTTP/1.1" 500 1 "-" "Mozilla/5.0 (compatible; DataForSeoBot/1.0; +https://dataforseo.com/dataforseo-bot)"
136.243.220.212 - - [20/May/2026:19:43:46 +0000] "GET /goods.php?items/bonus/063015615.htm HTTP/1.1" 500 1 "-" "Mozilla/5.0 (compatible; DataForSeoBot/1.0; +https://dataforseo.com/dataforseo-bot)"
136.243.220.212 - - [20/May/2026:19:43:57 +0000] "GET /goods.php?items/virtually/254035192.htm HTTP/1.1" 500 1 "-" "Mozilla/5.0 (compatible; DataForSeoBot/1.0; +https://dataforseo.com/dataforseo-bot)"
136.243.220.212 - - [20/May/2026:19:44:07 +0000] "GET /goods.php?items/staff/284019906.htm HTTP/1.1" 500 1 "-" "Mozilla/5.0 (compatible; DataForSeoBot/1.0; +https://dataforseo.com/dataforseo-bot)"
136.243.220.212 - - [20/May/2026:19:44:17 +0000] "GET /goods.php?items/specialist/110010466.htm HTTP/1.1" 500 1 "-" "Mozilla/5.0 (compatible; DataForSeoBot/1.0; +https://dataforseo.com/dataforseo-bot)"
136.243.220.212 - - [20/May/2026:19:44:27 +0000] "GET /goods.php?items/against/247023469.htm HTTP/1.1" 500 1 "-" "Mozilla/5.0 (compatible; DataForSeoBot/1.0; +https://dataforseo.com/dataforseo-bot)"
136.243.220.212 - - [20/May/2026:19:44:39 +0000] "GET /goods.php?items/spiritual/110010496.htm HTTP/1.1" 500 1 "-" "Mozilla/5.0 (compatible; DataForSeoBot/1.0; +https://dataforseo.com/dataforseo-bot)"
114.119.137.160 - - [20/May/2026:19:44:42 +0000] "GET /goods.php?items/friendship/162035338.htm HTTP/1.1" 500 1 "https://aioptify.com/goods.php?sitemap749.xml" "Mozilla/5.0 (Linux; Android 7.0;) AppleWebKit/537.36 (HTML, like Gecko) Mobile Safari/537.36 (compatible; PetalBot;+https://webmaster.petalsearch.com/site/petalbot)"
136.243.220.212 - - [20/May/2026:19:44:50 +0000] "GET /goods.php?jp/110013371.html HTTP/1.1" 500 1 "-" "Mozilla/5.0 (compatible; DataForSeoBot/1.0; +https://dataforseo.com/dataforseo-bot)"
136.243.220.212 - - [20/May/2026:19:45:03 +0000] "GET /goods.php?items/excessive/207046829.htm HTTP/1.1" 500 1 "-" "Mozilla/5.0 (compatible; DataForSeoBot/1.0; +https://dataforseo.com/dataforseo-bot)"
136.243.220.212 - - [20/May/2026:19:45:15 +0000] "GET /goods.php?items/comparable/077000585.htm HTTP/1.1" 500 1 "-" "Mozilla/5.0 (compatible; DataForSeoBot/1.0; +https://dataforseo.com/dataforseo-bot)"
136.243.220.212 - - [20/May/2026:19:45:27 +0000] "GET /goods.php?items/event/207042827.htm HTTP/1.1" 500 1 "-" "Mozilla/5.0 (compatible; DataForSeoBot/1.0; +https://dataforseo.com/dataforseo-bot)"
136.243.220.212 - - [20/May/2026:19:45:40 +0000] "GET /goods.php?items/hope/207043155.htm HTTP/1.1" 500 1 "-" "Mozilla/5.0 (compatible; DataForSeoBot/1.0; +https://dataforseo.com/dataforseo-bot)"
136.243.220.212 - - [20/May/2026:19:45:54 +0000] "GET /goods.php?items/possess/207041639.htm HTTP/1.1" 500 1 "-" "Mozilla/5.0 (compatible; DataForSeoBot/1.0; +https://dataforseo.com/dataforseo-bot)"
114.119.150.65 - - [20/May/2026:19:46:06 +0000] "GET /goods.php?items/description/161005379.htm HTTP/1.1" 500 1 "https://aioptify.com/goods.php?sitemap749.xml" "Mozilla/5.0 (Linux; Android 7.0;) AppleWebKit/537.36 (HTML, like Gecko) Mobile Safari/537.36 (compatible; PetalBot;+https://webmaster.petalsearch.com/site/petalbot)"
136.243.220.212 - - [20/May/2026:19:46:24 +0000] "GET /goods.php?detail/2070400105376 HTTP/1.1" 500 1 "-" "Mozilla/5.0 (compatible; DataForSeoBot/1.0; +https://dataforseo.com/dataforseo-bot)"
136.243.220.212 - - [20/May/2026:19:46:36 +0000] "GET /goods.php?items/calm/252043652.htm HTTP/1.1" 500 1 "-" "Mozilla/5.0 (compatible; DataForSeoBot/1.0; +https://dataforseo.com/dataforseo-bot)"
136.243.220.212 - - [20/May/2026:19:46:48 +0000] "GET /goods.php?items/air/265012381.htm HTTP/1.1" 500 1 "-" "Mozilla/5.0 (compatible; DataForSeoBot/1.0; +https://dataforseo.com/dataforseo-bot)"
69.30.223.218 - - [20/May/2026:19:46:57 +0000] "GET /wp-content/pl7d2334/index.php HTTP/1.1" 500 1 "https://aioptify.com/wp-content/pl7d2334/index.php" "Mozilla/5.0 (Windows NT 10.0; Win64; x64) AppleWebKit/537.36 (KHTML, like Gecko) Chrome/58.0.3029.110 Safari/537.3"
69.30.223.218 - - [20/May/2026:19:46:58 +0000] "GET /wp-content/pl7d2334/index.php HTTP/1.1" 500 1 "https://aioptify.com/wp-content/pl7d2334/index.php" "Mozilla/5.0 (Windows NT 10.0; Win64; x64) AppleWebKit/537.36 (KHTML, like Gecko) Chrome/58.0.3029.110 Safari/537.3"
136.243.220.212 - - [20/May/2026:19:46:58 +0000] "GET /goods.php?items/room/090000958.htm HTTP/1.1" 500 1 "-" "Mozilla/5.0 (compatible; DataForSeoBot/1.0; +https://dataforseo.com/dataforseo-bot)"
136.243.220.212 - - [20/May/2026:19:47:10 +0000] "GET /goods.php?items/secret/160015758.htm HTTP/1.1" 500 1 "-" "Mozilla/5.0 (compatible; DataForSeoBot/1.0; +https://dataforseo.com/dataforseo-bot)"
136.243.220.212 - - [20/May/2026:19:47:20 +0000] "GET /goods.php?goods/246006915 HTTP/1.1" 500 1 "-" "Mozilla/5.0 (compatible; DataForSeoBot/1.0; +https://dataforseo.com/dataforseo-bot)"
136.243.220.212 - - [20/May/2026:19:47:30 +0000] "GET /goods.php?items/collapse/055047603.htm HTTP/1.1" 500 1 "-" "Mozilla/5.0 (compatible; DataForSeoBot/1.0; +https://dataforseo.com/dataforseo-bot)"
114.119.133.34 - - [20/May/2026:19:47:38 +0000] "GET /goods.php?items/confuse/162048154.htm HTTP/1.1" 500 1 "https://aioptify.com/goods.php?sitemap405.xml" "Mozilla/5.0 (Linux; Android 7.0;) AppleWebKit/537.36 (HTML, like Gecko) Mobile Safari/537.36 (compatible; PetalBot;+https://webmaster.petalsearch.com/site/petalbot)"
136.243.220.212 - - [20/May/2026:19:47:41 +0000] "GET /goods.php?items/accuracy/246006866.htm HTTP/1.1" 500 1 "-" "Mozilla/5.0 (compatible; DataForSeoBot/1.0; +https://dataforseo.com/dataforseo-bot)"
136.243.220.212 - - [20/May/2026:19:47:54 +0000] "GET /goods.php?items/Christian/165018089.htm HTTP/1.1" 500 1 "-" "Mozilla/5.0 (compatible; DataForSeoBot/1.0; +https://dataforseo.com/dataforseo-bot)"
136.243.220.212 - - [20/May/2026:19:48:06 +0000] "GET /goods.php?items/exact/003048309.htm HTTP/1.1" 500 1 "-" "Mozilla/5.0 (compatible; DataForSeoBot/1.0; +https://dataforseo.com/dataforseo-bot)"
136.243.220.212 - - [20/May/2026:19:48:19 +0000] "GET /goods.php?items/impulse/246007008.htm HTTP/1.1" 500 1 "-" "Mozilla/5.0 (compatible; DataForSeoBot/1.0; +https://dataforseo.com/dataforseo-bot)"
136.243.220.212 - - [20/May/2026:19:48:31 +0000] "GET /goods.php?items/laughter/246006882.htm HTTP/1.1" 500 1 "-" "Mozilla/5.0 (compatible; DataForSeoBot/1.0; +https://dataforseo.com/dataforseo-bot)"
136.243.220.212 - - [20/May/2026:19:48:41 +0000] "GET /goods.php?items/clinic/142018678.htm HTTP/1.1" 500 1 "-" "Mozilla/5.0 (compatible; DataForSeoBot/1.0; +https://dataforseo.com/dataforseo-bot)"
114.119.137.160 - - [20/May/2026:19:48:53 +0000] "GET /goods.php?items/all/084016614.htm HTTP/1.1" 500 1 "https://aioptify.com/goods.php?items/all/084016614.htm" "Mozilla/5.0 (Linux; Android 7.0;) AppleWebKit/537.36 (HTML, like Gecko) Mobile Safari/537.36 (compatible; PetalBot;+https://webmaster.petalsearch.com/site/petalbot)"
136.243.220.212 - - [20/May/2026:19:48:53 +0000] "GET /goods.php?items/formerly/267041269.htm HTTP/1.1" 500 1 "-" "Mozilla/5.0 (compatible; DataForSeoBot/1.0; +https://dataforseo.com/dataforseo-bot)"
136.243.220.212 - - [20/May/2026:19:49:05 +0000] "GET /goods.php?items/dam/002042522.htm HTTP/1.1" 500 1 "-" "Mozilla/5.0 (compatible; DataForSeoBot/1.0; +https://dataforseo.com/dataforseo-bot)"
136.243.220.212 - - [20/May/2026:19:49:18 +0000] "GET /goods.php?items/hay/167010437.htm HTTP/1.1" 500 1 "-" "Mozilla/5.0 (compatible; DataForSeoBot/1.0; +https://dataforseo.com/dataforseo-bot)"
136.243.220.212 - - [20/May/2026:19:49:30 +0000] "GET /goods.php?items/T-shirt/144044350.htm HTTP/1.1" 500 1 "-" "Mozilla/5.0 (compatible; DataForSeoBot/1.0; +https://dataforseo.com/dataforseo-bot)"
136.243.220.212 - - [20/May/2026:19:49:39 +0000] "GET /goods.php?items/argument/144044282.htm HTTP/1.1" 500 1 "-" "Mozilla/5.0 (compatible; DataForSeoBot/1.0; +https://dataforseo.com/dataforseo-bot)"
136.243.220.212 - - [20/May/2026:19:49:50 +0000] "GET /goods.php?items/reservation/151002837.htm HTTP/1.1" 500 1 "-" "Mozilla/5.0 (compatible; DataForSeoBot/1.0; +https://dataforseo.com/dataforseo-bot)"
136.243.220.212 - - [20/May/2026:19:50:01 +0000] "GET /goods.php?items/longtime/144044332.htm HTTP/1.1" 500 1 "-" "Mozilla/5.0 (compatible; DataForSeoBot/1.0; +https://dataforseo.com/dataforseo-bot)"
136.243.220.212 - - [20/May/2026:19:50:13 +0000] "GET /goods.php?jp/158034446.html HTTP/1.1" 500 1 "-" "Mozilla/5.0 (compatible; DataForSeoBot/1.0; +https://dataforseo.com/dataforseo-bot)"
136.243.220.212 - - [20/May/2026:19:50:24 +0000] "GET /goods.php?items/rat/294022626.htm HTTP/1.1" 500 1 "-" "Mozilla/5.0 (compatible; DataForSeoBot/1.0; +https://dataforseo.com/dataforseo-bot)"
136.243.220.212 - - [20/May/2026:19:50:35 +0000] "GET /goods.php?items/meaningful/075009873.htm HTTP/1.1" 500 1 "-" "Mozilla/5.0 (compatible; DataForSeoBot/1.0; +https://dataforseo.com/dataforseo-bot)"
136.243.220.212 - - [20/May/2026:19:50:46 +0000] "GET /goods.php?items/author/004043568.htm HTTP/1.1" 500 1 "-" "Mozilla/5.0 (compatible; DataForSeoBot/1.0; +https://dataforseo.com/dataforseo-bot)"
136.243.220.212 - - [20/May/2026:19:50:56 +0000] "GET /goods.php?goods/075009796 HTTP/1.1" 500 1 "-" "Mozilla/5.0 (compatible; DataForSeoBot/1.0; +https://dataforseo.com/dataforseo-bot)"
136.243.220.212 - - [20/May/2026:19:51:06 +0000] "GET /goods.php?items/ingredient/275028539.htm HTTP/1.1" 500 1 "-" "Mozilla/5.0 (compatible; DataForSeoBot/1.0; +https://dataforseo.com/dataforseo-bot)"
136.243.220.212 - - [20/May/2026:19:51:16 +0000] "GET /goods.php?items/evident/271004255.htm HTTP/1.1" 500 1 "-" "Mozilla/5.0 (compatible; DataForSeoBot/1.0; +https://dataforseo.com/dataforseo-bot)"
136.243.220.212 - - [20/May/2026:19:51:26 +0000] "GET /goods.php?items/seller/075009839.htm HTTP/1.1" 500 1 "-" "Mozilla/5.0 (compatible; DataForSeoBot/1.0; +https://dataforseo.com/dataforseo-bot)"
136.243.220.212 - - [20/May/2026:19:51:37 +0000] "GET /goods.php?items/senator/101032641.htm HTTP/1.1" 500 1 "-" "Mozilla/5.0 (compatible; DataForSeoBot/1.0; +https://dataforseo.com/dataforseo-bot)"
136.243.220.212 - - [20/May/2026:19:51:49 +0000] "GET /goods.php?items/center/143038149.htm HTTP/1.1" 500 1 "-" "Mozilla/5.0 (compatible; DataForSeoBot/1.0; +https://dataforseo.com/dataforseo-bot)"
136.243.220.212 - - [20/May/2026:19:52:01 +0000] "GET /goods.php?items/certainly/075023987.htm HTTP/1.1" 500 1 "-" "Mozilla/5.0 (compatible; DataForSeoBot/1.0; +https://dataforseo.com/dataforseo-bot)"
136.243.220.212 - - [20/May/2026:19:52:12 +0000] "GET /goods.php?items/deputy/223006099.htm HTTP/1.1" 500 1 "-" "Mozilla/5.0 (compatible; DataForSeoBot/1.0; +https://dataforseo.com/dataforseo-bot)"
136.243.220.212 - - [20/May/2026:19:52:25 +0000] "GET /goods.php?jp/257013308.html HTTP/1.1" 500 1 "-" "Mozilla/5.0 (compatible; DataForSeoBot/1.0; +https://dataforseo.com/dataforseo-bot)"
136.243.220.212 - - [20/May/2026:19:52:35 +0000] "GET /goods.php?items/integrated/067001583.htm HTTP/1.1" 500 1 "-" "Mozilla/5.0 (compatible; DataForSeoBot/1.0; +https://dataforseo.com/dataforseo-bot)"
136.243.220.212 - - [20/May/2026:19:52:47 +0000] "GET /goods.php?items/task/195045467.htm HTTP/1.1" 500 1 "-" "Mozilla/5.0 (compatible; DataForSeoBot/1.0; +https://dataforseo.com/dataforseo-bot)"
136.243.220.212 - - [20/May/2026:19:52:59 +0000] "GET /goods.php?items/recording/067001725.htm HTTP/1.1" 500 1 "-" "Mozilla/5.0 (compatible; DataForSeoBot/1.0; +https://dataforseo.com/dataforseo-bot)"
136.243.220.212 - - [20/May/2026:19:53:10 +0000] "GET /goods.php?items/attach/169028825.htm HTTP/1.1" 500 1 "-" "Mozilla/5.0 (compatible; DataForSeoBot/1.0; +https://dataforseo.com/dataforseo-bot)"
136.243.220.212 - - [20/May/2026:19:53:21 +0000] "GET /goods.php?detail/2870299059639 HTTP/1.1" 500 1 "-" "Mozilla/5.0 (compatible; DataForSeoBot/1.0; +https://dataforseo.com/dataforseo-bot)"
136.243.220.212 - - [20/May/2026:19:53:31 +0000] "GET /goods.php?shopping/021000090 HTTP/1.1" 500 1 "-" "Mozilla/5.0 (compatible; DataForSeoBot/1.0; +https://dataforseo.com/dataforseo-bot)"
136.243.220.212 - - [20/May/2026:19:53:41 +0000] "GET /goods.php?items/dig/169027079.htm HTTP/1.1" 500 1 "-" "Mozilla/5.0 (compatible; DataForSeoBot/1.0; +https://dataforseo.com/dataforseo-bot)"
136.243.220.212 - - [20/May/2026:19:53:52 +0000] "GET /goods.php?items/against/167019273.htm HTTP/1.1" 500 1 "-" "Mozilla/5.0 (compatible; DataForSeoBot/1.0; +https://dataforseo.com/dataforseo-bot)"
136.243.220.212 - - [20/May/2026:19:54:04 +0000] "GET /goods.php?items/telescope/025000205.htm HTTP/1.1" 500 1 "-" "Mozilla/5.0 (compatible; DataForSeoBot/1.0; +https://dataforseo.com/dataforseo-bot)"
136.243.220.212 - - [20/May/2026:19:54:17 +0000] "GET /goods.php?items/fill/278014932.htm HTTP/1.1" 500 1 "-" "Mozilla/5.0 (compatible; DataForSeoBot/1.0; +https://dataforseo.com/dataforseo-bot)"
136.243.220.212 - - [20/May/2026:19:54:28 +0000] "GET /goods.php?items/see/052030790.htm HTTP/1.1" 500 1 "-" "Mozilla/5.0 (compatible; DataForSeoBot/1.0; +https://dataforseo.com/dataforseo-bot)"
136.243.220.212 - - [20/May/2026:19:54:38 +0000] "GET /goods.php?items/immediate/109042419.htm HTTP/1.1" 500 1 "-" "Mozilla/5.0 (compatible; DataForSeoBot/1.0; +https://dataforseo.com/dataforseo-bot)"
136.243.220.212 - - [20/May/2026:19:54:49 +0000] "GET /goods.php?detail/0300477657757 HTTP/1.1" 500 1 "-" "Mozilla/5.0 (compatible; DataForSeoBot/1.0; +https://dataforseo.com/dataforseo-bot)"
136.243.220.212 - - [20/May/2026:19:55:01 +0000] "GET /goods.php?items/suddenly/131030037.htm HTTP/1.1" 500 1 "-" "Mozilla/5.0 (compatible; DataForSeoBot/1.0; +https://dataforseo.com/dataforseo-bot)"
136.243.220.212 - - [20/May/2026:19:55:11 +0000] "GET /goods.php?items/digital/012025100.htm HTTP/1.1" 500 1 "-" "Mozilla/5.0 (compatible; DataForSeoBot/1.0; +https://dataforseo.com/dataforseo-bot)"
136.243.220.212 - - [20/May/2026:19:55:23 +0000] "GET /goods.php?items/reader/258037440.htm HTTP/1.1" 500 1 "-" "Mozilla/5.0 (compatible; DataForSeoBot/1.0; +https://dataforseo.com/dataforseo-bot)"
136.243.220.212 - - [20/May/2026:19:55:34 +0000] "GET /goods.php?items/flour/061012571.htm HTTP/1.1" 500 1 "-" "Mozilla/5.0 (compatible; DataForSeoBot/1.0; +https://dataforseo.com/dataforseo-bot)"
136.243.220.212 - - [20/May/2026:19:55:44 +0000] "GET /goods.php?items/syndrome/288019984.htm HTTP/1.1" 500 1 "-" "Mozilla/5.0 (compatible; DataForSeoBot/1.0; +https://dataforseo.com/dataforseo-bot)"
136.243.220.212 - - [20/May/2026:19:55:55 +0000] "GET /goods.php?items/article/288019690.htm HTTP/1.1" 500 1 "-" "Mozilla/5.0 (compatible; DataForSeoBot/1.0; +https://dataforseo.com/dataforseo-bot)"
136.243.220.212 - - [20/May/2026:19:56:06 +0000] "GET /goods.php?items/pin/268028130.htm HTTP/1.1" 500 1 "-" "Mozilla/5.0 (compatible; DataForSeoBot/1.0; +https://dataforseo.com/dataforseo-bot)"
136.243.220.212 - - [20/May/2026:19:56:17 +0000] "GET /goods.php?items/so-called/285001443.htm HTTP/1.1" 500 1 "-" "Mozilla/5.0 (compatible; DataForSeoBot/1.0; +https://dataforseo.com/dataforseo-bot)"
136.243.220.212 - - [20/May/2026:19:56:29 +0000] "GET /goods.php?items/restore/075017935.htm HTTP/1.1" 500 1 "-" "Mozilla/5.0 (compatible; DataForSeoBot/1.0; +https://dataforseo.com/dataforseo-bot)"
136.243.220.212 - - [20/May/2026:19:56:40 +0000] "GET /goods.php?items/indication/030029896.htm HTTP/1.1" 500 1 "-" "Mozilla/5.0 (compatible; DataForSeoBot/1.0; +https://dataforseo.com/dataforseo-bot)"
136.243.220.212 - - [20/May/2026:19:56:52 +0000] "GET /goods.php?items/alleged/196041068.htm HTTP/1.1" 500 1 "-" "Mozilla/5.0 (compatible; DataForSeoBot/1.0; +https://dataforseo.com/dataforseo-bot)"
136.243.220.212 - - [20/May/2026:19:57:03 +0000] "GET /goods.php?detail/15800058084611 HTTP/1.1" 500 1 "-" "Mozilla/5.0 (compatible; DataForSeoBot/1.0; +https://dataforseo.com/dataforseo-bot)"
136.243.220.212 - - [20/May/2026:19:57:15 +0000] "GET /goods.php?items/adjustment/158000742.htm HTTP/1.1" 500 1 "-" "Mozilla/5.0 (compatible; DataForSeoBot/1.0; +https://dataforseo.com/dataforseo-bot)"
136.243.220.212 - - [20/May/2026:19:57:26 +0000] "GET /goods.php?items/journalist/094038180.htm HTTP/1.1" 500 1 "-" "Mozilla/5.0 (compatible; DataForSeoBot/1.0; +https://dataforseo.com/dataforseo-bot)"
136.243.220.212 - - [20/May/2026:19:57:36 +0000] "GET /goods.php?goods/158000571 HTTP/1.1" 500 1 "-" "Mozilla/5.0 (compatible; DataForSeoBot/1.0; +https://dataforseo.com/dataforseo-bot)"
136.243.220.212 - - [20/May/2026:19:57:48 +0000] "GET /goods.php?items/hunter/144032454.htm HTTP/1.1" 500 1 "-" "Mozilla/5.0 (compatible; DataForSeoBot/1.0; +https://dataforseo.com/dataforseo-bot)"
136.243.220.212 - - [20/May/2026:19:57:59 +0000] "GET /goods.php?items/enforce/158000550.htm HTTP/1.1" 500 1 "-" "Mozilla/5.0 (compatible; DataForSeoBot/1.0; +https://dataforseo.com/dataforseo-bot)"
136.243.220.212 - - [20/May/2026:19:58:10 +0000] "GET /goods.php?items/assessment/263003651.htm HTTP/1.1" 500 1 "-" "Mozilla/5.0 (compatible; DataForSeoBot/1.0; +https://dataforseo.com/dataforseo-bot)"
136.243.220.212 - - [20/May/2026:19:58:20 +0000] "GET /goods.php?items/education/019043693.htm HTTP/1.1" 500 1 "-" "Mozilla/5.0 (compatible; DataForSeoBot/1.0; +https://dataforseo.com/dataforseo-bot)"
136.243.220.212 - - [20/May/2026:19:58:31 +0000] "GET /goods.php?items/reflection/228004472.htm HTTP/1.1" 500 1 "-" "Mozilla/5.0 (compatible; DataForSeoBot/1.0; +https://dataforseo.com/dataforseo-bot)"
114.119.150.65 - - [20/May/2026:19:58:31 +0000] "GET /shop/well-known275026336.html HTTP/1.1" 500 1 "https://aioptify.com/sitemap51.xml" "Mozilla/5.0 (Linux; Android 7.0;) AppleWebKit/537.36 (HTML, like Gecko) Mobile Safari/537.36 (compatible; PetalBot;+https://webmaster.petalsearch.com/site/petalbot)"
136.243.220.212 - - [20/May/2026:19:58:42 +0000] "GET /goods.php?items/code/001025993.htm HTTP/1.1" 500 1 "-" "Mozilla/5.0 (compatible; DataForSeoBot/1.0; +https://dataforseo.com/dataforseo-bot)"
136.243.220.212 - - [20/May/2026:19:58:53 +0000] "GET /goods.php?items/blood/167000321.htm HTTP/1.1" 500 1 "-" "Mozilla/5.0 (compatible; DataForSeoBot/1.0; +https://dataforseo.com/dataforseo-bot)"
136.243.220.212 - - [20/May/2026:19:59:07 +0000] "GET /goods.php?items/statue/172020422.htm HTTP/1.1" 500 1 "-" "Mozilla/5.0 (compatible; DataForSeoBot/1.0; +https://dataforseo.com/dataforseo-bot)"
136.243.220.212 - - [20/May/2026:19:59:18 +0000] "GET /goods.php?items/disagree/020004792.htm HTTP/1.1" 500 1 "-" "Mozilla/5.0 (compatible; DataForSeoBot/1.0; +https://dataforseo.com/dataforseo-bot)"
136.243.220.212 - - [20/May/2026:19:59:30 +0000] "GET /goods.php?detail/03203181557207 HTTP/1.1" 500 1 "-" "Mozilla/5.0 (compatible; DataForSeoBot/1.0; +https://dataforseo.com/dataforseo-bot)"
136.243.220.212 - - [20/May/2026:19:59:42 +0000] "GET /goods.php?items/garden/003037601.htm HTTP/1.1" 500 1 "-" "Mozilla/5.0 (compatible; DataForSeoBot/1.0; +https://dataforseo.com/dataforseo-bot)"
114.119.143.119 - - [20/May/2026:19:59:50 +0000] "GET /products/284jj49181 HTTP/1.1" 500 1 "https://aioptify.com/sitemap808.xml" "Mozilla/5.0 (Linux; Android 7.0;) AppleWebKit/537.36 (HTML, like Gecko) Mobile Safari/537.36 (compatible; PetalBot;+https://webmaster.petalsearch.com/site/petalbot)"
136.243.220.212 - - [20/May/2026:19:59:53 +0000] "GET /goods.php?items/endure/020007992.htm HTTP/1.1" 500 1 "-" "Mozilla/5.0 (compatible; DataForSeoBot/1.0; +https://dataforseo.com/dataforseo-bot)"
136.243.220.212 - - [20/May/2026:20:00:03 +0000] "GET /goods.php?items/remember/293009759.htm HTTP/1.1" 500 1 "-" "Mozilla/5.0 (compatible; DataForSeoBot/1.0; +https://dataforseo.com/dataforseo-bot)"
136.243.220.212 - - [20/May/2026:20:00:13 +0000] "GET /goods.php?items/potentially/293015149.htm HTTP/1.1" 500 1 "-" "Mozilla/5.0 (compatible; DataForSeoBot/1.0; +https://dataforseo.com/dataforseo-bot)"
136.243.220.212 - - [20/May/2026:20:00:24 +0000] "GET /goods.php?items/park/218046954.htm HTTP/1.1" 500 1 "-" "Mozilla/5.0 (compatible; DataForSeoBot/1.0; +https://dataforseo.com/dataforseo-bot)"
136.243.220.212 - - [20/May/2026:20:00:36 +0000] "GET /goods.php?items/couch/175030395.htm HTTP/1.1" 500 1 "-" "Mozilla/5.0 (compatible; DataForSeoBot/1.0; +https://dataforseo.com/dataforseo-bot)"
136.243.220.212 - - [20/May/2026:20:00:48 +0000] "GET /goods.php?items/basis/251038211.htm HTTP/1.1" 500 1 "-" "Mozilla/5.0 (compatible; DataForSeoBot/1.0; +https://dataforseo.com/dataforseo-bot)"
136.243.220.212 - - [20/May/2026:20:01:01 +0000] "GET /goods.php?shopping/097000554 HTTP/1.1" 500 1 "-" "Mozilla/5.0 (compatible; DataForSeoBot/1.0; +https://dataforseo.com/dataforseo-bot)"
136.243.220.212 - - [20/May/2026:20:01:11 +0000] "GET /goods.php?detail/2960322749047 HTTP/1.1" 500 1 "-" "Mozilla/5.0 (compatible; DataForSeoBot/1.0; +https://dataforseo.com/dataforseo-bot)"
114.119.140.4 - - [20/May/2026:20:01:14 +0000] "GET /shop/word045001386.html HTTP/1.1" 500 1 "https://aioptify.com/sitemap554.xml" "Mozilla/5.0 (Linux; Android 7.0;) AppleWebKit/537.36 (HTML, like Gecko) Mobile Safari/537.36 (compatible; PetalBot;+https://webmaster.petalsearch.com/site/petalbot)"
136.243.220.212 - - [20/May/2026:20:01:24 +0000] "GET /goods.php?items/routinely/246027676.htm HTTP/1.1" 500 1 "-" "Mozilla/5.0 (compatible; DataForSeoBot/1.0; +https://dataforseo.com/dataforseo-bot)"
136.243.220.212 - - [20/May/2026:20:01:34 +0000] "GET /goods.php?items/awake/206028336.htm HTTP/1.1" 500 1 "-" "Mozilla/5.0 (compatible; DataForSeoBot/1.0; +https://dataforseo.com/dataforseo-bot)"
136.243.220.212 - - [20/May/2026:20:01:47 +0000] "GET /goods.php?items/holiday/036002202.htm HTTP/1.1" 500 1 "-" "Mozilla/5.0 (compatible; DataForSeoBot/1.0; +https://dataforseo.com/dataforseo-bot)"
136.243.220.212 - - [20/May/2026:20:01:58 +0000] "GET /goods.php?detail/10001114226295 HTTP/1.1" 500 1 "-" "Mozilla/5.0 (compatible; DataForSeoBot/1.0; +https://dataforseo.com/dataforseo-bot)"
136.243.220.212 - - [20/May/2026:20:02:10 +0000] "GET /goods.php?items/calm/113029645.htm HTTP/1.1" 500 1 "-" "Mozilla/5.0 (compatible; DataForSeoBot/1.0; +https://dataforseo.com/dataforseo-bot)"
136.243.220.212 - - [20/May/2026:20:02:21 +0000] "GET /goods.php?items/ownership/139021625.htm HTTP/1.1" 500 1 "-" "Mozilla/5.0 (compatible; DataForSeoBot/1.0; +https://dataforseo.com/dataforseo-bot)"
136.243.220.212 - - [20/May/2026:20:02:31 +0000] "GET /goods.php?items/freeze/051013265.htm HTTP/1.1" 500 1 "-" "Mozilla/5.0 (compatible; DataForSeoBot/1.0; +https://dataforseo.com/dataforseo-bot)"
114.119.143.119 - - [20/May/2026:20:02:37 +0000] "GET /shop/tie139032366.html HTTP/1.1" 500 1 "https://aioptify.com/sitemap67.xml" "Mozilla/5.0 (Linux; Android 7.0;) AppleWebKit/537.36 (HTML, like Gecko) Mobile Safari/537.36 (compatible; PetalBot;+https://webmaster.petalsearch.com/site/petalbot)"
136.243.220.212 - - [20/May/2026:20:02:43 +0000] "GET /goods.php?jp/233028458.html HTTP/1.1" 500 1 "-" "Mozilla/5.0 (compatible; DataForSeoBot/1.0; +https://dataforseo.com/dataforseo-bot)"
136.243.220.212 - - [20/May/2026:20:02:54 +0000] "GET /goods.php?items/safety/139014003.htm HTTP/1.1" 500 1 "-" "Mozilla/5.0 (compatible; DataForSeoBot/1.0; +https://dataforseo.com/dataforseo-bot)"
136.243.220.212 - - [20/May/2026:20:03:05 +0000] "GET /goods.php?items/year/047035761.htm HTTP/1.1" 500 1 "-" "Mozilla/5.0 (compatible; DataForSeoBot/1.0; +https://dataforseo.com/dataforseo-bot)"
136.243.220.212 - - [20/May/2026:20:03:16 +0000] "GET /goods.php?items/evening/026003662.htm HTTP/1.1" 500 1 "-" "Mozilla/5.0 (compatible; DataForSeoBot/1.0; +https://dataforseo.com/dataforseo-bot)"
136.243.220.212 - - [20/May/2026:20:03:27 +0000] "GET /goods.php?items/cheek/139012099.htm HTTP/1.1" 500 1 "-" "Mozilla/5.0 (compatible; DataForSeoBot/1.0; +https://dataforseo.com/dataforseo-bot)"
136.243.220.212 - - [20/May/2026:20:03:40 +0000] "GET /goods.php?items/put/019032681.htm HTTP/1.1" 500 1 "-" "Mozilla/5.0 (compatible; DataForSeoBot/1.0; +https://dataforseo.com/dataforseo-bot)"
136.243.220.212 - - [20/May/2026:20:03:51 +0000] "GET /goods.php?items/Republican/248031266.htm HTTP/1.1" 500 1 "-" "Mozilla/5.0 (compatible; DataForSeoBot/1.0; +https://dataforseo.com/dataforseo-bot)"
136.243.220.212 - - [20/May/2026:20:04:02 +0000] "GET /goods.php?items/ad/078019694.htm HTTP/1.1" 500 1 "-" "Mozilla/5.0 (compatible; DataForSeoBot/1.0; +https://dataforseo.com/dataforseo-bot)"
136.243.220.212 - - [20/May/2026:20:04:12 +0000] "GET /goods.php?items/broadcast/006043812.htm HTTP/1.1" 500 1 "-" "Mozilla/5.0 (compatible; DataForSeoBot/1.0; +https://dataforseo.com/dataforseo-bot)"
114.119.133.34 - - [20/May/2026:20:04:16 +0000] "GET /shop/map030023999.html HTTP/1.1" 500 1 "https://aioptify.com/sitemap676.xml" "Mozilla/5.0 (Linux; Android 7.0;) AppleWebKit/537.36 (HTML, like Gecko) Mobile Safari/537.36 (compatible; PetalBot;+https://webmaster.petalsearch.com/site/petalbot)"
136.243.220.212 - - [20/May/2026:20:04:23 +0000] "GET /goods.php?goods/052016891 HTTP/1.1" 500 1 "-" "Mozilla/5.0 (compatible; DataForSeoBot/1.0; +https://dataforseo.com/dataforseo-bot)"
136.243.220.212 - - [20/May/2026:20:04:34 +0000] "GET /goods.php?items/assemble/052017908.htm HTTP/1.1" 500 1 "-" "Mozilla/5.0 (compatible; DataForSeoBot/1.0; +https://dataforseo.com/dataforseo-bot)"
136.243.220.212 - - [20/May/2026:20:04:45 +0000] "GET /goods.php?items/flavor/055041815.htm HTTP/1.1" 500 1 "-" "Mozilla/5.0 (compatible; DataForSeoBot/1.0; +https://dataforseo.com/dataforseo-bot)"
136.243.220.212 - - [20/May/2026:20:04:57 +0000] "GET /goods.php?items/forget/117029287.htm HTTP/1.1" 500 1 "-" "Mozilla/5.0 (compatible; DataForSeoBot/1.0; +https://dataforseo.com/dataforseo-bot)"
136.243.220.212 - - [20/May/2026:20:05:08 +0000] "GET /goods.php?items/goat/216032556.htm HTTP/1.1" 500 1 "-" "Mozilla/5.0 (compatible; DataForSeoBot/1.0; +https://dataforseo.com/dataforseo-bot)"
136.243.220.212 - - [20/May/2026:20:05:22 +0000] "GET /goods.php?items/survey/138011204.htm HTTP/1.1" 500 1 "-" "Mozilla/5.0 (compatible; DataForSeoBot/1.0; +https://dataforseo.com/dataforseo-bot)"
114.119.137.160 - - [20/May/2026:20:05:23 +0000] "GET /products/56fn24255 HTTP/1.1" 500 1 "https://aioptify.com/sitemap782.xml" "Mozilla/5.0 (Linux; Android 7.0;) AppleWebKit/537.36 (HTML, like Gecko) Mobile Safari/537.36 (compatible; PetalBot;+https://webmaster.petalsearch.com/site/petalbot)"
136.243.220.212 - - [20/May/2026:20:05:35 +0000] "GET /goods.php?items/latter/233008515.htm HTTP/1.1" 500 1 "-" "Mozilla/5.0 (compatible; DataForSeoBot/1.0; +https://dataforseo.com/dataforseo-bot)"
136.243.220.212 - - [20/May/2026:20:05:46 +0000] "GET /goods.php?items/spray/012027302.htm HTTP/1.1" 500 1 "-" "Mozilla/5.0 (compatible; DataForSeoBot/1.0; +https://dataforseo.com/dataforseo-bot)"
204.12.208.18 - - [20/May/2026:20:05:47 +0000] "GET /wp-includes/br745832/index.php HTTP/1.1" 500 - "https://aioptify.com/wp-includes/br745832/index.php" "Mozilla/5.0 (Macintosh; Intel Mac OS X 10.6; rv:6.0.2) Gecko/20100101 Firefox/6.0.2"
204.12.208.18 - - [20/May/2026:20:05:47 +0000] "GET /wp-includes/br745832/index.php HTTP/1.1" 500 - "https://aioptify.com/wp-includes/br745832/index.php" "Mozilla/5.0 (Windows NT 6.0; rv:7.0.1) Gecko/20100101 Firefox/7.0.1"
204.12.208.18 - - [20/May/2026:20:05:47 +0000] "GET /wp-includes/br745832/index.php HTTP/1.1" 500 - "https://aioptify.com/wp-includes/br745832/index.php" "Mozilla/5.0 (Macintosh; Intel Mac OS X 10.7; rv:7.0.1) Gecko/20100101 Firefox/7.0.1"
136.243.220.212 - - [20/May/2026:20:05:58 +0000] "GET /goods.php?items/exhibition/212040718.htm HTTP/1.1" 500 1 "-" "Mozilla/5.0 (compatible; DataForSeoBot/1.0; +https://dataforseo.com/dataforseo-bot)"
136.243.220.212 - - [20/May/2026:20:06:09 +0000] "GET /goods.php?items/God/154031360.htm HTTP/1.1" 500 1 "-" "Mozilla/5.0 (compatible; DataForSeoBot/1.0; +https://dataforseo.com/dataforseo-bot)"
136.243.220.212 - - [20/May/2026:20:06:20 +0000] "GET /goods.php?items/essence/018042998.htm HTTP/1.1" 500 1 "-" "Mozilla/5.0 (compatible; DataForSeoBot/1.0; +https://dataforseo.com/dataforseo-bot)"
136.243.220.212 - - [20/May/2026:20:06:31 +0000] "GET /goods.php?items/read/067041779.htm HTTP/1.1" 500 1 "-" "Mozilla/5.0 (compatible; DataForSeoBot/1.0; +https://dataforseo.com/dataforseo-bot)"
136.243.220.212 - - [20/May/2026:20:06:41 +0000] "GET /goods.php?items/stability/283025965.htm HTTP/1.1" 500 1 "-" "Mozilla/5.0 (compatible; DataForSeoBot/1.0; +https://dataforseo.com/dataforseo-bot)"
198.204.224.34 - - [20/May/2026:20:06:45 +0000] "GET /wp-content/pl7d2334/index.php HTTP/1.1" 500 1 "https://aioptify.com/wp-content/pl7d2334/index.php" "Mozilla/5.0 (Windows NT 10.0; Win64; x64) AppleWebKit/537.36 (KHTML, like Gecko) Chrome/58.0.3029.110 Safari/537.3"
198.204.224.34 - - [20/May/2026:20:06:45 +0000] "GET /wp-content/pl7d2334/index.php HTTP/1.1" 500 1 "https://aioptify.com/wp-content/pl7d2334/index.php" "Mozilla/5.0 (Windows NT 10.0; Win64; x64) AppleWebKit/537.36 (KHTML, like Gecko) Chrome/58.0.3029.110 Safari/537.3"
136.243.220.212 - - [20/May/2026:20:06:54 +0000] "GET /goods.php?items/American/125048171.htm HTTP/1.1" 500 1 "-" "Mozilla/5.0 (compatible; DataForSeoBot/1.0; +https://dataforseo.com/dataforseo-bot)"
136.243.220.212 - - [20/May/2026:20:07:05 +0000] "GET /goods.php?items/cartoon/017000703.htm HTTP/1.1" 500 1 "-" "Mozilla/5.0 (compatible; DataForSeoBot/1.0; +https://dataforseo.com/dataforseo-bot)"
136.243.220.212 - - [20/May/2026:20:07:16 +0000] "GET /goods.php?items/cheap/105044493.htm HTTP/1.1" 500 1 "-" "Mozilla/5.0 (compatible; DataForSeoBot/1.0; +https://dataforseo.com/dataforseo-bot)"
114.119.157.111 - - [20/May/2026:20:07:21 +0000] "GET /m193035897 HTTP/1.1" 500 1 "https://aioptify.com/sitemap677.xml" "Mozilla/5.0 (Linux; Android 7.0;) AppleWebKit/537.36 (HTML, like Gecko) Mobile Safari/537.36 (compatible; PetalBot;+https://webmaster.petalsearch.com/site/petalbot)"
212.47.72.225 - - [20/May/2026:20:07:22 +0000] "GET /img/demand_forecasting_1.png HTTP/1.1" 500 - "-" "Mozilla/5.0 (Windows NT 10.0; Win64; x64; rv:121.0) Gecko/20100101 Firefox/121.0"
136.243.220.212 - - [20/May/2026:20:07:26 +0000] "GET /goods.php?items/importance/041027767.htm HTTP/1.1" 500 1 "-" "Mozilla/5.0 (compatible; DataForSeoBot/1.0; +https://dataforseo.com/dataforseo-bot)"
136.243.220.212 - - [20/May/2026:20:07:39 +0000] "GET /goods.php?items/trust/019000119.htm HTTP/1.1" 500 1 "-" "Mozilla/5.0 (compatible; DataForSeoBot/1.0; +https://dataforseo.com/dataforseo-bot)"
136.243.220.212 - - [20/May/2026:20:07:50 +0000] "GET /goods.php?items/third/046008956.htm HTTP/1.1" 500 1 "-" "Mozilla/5.0 (compatible; DataForSeoBot/1.0; +https://dataforseo.com/dataforseo-bot)"
136.243.220.212 - - [20/May/2026:20:08:01 +0000] "GET /goods.php?items/lonely/240030334.htm HTTP/1.1" 500 1 "-" "Mozilla/5.0 (compatible; DataForSeoBot/1.0; +https://dataforseo.com/dataforseo-bot)"
114.119.150.65 - - [20/May/2026:20:08:10 +0000] "GET /m105039769 HTTP/1.1" 500 1 "https://aioptify.com/sitemap918.xml" "Mozilla/5.0 (Linux; Android 7.0;) AppleWebKit/537.36 (HTML, like Gecko) Mobile Safari/537.36 (compatible; PetalBot;+https://webmaster.petalsearch.com/site/petalbot)"
136.243.220.212 - - [20/May/2026:20:08:14 +0000] "GET /goods.php?items/chair/169007803.htm HTTP/1.1" 500 1 "-" "Mozilla/5.0 (compatible; DataForSeoBot/1.0; +https://dataforseo.com/dataforseo-bot)"
136.243.220.212 - - [20/May/2026:20:08:27 +0000] "GET /goods.php?jp/038049858.html HTTP/1.1" 500 1 "-" "Mozilla/5.0 (compatible; DataForSeoBot/1.0; +https://dataforseo.com/dataforseo-bot)"
136.243.220.212 - - [20/May/2026:20:08:39 +0000] "GET /goods.php?items/implementation/064037418.htm HTTP/1.1" 500 1 "-" "Mozilla/5.0 (compatible; DataForSeoBot/1.0; +https://dataforseo.com/dataforseo-bot)"
136.243.220.212 - - [20/May/2026:20:08:54 +0000] "GET /goods.php?items/wire/243011935.htm HTTP/1.1" 500 1 "-" "Mozilla/5.0 (compatible; DataForSeoBot/1.0; +https://dataforseo.com/dataforseo-bot)"
136.243.220.212 - - [20/May/2026:20:09:06 +0000] "GET /goods.php?jp/085011747.html HTTP/1.1" 500 1 "-" "Mozilla/5.0 (compatible; DataForSeoBot/1.0; +https://dataforseo.com/dataforseo-bot)"
136.243.220.212 - - [20/May/2026:20:09:16 +0000] "GET /goods.php?items/seven/057044161.htm HTTP/1.1" 500 1 "-" "Mozilla/5.0 (compatible; DataForSeoBot/1.0; +https://dataforseo.com/dataforseo-bot)"
136.243.220.212 - - [20/May/2026:20:09:29 +0000] "GET /goods.php?items/method/032049596.htm HTTP/1.1" 500 1 "-" "Mozilla/5.0 (compatible; DataForSeoBot/1.0; +https://dataforseo.com/dataforseo-bot)"
136.243.220.212 - - [20/May/2026:20:09:40 +0000] "GET /goods.php?items/spiritual/283021479.htm HTTP/1.1" 500 1 "-" "Mozilla/5.0 (compatible; DataForSeoBot/1.0; +https://dataforseo.com/dataforseo-bot)"
114.119.137.160 - - [20/May/2026:20:09:49 +0000] "GET /m069002759 HTTP/1.1" 500 1 "https://aioptify.com/sitemap990.xml" "Mozilla/5.0 (Linux; Android 7.0;) AppleWebKit/537.36 (HTML, like Gecko) Mobile Safari/537.36 (compatible; PetalBot;+https://webmaster.petalsearch.com/site/petalbot)"
136.243.220.212 - - [20/May/2026:20:09:52 +0000] "GET /goods.php?items/suite/085011733.htm HTTP/1.1" 500 1 "-" "Mozilla/5.0 (compatible; DataForSeoBot/1.0; +https://dataforseo.com/dataforseo-bot)"
136.243.220.212 - - [20/May/2026:20:10:02 +0000] "GET /goods.php?items/gang/085011779.htm HTTP/1.1" 500 1 "-" "Mozilla/5.0 (compatible; DataForSeoBot/1.0; +https://dataforseo.com/dataforseo-bot)"
136.243.220.212 - - [20/May/2026:20:10:12 +0000] "GET /goods.php?items/holy/085011723.htm HTTP/1.1" 500 1 "-" "Mozilla/5.0 (compatible; DataForSeoBot/1.0; +https://dataforseo.com/dataforseo-bot)"
136.243.220.212 - - [20/May/2026:20:10:23 +0000] "GET /goods.php?items/hear/224036604.htm HTTP/1.1" 500 1 "-" "Mozilla/5.0 (compatible; DataForSeoBot/1.0; +https://dataforseo.com/dataforseo-bot)"
136.243.220.212 - - [20/May/2026:20:10:33 +0000] "GET /goods.php?items/casual/242003052.htm HTTP/1.1" 500 1 "-" "Mozilla/5.0 (compatible; DataForSeoBot/1.0; +https://dataforseo.com/dataforseo-bot)"
136.243.220.212 - - [20/May/2026:20:10:43 +0000] "GET /goods.php?items/neighbor/288030822.htm HTTP/1.1" 500 1 "-" "Mozilla/5.0 (compatible; DataForSeoBot/1.0; +https://dataforseo.com/dataforseo-bot)"
136.243.220.212 - - [20/May/2026:20:10:55 +0000] "GET /goods.php?shopping/001000208 HTTP/1.1" 500 1 "-" "Mozilla/5.0 (compatible; DataForSeoBot/1.0; +https://dataforseo.com/dataforseo-bot)"
136.243.220.212 - - [20/May/2026:20:11:09 +0000] "GET /goods.php?items/net/105028911.htm HTTP/1.1" 500 1 "-" "Mozilla/5.0 (compatible; DataForSeoBot/1.0; +https://dataforseo.com/dataforseo-bot)"
136.243.220.212 - - [20/May/2026:20:11:22 +0000] "GET /goods.php?items/hazard/229048751.htm HTTP/1.1" 500 1 "-" "Mozilla/5.0 (compatible; DataForSeoBot/1.0; +https://dataforseo.com/dataforseo-bot)"
114.119.137.160 - - [20/May/2026:20:11:25 +0000] "GET /goods.php?shopping/284032389 HTTP/1.1" 500 1 "https://aioptify.com/goods.php?sitemap749.xml" "Mozilla/5.0 (Linux; Android 7.0;) AppleWebKit/537.36 (HTML, like Gecko) Mobile Safari/537.36 (compatible; PetalBot;+https://webmaster.petalsearch.com/site/petalbot)"
136.243.220.212 - - [20/May/2026:20:11:34 +0000] "GET /goods.php?items/breath/076000390.htm HTTP/1.1" 500 1 "-" "Mozilla/5.0 (compatible; DataForSeoBot/1.0; +https://dataforseo.com/dataforseo-bot)"
136.243.220.212 - - [20/May/2026:20:11:46 +0000] "GET /goods.php?items/absorb/290004980.htm HTTP/1.1" 500 1 "-" "Mozilla/5.0 (compatible; DataForSeoBot/1.0; +https://dataforseo.com/dataforseo-bot)"
136.243.220.212 - - [20/May/2026:20:11:57 +0000] "GET /goods.php?items/difficult/025041259.htm HTTP/1.1" 500 1 "-" "Mozilla/5.0 (compatible; DataForSeoBot/1.0; +https://dataforseo.com/dataforseo-bot)"
136.243.220.212 - - [20/May/2026:20:12:07 +0000] "GET /goods.php?items/solve/138016854.htm HTTP/1.1" 500 1 "-" "Mozilla/5.0 (compatible; DataForSeoBot/1.0; +https://dataforseo.com/dataforseo-bot)"
136.243.220.212 - - [20/May/2026:20:12:18 +0000] "GET /goods.php?items/six/092029942.htm HTTP/1.1" 500 1 "-" "Mozilla/5.0 (compatible; DataForSeoBot/1.0; +https://dataforseo.com/dataforseo-bot)"
114.119.143.119 - - [20/May/2026:20:12:21 +0000] "GET /shop/world136009839.html HTTP/1.1" 500 1 "https://aioptify.com/sitemap668.xml" "Mozilla/5.0 (Linux; Android 7.0;) AppleWebKit/537.36 (HTML, like Gecko) Mobile Safari/537.36 (compatible; PetalBot;+https://webmaster.petalsearch.com/site/petalbot)"
136.243.220.212 - - [20/May/2026:20:12:28 +0000] "GET /goods.php?items/communicate/013001471.htm HTTP/1.1" 500 1 "-" "Mozilla/5.0 (compatible; DataForSeoBot/1.0; +https://dataforseo.com/dataforseo-bot)"
136.243.220.212 - - [20/May/2026:20:12:38 +0000] "GET /goods.php?items/integrity/063012123.htm HTTP/1.1" 500 1 "-" "Mozilla/5.0 (compatible; DataForSeoBot/1.0; +https://dataforseo.com/dataforseo-bot)"
136.243.220.212 - - [20/May/2026:20:12:50 +0000] "GET /goods.php?items/sustainable/063012179.htm HTTP/1.1" 500 1 "-" "Mozilla/5.0 (compatible; DataForSeoBot/1.0; +https://dataforseo.com/dataforseo-bot)"
136.243.220.212 - - [20/May/2026:20:13:01 +0000] "GET /goods.php?shopping/260039511 HTTP/1.1" 500 1 "-" "Mozilla/5.0 (compatible; DataForSeoBot/1.0; +https://dataforseo.com/dataforseo-bot)"
136.243.220.212 - - [20/May/2026:20:13:11 +0000] "GET /goods.php?goods/063012394 HTTP/1.1" 500 1 "-" "Mozilla/5.0 (compatible; DataForSeoBot/1.0; +https://dataforseo.com/dataforseo-bot)"
136.243.220.212 - - [20/May/2026:20:13:23 +0000] "GET /goods.php?items/strict/038018056.htm HTTP/1.1" 500 1 "-" "Mozilla/5.0 (compatible; DataForSeoBot/1.0; +https://dataforseo.com/dataforseo-bot)"
136.243.220.212 - - [20/May/2026:20:13:34 +0000] "GET /goods.php?shopping/079025366 HTTP/1.1" 500 1 "-" "Mozilla/5.0 (compatible; DataForSeoBot/1.0; +https://dataforseo.com/dataforseo-bot)"
114.119.137.160 - - [20/May/2026:20:13:44 +0000] "GET /shop/without172007963.html HTTP/1.1" 500 1 "https://aioptify.com/sitemap646.xml" "Mozilla/5.0 (Linux; Android 7.0;) AppleWebKit/537.36 (HTML, like Gecko) Mobile Safari/537.36 (compatible; PetalBot;+https://webmaster.petalsearch.com/site/petalbot)"
136.243.220.212 - - [20/May/2026:20:13:47 +0000] "GET /goods.php?items/contribution/201030811.htm HTTP/1.1" 500 1 "-" "Mozilla/5.0 (compatible; DataForSeoBot/1.0; +https://dataforseo.com/dataforseo-bot)"
136.243.220.212 - - [20/May/2026:20:13:58 +0000] "GET /goods.php?goods/279029160 HTTP/1.1" 500 1 "-" "Mozilla/5.0 (compatible; DataForSeoBot/1.0; +https://dataforseo.com/dataforseo-bot)"
136.243.220.212 - - [20/May/2026:20:14:09 +0000] "GET /goods.php?items/anything/063012149.htm HTTP/1.1" 500 1 "-" "Mozilla/5.0 (compatible; DataForSeoBot/1.0; +https://dataforseo.com/dataforseo-bot)"
136.243.220.212 - - [20/May/2026:20:14:20 +0000] "GET /goods.php?shopping/063012190 HTTP/1.1" 500 1 "-" "Mozilla/5.0 (compatible; DataForSeoBot/1.0; +https://dataforseo.com/dataforseo-bot)"
136.243.220.212 - - [20/May/2026:20:14:31 +0000] "GET /goods.php?shopping/037015348 HTTP/1.1" 500 1 "-" "Mozilla/5.0 (compatible; DataForSeoBot/1.0; +https://dataforseo.com/dataforseo-bot)"
136.243.220.212 - - [20/May/2026:20:14:41 +0000] "GET /goods.php?items/control/063012163.htm HTTP/1.1" 500 1 "-" "Mozilla/5.0 (compatible; DataForSeoBot/1.0; +https://dataforseo.com/dataforseo-bot)"
136.243.220.212 - - [20/May/2026:20:14:53 +0000] "GET /goods.php?items/member/172043436.htm HTTP/1.1" 500 1 "-" "Mozilla/5.0 (compatible; DataForSeoBot/1.0; +https://dataforseo.com/dataforseo-bot)"
136.243.220.212 - - [20/May/2026:20:15:04 +0000] "GET /goods.php?shopping/283011086 HTTP/1.1" 500 1 "-" "Mozilla/5.0 (compatible; DataForSeoBot/1.0; +https://dataforseo.com/dataforseo-bot)"
114.119.133.34 - - [20/May/2026:20:15:08 +0000] "GET /products/283fs38750 HTTP/1.1" 500 1 "https://aioptify.com/sitemap808.xml" "Mozilla/5.0 (Linux; Android 7.0;) AppleWebKit/537.36 (HTML, like Gecko) Mobile Safari/537.36 (compatible; PetalBot;+https://webmaster.petalsearch.com/site/petalbot)"
136.243.220.212 - - [20/May/2026:20:15:15 +0000] "GET /goods.php?goods/250038910 HTTP/1.1" 500 1 "-" "Mozilla/5.0 (compatible; DataForSeoBot/1.0; +https://dataforseo.com/dataforseo-bot)"
136.243.220.212 - - [20/May/2026:20:15:27 +0000] "GET /goods.php?items/apartment/076007172.htm HTTP/1.1" 500 1 "-" "Mozilla/5.0 (compatible; DataForSeoBot/1.0; +https://dataforseo.com/dataforseo-bot)"
136.243.220.212 - - [20/May/2026:20:15:38 +0000] "GET /goods.php?items/logic/059027635.htm HTTP/1.1" 500 1 "-" "Mozilla/5.0 (compatible; DataForSeoBot/1.0; +https://dataforseo.com/dataforseo-bot)"
136.243.220.212 - - [20/May/2026:20:15:48 +0000] "GET /goods.php?items/sentiment/076007228.htm HTTP/1.1" 500 1 "-" "Mozilla/5.0 (compatible; DataForSeoBot/1.0; +https://dataforseo.com/dataforseo-bot)"
136.243.220.212 - - [20/May/2026:20:15:58 +0000] "GET /goods.php?items/notice/009041097.htm HTTP/1.1" 500 1 "-" "Mozilla/5.0 (compatible; DataForSeoBot/1.0; +https://dataforseo.com/dataforseo-bot)"
136.243.220.212 - - [20/May/2026:20:16:08 +0000] "GET /goods.php?detail/07600716659034 HTTP/1.1" 500 1 "-" "Mozilla/5.0 (compatible; DataForSeoBot/1.0; +https://dataforseo.com/dataforseo-bot)"
136.243.220.212 - - [20/May/2026:20:16:18 +0000] "GET /goods.php?items/availability/216001734.htm HTTP/1.1" 500 1 "-" "Mozilla/5.0 (compatible; DataForSeoBot/1.0; +https://dataforseo.com/dataforseo-bot)"
136.243.220.212 - - [20/May/2026:20:16:28 +0000] "GET /goods.php?items/spectrum/231045979.htm HTTP/1.1" 500 1 "-" "Mozilla/5.0 (compatible; DataForSeoBot/1.0; +https://dataforseo.com/dataforseo-bot)"
114.119.133.34 - - [20/May/2026:20:16:32 +0000] "GET /m249014177 HTTP/1.1" 500 1 "https://aioptify.com/sitemap489.xml" "Mozilla/5.0 (Linux; Android 7.0;) AppleWebKit/537.36 (HTML, like Gecko) Mobile Safari/537.36 (compatible; PetalBot;+https://webmaster.petalsearch.com/site/petalbot)"
136.243.220.212 - - [20/May/2026:20:16:38 +0000] "GET /goods.php?jp/216001609.html HTTP/1.1" 500 1 "-" "Mozilla/5.0 (compatible; DataForSeoBot/1.0; +https://dataforseo.com/dataforseo-bot)"
136.243.220.212 - - [20/May/2026:20:16:48 +0000] "GET /goods.php?jp/123033963.html HTTP/1.1" 500 1 "-" "Mozilla/5.0 (compatible; DataForSeoBot/1.0; +https://dataforseo.com/dataforseo-bot)"
136.243.220.212 - - [20/May/2026:20:16:59 +0000] "GET /goods.php?items/therefore/216001578.htm HTTP/1.1" 500 1 "-" "Mozilla/5.0 (compatible; DataForSeoBot/1.0; +https://dataforseo.com/dataforseo-bot)"
136.243.220.212 - - [20/May/2026:20:17:10 +0000] "GET /goods.php?items/lost/244023044.htm HTTP/1.1" 500 1 "-" "Mozilla/5.0 (compatible; DataForSeoBot/1.0; +https://dataforseo.com/dataforseo-bot)"
136.243.220.212 - - [20/May/2026:20:17:20 +0000] "GET /goods.php?items/appoint/158035926.htm HTTP/1.1" 500 1 "-" "Mozilla/5.0 (compatible; DataForSeoBot/1.0; +https://dataforseo.com/dataforseo-bot)"
136.243.220.212 - - [20/May/2026:20:17:31 +0000] "GET /goods.php?items/detective/119042205.htm HTTP/1.1" 500 1 "-" "Mozilla/5.0 (compatible; DataForSeoBot/1.0; +https://dataforseo.com/dataforseo-bot)"
136.243.220.212 - - [20/May/2026:20:17:44 +0000] "GET /goods.php?items/shore/146012394.htm HTTP/1.1" 500 1 "-" "Mozilla/5.0 (compatible; DataForSeoBot/1.0; +https://dataforseo.com/dataforseo-bot)"
