136.243.220.212 - - [20/May/2026:20:17:54 +0000] "GET /goods.php?items/lean/094007280.htm HTTP/1.1" 500 1 "-" "Mozilla/5.0 (compatible; DataForSeoBot/1.0; +https://dataforseo.com/dataforseo-bot)"
136.243.220.212 - - [20/May/2026:20:18:04 +0000] "GET /goods.php?items/outcome/122038408.htm HTTP/1.1" 500 1 "-" "Mozilla/5.0 (compatible; DataForSeoBot/1.0; +https://dataforseo.com/dataforseo-bot)"
136.243.220.212 - - [20/May/2026:20:18:16 +0000] "GET /goods.php?items/ancestor/094008516.htm HTTP/1.1" 500 1 "-" "Mozilla/5.0 (compatible; DataForSeoBot/1.0; +https://dataforseo.com/dataforseo-bot)"
136.243.220.212 - - [20/May/2026:20:18:25 +0000] "GET /goods.php?items/interfere/094004994.htm HTTP/1.1" 500 1 "-" "Mozilla/5.0 (compatible; DataForSeoBot/1.0; +https://dataforseo.com/dataforseo-bot)"
114.119.140.4 - - [20/May/2026:20:18:32 +0000] "GET /m192024518 HTTP/1.1" 500 1 "https://aioptify.com/sitemap8.xml" "Mozilla/5.0 (Linux; Android 7.0;) AppleWebKit/537.36 (HTML, like Gecko) Mobile Safari/537.36 (compatible; PetalBot;+https://webmaster.petalsearch.com/site/petalbot)"
136.243.220.212 - - [20/May/2026:20:18:35 +0000] "GET /goods.php?items/disabled/100027906.htm HTTP/1.1" 500 1 "-" "Mozilla/5.0 (compatible; DataForSeoBot/1.0; +https://dataforseo.com/dataforseo-bot)"
136.243.220.212 - - [20/May/2026:20:18:46 +0000] "GET /goods.php?items/natural/057037191.htm HTTP/1.1" 500 1 "-" "Mozilla/5.0 (compatible; DataForSeoBot/1.0; +https://dataforseo.com/dataforseo-bot)"
136.243.220.212 - - [20/May/2026:20:18:57 +0000] "GET /goods.php?items/unknown/265039919.htm HTTP/1.1" 500 1 "-" "Mozilla/5.0 (compatible; DataForSeoBot/1.0; +https://dataforseo.com/dataforseo-bot)"
136.243.220.212 - - [20/May/2026:20:19:07 +0000] "GET /goods.php?items/investor/276047586.htm HTTP/1.1" 500 1 "-" "Mozilla/5.0 (compatible; DataForSeoBot/1.0; +https://dataforseo.com/dataforseo-bot)"
114.119.157.111 - - [20/May/2026:20:19:17 +0000] "GET /m127037999 HTTP/1.1" 500 1 "https://aioptify.com/sitemap808.xml" "Mozilla/5.0 (Linux; Android 7.0;) AppleWebKit/537.36 (HTML, like Gecko) Mobile Safari/537.36 (compatible; PetalBot;+https://webmaster.petalsearch.com/site/petalbot)"
136.243.220.212 - - [20/May/2026:20:19:18 +0000] "GET /goods.php?detail/05703632736776 HTTP/1.1" 500 1 "-" "Mozilla/5.0 (compatible; DataForSeoBot/1.0; +https://dataforseo.com/dataforseo-bot)"
136.243.220.212 - - [20/May/2026:20:19:29 +0000] "GET /goods.php?jp/057036311.html HTTP/1.1" 500 1 "-" "Mozilla/5.0 (compatible; DataForSeoBot/1.0; +https://dataforseo.com/dataforseo-bot)"
136.243.220.212 - - [20/May/2026:20:19:39 +0000] "GET /goods.php?items/uncle/057037147.htm HTTP/1.1" 500 1 "-" "Mozilla/5.0 (compatible; DataForSeoBot/1.0; +https://dataforseo.com/dataforseo-bot)"
136.243.220.212 - - [20/May/2026:20:19:50 +0000] "GET /goods.php?items/proper/036011884.htm HTTP/1.1" 500 1 "-" "Mozilla/5.0 (compatible; DataForSeoBot/1.0; +https://dataforseo.com/dataforseo-bot)"
136.243.220.212 - - [20/May/2026:20:19:59 +0000] "GET /goods.php?items/pension/129002669.htm HTTP/1.1" 500 1 "-" "Mozilla/5.0 (compatible; DataForSeoBot/1.0; +https://dataforseo.com/dataforseo-bot)"
216.73.217.38 - - [20/May/2026:20:20:02 +0000] "GET /robots.txt HTTP/1.1" 500 1 "-" "Mozilla/5.0 AppleWebKit/537.36 (KHTML, like Gecko; compatible; ClaudeBot/1.0; +claudebot@anthropic.com)"
136.243.220.212 - - [20/May/2026:20:20:10 +0000] "GET /goods.php?items/segment/255003529.htm HTTP/1.1" 500 1 "-" "Mozilla/5.0 (compatible; DataForSeoBot/1.0; +https://dataforseo.com/dataforseo-bot)"
136.243.220.212 - - [20/May/2026:20:20:22 +0000] "GET /goods.php?items/distract/105015051.htm HTTP/1.1" 500 1 "-" "Mozilla/5.0 (compatible; DataForSeoBot/1.0; +https://dataforseo.com/dataforseo-bot)"
136.243.220.212 - - [20/May/2026:20:20:34 +0000] "GET /goods.php?items/purple/103036233.htm HTTP/1.1" 500 1 "-" "Mozilla/5.0 (compatible; DataForSeoBot/1.0; +https://dataforseo.com/dataforseo-bot)"
136.243.220.212 - - [20/May/2026:20:20:46 +0000] "GET /goods.php?items/biological/021007841.htm HTTP/1.1" 500 1 "-" "Mozilla/5.0 (compatible; DataForSeoBot/1.0; +https://dataforseo.com/dataforseo-bot)"
114.119.140.4 - - [20/May/2026:20:20:47 +0000] "GET /m092034118 HTTP/1.1" 500 1 "https://aioptify.com/sitemap695.xml" "Mozilla/5.0 (Linux; Android 7.0;) AppleWebKit/537.36 (HTML, like Gecko) Mobile Safari/537.36 (compatible; PetalBot;+https://webmaster.petalsearch.com/site/petalbot)"
136.243.220.212 - - [20/May/2026:20:20:56 +0000] "GET /goods.php?items/satellite/225046635.htm HTTP/1.1" 500 1 "-" "Mozilla/5.0 (compatible; DataForSeoBot/1.0; +https://dataforseo.com/dataforseo-bot)"
136.243.220.212 - - [20/May/2026:20:21:07 +0000] "GET /goods.php?items/instruction/106012682.htm HTTP/1.1" 500 1 "-" "Mozilla/5.0 (compatible; DataForSeoBot/1.0; +https://dataforseo.com/dataforseo-bot)"
136.243.220.212 - - [20/May/2026:20:21:18 +0000] "GET /goods.php?items/banker/231031729.htm HTTP/1.1" 500 1 "-" "Mozilla/5.0 (compatible; DataForSeoBot/1.0; +https://dataforseo.com/dataforseo-bot)"
136.243.220.212 - - [20/May/2026:20:21:29 +0000] "GET /goods.php?items/sample/136006900.htm HTTP/1.1" 500 1 "-" "Mozilla/5.0 (compatible; DataForSeoBot/1.0; +https://dataforseo.com/dataforseo-bot)"
136.243.220.212 - - [20/May/2026:20:21:39 +0000] "GET /goods.php?items/complain/075005765.htm HTTP/1.1" 500 1 "-" "Mozilla/5.0 (compatible; DataForSeoBot/1.0; +https://dataforseo.com/dataforseo-bot)"
136.243.220.212 - - [20/May/2026:20:21:50 +0000] "GET /goods.php?items/abuse/038006482.htm HTTP/1.1" 500 1 "-" "Mozilla/5.0 (compatible; DataForSeoBot/1.0; +https://dataforseo.com/dataforseo-bot)"
136.243.220.212 - - [20/May/2026:20:22:01 +0000] "GET /goods.php?items/concrete/148048036.htm HTTP/1.1" 500 1 "-" "Mozilla/5.0 (compatible; DataForSeoBot/1.0; +https://dataforseo.com/dataforseo-bot)"
136.243.220.212 - - [20/May/2026:20:22:15 +0000] "GET /goods.php?items/occupy/049040781.htm HTTP/1.1" 500 1 "-" "Mozilla/5.0 (compatible; DataForSeoBot/1.0; +https://dataforseo.com/dataforseo-bot)"
114.119.143.119 - - [20/May/2026:20:22:15 +0000] "GET /goods.php?shopping/271043512 HTTP/1.1" 500 1 "https://aioptify.com/goods.php?sitemap749.xml" "Mozilla/5.0 (Linux; Android 7.0;) AppleWebKit/537.36 (HTML, like Gecko) Mobile Safari/537.36 (compatible; PetalBot;+https://webmaster.petalsearch.com/site/petalbot)"
136.243.220.212 - - [20/May/2026:20:22:27 +0000] "GET /goods.php?items/dad/229018683.htm HTTP/1.1" 500 1 "-" "Mozilla/5.0 (compatible; DataForSeoBot/1.0; +https://dataforseo.com/dataforseo-bot)"
136.243.220.212 - - [20/May/2026:20:22:39 +0000] "GET /goods.php?detail/1630278910251 HTTP/1.1" 500 1 "-" "Mozilla/5.0 (compatible; DataForSeoBot/1.0; +https://dataforseo.com/dataforseo-bot)"
136.243.220.212 - - [20/May/2026:20:22:51 +0000] "GET /goods.php?jp/261033900.html HTTP/1.1" 500 1 "-" "Mozilla/5.0 (compatible; DataForSeoBot/1.0; +https://dataforseo.com/dataforseo-bot)"
136.243.220.212 - - [20/May/2026:20:23:00 +0000] "GET /goods.php?items/reading/286048180.htm HTTP/1.1" 500 1 "-" "Mozilla/5.0 (compatible; DataForSeoBot/1.0; +https://dataforseo.com/dataforseo-bot)"
136.243.220.212 - - [20/May/2026:20:23:11 +0000] "GET /goods.php?items/adolescent/202020378.htm HTTP/1.1" 500 1 "-" "Mozilla/5.0 (compatible; DataForSeoBot/1.0; +https://dataforseo.com/dataforseo-bot)"
136.243.220.212 - - [20/May/2026:20:23:22 +0000] "GET /goods.php?items/accommodate/120029606.htm HTTP/1.1" 500 1 "-" "Mozilla/5.0 (compatible; DataForSeoBot/1.0; +https://dataforseo.com/dataforseo-bot)"
114.119.140.4 - - [20/May/2026:20:23:28 +0000] "GET /goods.php?shopping/263031974 HTTP/1.1" 500 1 "https://aioptify.com/goods.php?sitemap749.xml" "Mozilla/5.0 (Linux; Android 7.0;) AppleWebKit/537.36 (HTML, like Gecko) Mobile Safari/537.36 (compatible; PetalBot;+https://webmaster.petalsearch.com/site/petalbot)"
136.243.220.212 - - [20/May/2026:20:23:32 +0000] "GET /goods.php?items/overwhelm/034036830.htm HTTP/1.1" 500 1 "-" "Mozilla/5.0 (compatible; DataForSeoBot/1.0; +https://dataforseo.com/dataforseo-bot)"
136.243.220.212 - - [20/May/2026:20:23:44 +0000] "GET /goods.php?items/duck/139047873.htm HTTP/1.1" 500 1 "-" "Mozilla/5.0 (compatible; DataForSeoBot/1.0; +https://dataforseo.com/dataforseo-bot)"
136.243.220.212 - - [20/May/2026:20:23:56 +0000] "GET /goods.php?items/capable/262000022.htm HTTP/1.1" 500 1 "-" "Mozilla/5.0 (compatible; DataForSeoBot/1.0; +https://dataforseo.com/dataforseo-bot)"
136.243.220.212 - - [20/May/2026:20:24:08 +0000] "GET /goods.php?items/corridor/094009184.htm HTTP/1.1" 500 1 "-" "Mozilla/5.0 (compatible; DataForSeoBot/1.0; +https://dataforseo.com/dataforseo-bot)"
136.243.220.212 - - [20/May/2026:20:24:19 +0000] "GET /goods.php?items/satisfaction/094010360.htm HTTP/1.1" 500 1 "-" "Mozilla/5.0 (compatible; DataForSeoBot/1.0; +https://dataforseo.com/dataforseo-bot)"
136.243.220.212 - - [20/May/2026:20:24:29 +0000] "GET /goods.php?items/bus/036022442.htm HTTP/1.1" 500 1 "-" "Mozilla/5.0 (compatible; DataForSeoBot/1.0; +https://dataforseo.com/dataforseo-bot)"
136.243.220.212 - - [20/May/2026:20:24:40 +0000] "GET /goods.php?detail/0280357087064 HTTP/1.1" 500 1 "-" "Mozilla/5.0 (compatible; DataForSeoBot/1.0; +https://dataforseo.com/dataforseo-bot)"
136.243.220.212 - - [20/May/2026:20:24:50 +0000] "GET /goods.php?shopping/039000034 HTTP/1.1" 500 1 "-" "Mozilla/5.0 (compatible; DataForSeoBot/1.0; +https://dataforseo.com/dataforseo-bot)"
114.119.157.111 - - [20/May/2026:20:24:52 +0000] "GET /goods.php?shopping/204004025 HTTP/1.1" 500 1 "https://aioptify.com/goods.php?sitemap405.xml" "Mozilla/5.0 (Linux; Android 7.0;) AppleWebKit/537.36 (HTML, like Gecko) Mobile Safari/537.36 (compatible; PetalBot;+https://webmaster.petalsearch.com/site/petalbot)"
136.243.220.212 - - [20/May/2026:20:25:01 +0000] "GET /goods.php?items/the/199020859.htm HTTP/1.1" 500 1 "-" "Mozilla/5.0 (compatible; DataForSeoBot/1.0; +https://dataforseo.com/dataforseo-bot)"
136.243.220.212 - - [20/May/2026:20:25:12 +0000] "GET /goods.php?items/ride/189031675.htm HTTP/1.1" 500 1 "-" "Mozilla/5.0 (compatible; DataForSeoBot/1.0; +https://dataforseo.com/dataforseo-bot)"
136.243.220.212 - - [20/May/2026:20:25:24 +0000] "GET /goods.php?items/constant/290026984.htm HTTP/1.1" 500 1 "-" "Mozilla/5.0 (compatible; DataForSeoBot/1.0; +https://dataforseo.com/dataforseo-bot)"
136.243.220.212 - - [20/May/2026:20:25:34 +0000] "GET /goods.php?items/guilty/287041549.htm HTTP/1.1" 500 1 "-" "Mozilla/5.0 (compatible; DataForSeoBot/1.0; +https://dataforseo.com/dataforseo-bot)"
136.243.220.212 - - [20/May/2026:20:25:45 +0000] "GET /goods.php?items/plot/256001162.htm HTTP/1.1" 500 1 "-" "Mozilla/5.0 (compatible; DataForSeoBot/1.0; +https://dataforseo.com/dataforseo-bot)"
136.243.220.212 - - [20/May/2026:20:25:58 +0000] "GET /goods.php?items/council/207029657.htm HTTP/1.1" 500 1 "-" "Mozilla/5.0 (compatible; DataForSeoBot/1.0; +https://dataforseo.com/dataforseo-bot)"
136.243.220.212 - - [20/May/2026:20:26:08 +0000] "GET /goods.php?goods/248040466 HTTP/1.1" 500 1 "-" "Mozilla/5.0 (compatible; DataForSeoBot/1.0; +https://dataforseo.com/dataforseo-bot)"
136.243.220.212 - - [20/May/2026:20:26:18 +0000] "GET /goods.php?items/bury/050027468.htm HTTP/1.1" 500 1 "-" "Mozilla/5.0 (compatible; DataForSeoBot/1.0; +https://dataforseo.com/dataforseo-bot)"
136.243.220.212 - - [20/May/2026:20:26:29 +0000] "GET /goods.php?detail/248040472234 HTTP/1.1" 500 1 "-" "Mozilla/5.0 (compatible; DataForSeoBot/1.0; +https://dataforseo.com/dataforseo-bot)"
136.243.220.212 - - [20/May/2026:20:26:40 +0000] "GET /goods.php?items/find/224023440.htm HTTP/1.1" 500 1 "-" "Mozilla/5.0 (compatible; DataForSeoBot/1.0; +https://dataforseo.com/dataforseo-bot)"
114.119.140.4 - - [20/May/2026:20:26:41 +0000] "GET /goods.php?shopping/168029921 HTTP/1.1" 500 1 "https://aioptify.com/goods.php?sitemap405.xml" "Mozilla/5.0 (Linux; Android 7.0;) AppleWebKit/537.36 (HTML, like Gecko) Mobile Safari/537.36 (compatible; PetalBot;+https://webmaster.petalsearch.com/site/petalbot)"
136.243.220.212 - - [20/May/2026:20:26:51 +0000] "GET /goods.php?items/compete/262012348.htm HTTP/1.1" 500 1 "-" "Mozilla/5.0 (compatible; DataForSeoBot/1.0; +https://dataforseo.com/dataforseo-bot)"
136.243.220.212 - - [20/May/2026:20:27:04 +0000] "GET /goods.php?items/evening/063023351.htm HTTP/1.1" 500 1 "-" "Mozilla/5.0 (compatible; DataForSeoBot/1.0; +https://dataforseo.com/dataforseo-bot)"
136.243.220.212 - - [20/May/2026:20:27:15 +0000] "GET /goods.php?items/increasing/257021653.htm HTTP/1.1" 500 1 "-" "Mozilla/5.0 (compatible; DataForSeoBot/1.0; +https://dataforseo.com/dataforseo-bot)"
136.243.220.212 - - [20/May/2026:20:27:26 +0000] "GET /goods.php?items/childhood/224026368.htm HTTP/1.1" 500 1 "-" "Mozilla/5.0 (compatible; DataForSeoBot/1.0; +https://dataforseo.com/dataforseo-bot)"
136.243.220.212 - - [20/May/2026:20:27:38 +0000] "GET /goods.php?items/factory/224026228.htm HTTP/1.1" 500 1 "-" "Mozilla/5.0 (compatible; DataForSeoBot/1.0; +https://dataforseo.com/dataforseo-bot)"
114.119.133.34 - - [20/May/2026:20:27:39 +0000] "GET /goods.php?shopping/163022494 HTTP/1.1" 500 1 "https://aioptify.com/goods.php?shopping/163022494" "Mozilla/5.0 (Linux; Android 7.0;) AppleWebKit/537.36 (HTML, like Gecko) Mobile Safari/537.36 (compatible; PetalBot;+https://webmaster.petalsearch.com/site/petalbot)"
136.243.220.212 - - [20/May/2026:20:27:50 +0000] "GET /goods.php?items/cotton/271002389.htm HTTP/1.1" 500 1 "-" "Mozilla/5.0 (compatible; DataForSeoBot/1.0; +https://dataforseo.com/dataforseo-bot)"
136.243.220.212 - - [20/May/2026:20:28:02 +0000] "GET /goods.php?goods/188041366 HTTP/1.1" 500 1 "-" "Mozilla/5.0 (compatible; DataForSeoBot/1.0; +https://dataforseo.com/dataforseo-bot)"
136.243.220.212 - - [20/May/2026:20:28:13 +0000] "GET /goods.php?items/reception/184032310.htm HTTP/1.1" 500 1 "-" "Mozilla/5.0 (compatible; DataForSeoBot/1.0; +https://dataforseo.com/dataforseo-bot)"
136.243.220.212 - - [20/May/2026:20:28:25 +0000] "GET /goods.php?items/bureau/097041973.htm HTTP/1.1" 500 1 "-" "Mozilla/5.0 (compatible; DataForSeoBot/1.0; +https://dataforseo.com/dataforseo-bot)"
204.12.208.18 - - [20/May/2026:20:28:33 +0000] "GET /wp-includes/br745832/index.php HTTP/1.1" 500 - "https://aioptify.com/wp-includes/br745832/index.php" "Mozilla/5.0 (Macintosh; U; Intel Mac OS X; ja-jp) AppleWebKit/523.10.3 (KHTML, like Gecko) Version/3.0.4 Safari/523.10"
204.12.208.18 - - [20/May/2026:20:28:34 +0000] "GET /wp-includes/br745832/index.php HTTP/1.1" 500 - "https://aioptify.com/wp-includes/br745832/index.php" "Mozilla/5.0 (Macintosh; U; PPC Mac OS X; ja-jp) AppleWebKit/523.10.6 (KHTML, like Gecko) Version/3.0.4 Safari/523.10.6"
204.12.208.18 - - [20/May/2026:20:28:34 +0000] "GET /wp-includes/br745832/index.php HTTP/1.1" 500 - "https://aioptify.com/wp-includes/br745832/index.php" "Mozilla/5.0 (Macintosh; U; Intel Mac OS X 10_5_3; ja-jp) AppleWebKit/525.18 (KHTML, like Gecko) Version/3.1.1 Safari/525.20"
136.243.220.212 - - [20/May/2026:20:28:35 +0000] "GET /goods.php?items/oven/216037252.htm HTTP/1.1" 500 1 "-" "Mozilla/5.0 (compatible; DataForSeoBot/1.0; +https://dataforseo.com/dataforseo-bot)"
136.243.220.212 - - [20/May/2026:20:28:46 +0000] "GET /goods.php?items/comply/205031011.htm HTTP/1.1" 500 1 "-" "Mozilla/5.0 (compatible; DataForSeoBot/1.0; +https://dataforseo.com/dataforseo-bot)"
136.243.220.212 - - [20/May/2026:20:28:57 +0000] "GET /goods.php?items/gaze/270047426.htm HTTP/1.1" 500 1 "-" "Mozilla/5.0 (compatible; DataForSeoBot/1.0; +https://dataforseo.com/dataforseo-bot)"
114.119.133.34 - - [20/May/2026:20:29:05 +0000] "GET /goods.php?shopping/152043883 HTTP/1.1" 500 1 "https://aioptify.com/goods.php?sitemap405.xml" "Mozilla/5.0 (Linux; Android 7.0;) AppleWebKit/537.36 (HTML, like Gecko) Mobile Safari/537.36 (compatible; PetalBot;+https://webmaster.petalsearch.com/site/petalbot)"
136.243.220.212 - - [20/May/2026:20:29:06 +0000] "GET /goods.php?items/prominent/247039001.htm HTTP/1.1" 500 1 "-" "Mozilla/5.0 (compatible; DataForSeoBot/1.0; +https://dataforseo.com/dataforseo-bot)"
136.243.220.212 - - [20/May/2026:20:29:17 +0000] "GET /goods.php?shopping/028000621 HTTP/1.1" 500 1 "-" "Mozilla/5.0 (compatible; DataForSeoBot/1.0; +https://dataforseo.com/dataforseo-bot)"
136.243.220.212 - - [20/May/2026:20:29:27 +0000] "GET /goods.php?items/distribute/247017859.htm HTTP/1.1" 500 1 "-" "Mozilla/5.0 (compatible; DataForSeoBot/1.0; +https://dataforseo.com/dataforseo-bot)"
136.243.220.212 - - [20/May/2026:20:29:38 +0000] "GET /goods.php?items/produce/247020185.htm HTTP/1.1" 500 1 "-" "Mozilla/5.0 (compatible; DataForSeoBot/1.0; +https://dataforseo.com/dataforseo-bot)"
136.243.220.212 - - [20/May/2026:20:29:48 +0000] "GET /goods.php?items/elderly/285007769.htm HTTP/1.1" 500 1 "-" "Mozilla/5.0 (compatible; DataForSeoBot/1.0; +https://dataforseo.com/dataforseo-bot)"
136.243.220.212 - - [20/May/2026:20:30:00 +0000] "GET /goods.php?items/education/061001689.htm HTTP/1.1" 500 1 "-" "Mozilla/5.0 (compatible; DataForSeoBot/1.0; +https://dataforseo.com/dataforseo-bot)"
136.243.220.212 - - [20/May/2026:20:30:12 +0000] "GET /goods.php?items/ability/219009315.htm HTTP/1.1" 500 1 "-" "Mozilla/5.0 (compatible; DataForSeoBot/1.0; +https://dataforseo.com/dataforseo-bot)"
136.243.220.212 - - [20/May/2026:20:30:25 +0000] "GET /goods.php?items/spend/061001819.htm HTTP/1.1" 500 1 "-" "Mozilla/5.0 (compatible; DataForSeoBot/1.0; +https://dataforseo.com/dataforseo-bot)"
114.119.143.119 - - [20/May/2026:20:30:26 +0000] "GET /goods.php?shopping/151038358 HTTP/1.1" 500 1 "https://aioptify.com/goods.php?shopping/151038358" "Mozilla/5.0 (Linux; Android 7.0;) AppleWebKit/537.36 (HTML, like Gecko) Mobile Safari/537.36 (compatible; PetalBot;+https://webmaster.petalsearch.com/site/petalbot)"
136.243.220.212 - - [20/May/2026:20:30:36 +0000] "GET /goods.php?items/scan/061001709.htm HTTP/1.1" 500 1 "-" "Mozilla/5.0 (compatible; DataForSeoBot/1.0; +https://dataforseo.com/dataforseo-bot)"
167.114.139.231 - - [20/May/2026:20:30:36 +0000] "GET /2415370358?shopbrand=2411242104 HTTP/1.1" 500 1 "-" "Mozilla/5.0 (compatible; AhrefsBot/7.0; +http://ahrefs.com/robot/)"
136.243.220.212 - - [20/May/2026:20:30:47 +0000] "GET /goods.php?items/figure/162036260.htm HTTP/1.1" 500 1 "-" "Mozilla/5.0 (compatible; DataForSeoBot/1.0; +https://dataforseo.com/dataforseo-bot)"
136.243.220.212 - - [20/May/2026:20:30:59 +0000] "GET /goods.php?items/commodity/203002121.htm HTTP/1.1" 500 1 "-" "Mozilla/5.0 (compatible; DataForSeoBot/1.0; +https://dataforseo.com/dataforseo-bot)"
136.243.220.212 - - [20/May/2026:20:31:10 +0000] "GET /goods.php?goods/061001697 HTTP/1.1" 500 1 "-" "Mozilla/5.0 (compatible; DataForSeoBot/1.0; +https://dataforseo.com/dataforseo-bot)"
198.204.224.34 - - [20/May/2026:20:31:11 +0000] "GET /wp-content/pl7d2334/index.php HTTP/1.1" 500 1 "https://aioptify.com/wp-content/pl7d2334/index.php" "Mozilla/5.0 (Windows NT 10.0; Win64; x64) AppleWebKit/537.36 (KHTML, like Gecko) Chrome/58.0.3029.110 Safari/537.3"
198.204.224.34 - - [20/May/2026:20:31:11 +0000] "GET /wp-content/pl7d2334/index.php HTTP/1.1" 500 1 "https://aioptify.com/wp-content/pl7d2334/index.php" "Mozilla/5.0 (Windows NT 10.0; Win64; x64) AppleWebKit/537.36 (KHTML, like Gecko) Chrome/58.0.3029.110 Safari/537.3"
136.243.220.212 - - [20/May/2026:20:31:20 +0000] "GET /goods.php?items/donation/274015704.htm HTTP/1.1" 500 1 "-" "Mozilla/5.0 (compatible; DataForSeoBot/1.0; +https://dataforseo.com/dataforseo-bot)"
136.243.220.212 - - [20/May/2026:20:31:31 +0000] "GET /goods.php?detail/2270081559791 HTTP/1.1" 500 1 "-" "Mozilla/5.0 (compatible; DataForSeoBot/1.0; +https://dataforseo.com/dataforseo-bot)"
136.243.220.212 - - [20/May/2026:20:31:41 +0000] "GET /goods.php?items/indicator/056012730.htm HTTP/1.1" 500 1 "-" "Mozilla/5.0 (compatible; DataForSeoBot/1.0; +https://dataforseo.com/dataforseo-bot)"
114.119.143.119 - - [20/May/2026:20:31:48 +0000] "GET /goods.php?shopping/150029391 HTTP/1.1" 500 1 "https://aioptify.com/goods.php?shopping/150029391" "Mozilla/5.0 (Linux; Android 7.0;) AppleWebKit/537.36 (HTML, like Gecko) Mobile Safari/537.36 (compatible; PetalBot;+https://webmaster.petalsearch.com/site/petalbot)"
136.243.220.212 - - [20/May/2026:20:31:52 +0000] "GET /goods.php?items/reflection/227008751.htm HTTP/1.1" 500 1 "-" "Mozilla/5.0 (compatible; DataForSeoBot/1.0; +https://dataforseo.com/dataforseo-bot)"
136.243.220.212 - - [20/May/2026:20:32:05 +0000] "GET /goods.php?items/each/227011863.htm HTTP/1.1" 500 1 "-" "Mozilla/5.0 (compatible; DataForSeoBot/1.0; +https://dataforseo.com/dataforseo-bot)"
136.243.220.212 - - [20/May/2026:20:32:15 +0000] "GET /goods.php?items/suddenly/214027758.htm HTTP/1.1" 500 1 "-" "Mozilla/5.0 (compatible; DataForSeoBot/1.0; +https://dataforseo.com/dataforseo-bot)"
136.243.220.212 - - [20/May/2026:20:32:27 +0000] "GET /goods.php?items/distract/298034900.htm HTTP/1.1" 500 1 "-" "Mozilla/5.0 (compatible; DataForSeoBot/1.0; +https://dataforseo.com/dataforseo-bot)"
136.243.220.212 - - [20/May/2026:20:32:39 +0000] "GET /goods.php?items/crew/152012676.htm HTTP/1.1" 500 1 "-" "Mozilla/5.0 (compatible; DataForSeoBot/1.0; +https://dataforseo.com/dataforseo-bot)"
136.243.220.212 - - [20/May/2026:20:32:50 +0000] "GET /goods.php?items/interpretation/092037204.htm HTTP/1.1" 500 1 "-" "Mozilla/5.0 (compatible; DataForSeoBot/1.0; +https://dataforseo.com/dataforseo-bot)"
136.243.220.212 - - [20/May/2026:20:33:00 +0000] "GET /goods.php?items/gathering/152012504.htm HTTP/1.1" 500 1 "-" "Mozilla/5.0 (compatible; DataForSeoBot/1.0; +https://dataforseo.com/dataforseo-bot)"
136.243.220.212 - - [20/May/2026:20:33:13 +0000] "GET /goods.php?items/strike/152012462.htm HTTP/1.1" 500 1 "-" "Mozilla/5.0 (compatible; DataForSeoBot/1.0; +https://dataforseo.com/dataforseo-bot)"
136.243.220.212 - - [20/May/2026:20:33:24 +0000] "GET /goods.php?items/teach/232007898.htm HTTP/1.1" 500 1 "-" "Mozilla/5.0 (compatible; DataForSeoBot/1.0; +https://dataforseo.com/dataforseo-bot)"
114.119.134.212 - - [20/May/2026:20:33:29 +0000] "GET /goods.php?shopping/083046488 HTTP/1.1" 500 1 "https://aioptify.com/goods.php?shopping/083046488" "Mozilla/5.0 (Linux; Android 7.0;) AppleWebKit/537.36 (HTML, like Gecko) Mobile Safari/537.36 (compatible; PetalBot;+https://webmaster.petalsearch.com/site/petalbot)"
136.243.220.212 - - [20/May/2026:20:33:36 +0000] "GET /goods.php?items/accent/245033671.htm HTTP/1.1" 500 1 "-" "Mozilla/5.0 (compatible; DataForSeoBot/1.0; +https://dataforseo.com/dataforseo-bot)"
136.243.220.212 - - [20/May/2026:20:33:48 +0000] "GET /goods.php?items/critic/152012736.htm HTTP/1.1" 500 1 "-" "Mozilla/5.0 (compatible; DataForSeoBot/1.0; +https://dataforseo.com/dataforseo-bot)"
136.243.220.212 - - [20/May/2026:20:34:02 +0000] "GET /goods.php?items/English/152012718.htm HTTP/1.1" 500 1 "-" "Mozilla/5.0 (compatible; DataForSeoBot/1.0; +https://dataforseo.com/dataforseo-bot)"
136.243.220.212 - - [20/May/2026:20:34:13 +0000] "GET /goods.php?items/package/064002320.htm HTTP/1.1" 500 1 "-" "Mozilla/5.0 (compatible; DataForSeoBot/1.0; +https://dataforseo.com/dataforseo-bot)"
136.243.220.212 - - [20/May/2026:20:34:23 +0000] "GET /goods.php?items/distance/161042889.htm HTTP/1.1" 500 1 "-" "Mozilla/5.0 (compatible; DataForSeoBot/1.0; +https://dataforseo.com/dataforseo-bot)"
136.243.220.212 - - [20/May/2026:20:34:33 +0000] "GET /goods.php?items/dramatically/177041009.htm HTTP/1.1" 500 1 "-" "Mozilla/5.0 (compatible; DataForSeoBot/1.0; +https://dataforseo.com/dataforseo-bot)"
114.119.137.160 - - [20/May/2026:20:34:35 +0000] "GET /goods.php?shopping/060012991 HTTP/1.1" 500 1 "https://aioptify.com/goods.php?sitemap749.xml" "Mozilla/5.0 (Linux; Android 7.0;) AppleWebKit/537.36 (HTML, like Gecko) Mobile Safari/537.36 (compatible; PetalBot;+https://webmaster.petalsearch.com/site/petalbot)"
136.243.220.212 - - [20/May/2026:20:34:44 +0000] "GET /goods.php?jp/054010705.html HTTP/1.1" 500 1 "-" "Mozilla/5.0 (compatible; DataForSeoBot/1.0; +https://dataforseo.com/dataforseo-bot)"
136.243.220.212 - - [20/May/2026:20:34:55 +0000] "GET /goods.php?items/wow/054010750.htm HTTP/1.1" 500 1 "-" "Mozilla/5.0 (compatible; DataForSeoBot/1.0; +https://dataforseo.com/dataforseo-bot)"
136.243.220.212 - - [20/May/2026:20:35:06 +0000] "GET /goods.php?goods/054010684 HTTP/1.1" 500 1 "-" "Mozilla/5.0 (compatible; DataForSeoBot/1.0; +https://dataforseo.com/dataforseo-bot)"
136.243.220.212 - - [20/May/2026:20:35:18 +0000] "GET /goods.php?items/consensus/054010706.htm HTTP/1.1" 500 1 "-" "Mozilla/5.0 (compatible; DataForSeoBot/1.0; +https://dataforseo.com/dataforseo-bot)"
136.243.220.212 - - [20/May/2026:20:35:28 +0000] "GET /goods.php?items/miracle/123018955.htm HTTP/1.1" 500 1 "-" "Mozilla/5.0 (compatible; DataForSeoBot/1.0; +https://dataforseo.com/dataforseo-bot)"
136.243.220.212 - - [20/May/2026:20:35:38 +0000] "GET /goods.php?items/candy/127046219.htm HTTP/1.1" 500 1 "-" "Mozilla/5.0 (compatible; DataForSeoBot/1.0; +https://dataforseo.com/dataforseo-bot)"
136.243.220.212 - - [20/May/2026:20:35:48 +0000] "GET /goods.php?items/usual/114004428.htm HTTP/1.1" 500 1 "-" "Mozilla/5.0 (compatible; DataForSeoBot/1.0; +https://dataforseo.com/dataforseo-bot)"
114.119.155.44 - - [20/May/2026:20:35:59 +0000] "GET /goods.php?shopping/040032179 HTTP/1.1" 500 1 "https://aioptify.com/goods.php?sitemap749.xml" "Mozilla/5.0 (Linux; Android 7.0;) AppleWebKit/537.36 (HTML, like Gecko) Mobile Safari/537.36 (compatible; PetalBot;+https://webmaster.petalsearch.com/site/petalbot)"
136.243.220.212 - - [20/May/2026:20:35:59 +0000] "GET /goods.php?items/fiber/206039028.htm HTTP/1.1" 500 1 "-" "Mozilla/5.0 (compatible; DataForSeoBot/1.0; +https://dataforseo.com/dataforseo-bot)"
136.243.220.212 - - [20/May/2026:20:36:11 +0000] "GET /goods.php?items/parent/255000935.htm HTTP/1.1" 500 1 "-" "Mozilla/5.0 (compatible; DataForSeoBot/1.0; +https://dataforseo.com/dataforseo-bot)"
136.243.220.212 - - [20/May/2026:20:36:24 +0000] "GET /goods.php?items/grand/231035965.htm HTTP/1.1" 500 1 "-" "Mozilla/5.0 (compatible; DataForSeoBot/1.0; +https://dataforseo.com/dataforseo-bot)"
136.243.220.212 - - [20/May/2026:20:36:35 +0000] "GET /goods.php?items/crawl/059003927.htm HTTP/1.1" 500 1 "-" "Mozilla/5.0 (compatible; DataForSeoBot/1.0; +https://dataforseo.com/dataforseo-bot)"
136.243.220.212 - - [20/May/2026:20:36:45 +0000] "GET /goods.php?items/meaning/170020234.htm HTTP/1.1" 500 1 "-" "Mozilla/5.0 (compatible; DataForSeoBot/1.0; +https://dataforseo.com/dataforseo-bot)"
136.243.220.212 - - [20/May/2026:20:36:58 +0000] "GET /goods.php?items/tiny/075000933.htm HTTP/1.1" 500 1 "-" "Mozilla/5.0 (compatible; DataForSeoBot/1.0; +https://dataforseo.com/dataforseo-bot)"
136.243.220.212 - - [20/May/2026:20:37:10 +0000] "GET /goods.php?items/device/109012805.htm HTTP/1.1" 500 1 "-" "Mozilla/5.0 (compatible; DataForSeoBot/1.0; +https://dataforseo.com/dataforseo-bot)"
136.243.220.212 - - [20/May/2026:20:37:20 +0000] "GET /goods.php?items/formula/169045013.htm HTTP/1.1" 500 1 "-" "Mozilla/5.0 (compatible; DataForSeoBot/1.0; +https://dataforseo.com/dataforseo-bot)"
114.119.143.119 - - [20/May/2026:20:37:22 +0000] "GET /goods.php?shopping/039025120 HTTP/1.1" 500 1 "https://aioptify.com/goods.php?shopping/039025120" "Mozilla/5.0 (Linux; Android 7.0;) AppleWebKit/537.36 (HTML, like Gecko) Mobile Safari/537.36 (compatible; PetalBot;+https://webmaster.petalsearch.com/site/petalbot)"
136.243.220.212 - - [20/May/2026:20:37:31 +0000] "GET /goods.php?items/voter/269031155.htm HTTP/1.1" 500 1 "-" "Mozilla/5.0 (compatible; DataForSeoBot/1.0; +https://dataforseo.com/dataforseo-bot)"
136.243.220.212 - - [20/May/2026:20:37:42 +0000] "GET /goods.php?shopping/061000026 HTTP/1.1" 500 1 "-" "Mozilla/5.0 (compatible; DataForSeoBot/1.0; +https://dataforseo.com/dataforseo-bot)"
136.243.220.212 - - [20/May/2026:20:37:53 +0000] "GET /goods.php?items/outer/174018810.htm HTTP/1.1" 500 1 "-" "Mozilla/5.0 (compatible; DataForSeoBot/1.0; +https://dataforseo.com/dataforseo-bot)"
136.243.220.212 - - [20/May/2026:20:38:03 +0000] "GET /goods.php?items/forever/239002839.htm HTTP/1.1" 500 1 "-" "Mozilla/5.0 (compatible; DataForSeoBot/1.0; +https://dataforseo.com/dataforseo-bot)"
136.243.220.212 - - [20/May/2026:20:38:13 +0000] "GET /goods.php?items/flame/044037512.htm HTTP/1.1" 500 1 "-" "Mozilla/5.0 (compatible; DataForSeoBot/1.0; +https://dataforseo.com/dataforseo-bot)"
136.243.220.212 - - [20/May/2026:20:38:25 +0000] "GET /goods.php?items/lens/053006251.htm HTTP/1.1" 500 1 "-" "Mozilla/5.0 (compatible; DataForSeoBot/1.0; +https://dataforseo.com/dataforseo-bot)"
136.243.220.212 - - [20/May/2026:20:38:35 +0000] "GET /goods.php?items/strategy/050016814.htm HTTP/1.1" 500 1 "-" "Mozilla/5.0 (compatible; DataForSeoBot/1.0; +https://dataforseo.com/dataforseo-bot)"
114.119.137.160 - - [20/May/2026:20:38:46 +0000] "GET /goods.php?shopping/034048617 HTTP/1.1" 500 1 "https://aioptify.com/goods.php?shopping/034048617" "Mozilla/5.0 (Linux; Android 7.0;) AppleWebKit/537.36 (HTML, like Gecko) Mobile Safari/537.36 (compatible; PetalBot;+https://webmaster.petalsearch.com/site/petalbot)"
136.243.220.212 - - [20/May/2026:20:38:48 +0000] "GET /goods.php?items/workplace/019020251.htm HTTP/1.1" 500 1 "-" "Mozilla/5.0 (compatible; DataForSeoBot/1.0; +https://dataforseo.com/dataforseo-bot)"
136.243.220.212 - - [20/May/2026:20:38:59 +0000] "GET /goods.php?goods/291035610 HTTP/1.1" 500 1 "-" "Mozilla/5.0 (compatible; DataForSeoBot/1.0; +https://dataforseo.com/dataforseo-bot)"
136.243.220.212 - - [20/May/2026:20:39:11 +0000] "GET /goods.php?items/wrap/157017393.htm HTTP/1.1" 500 1 "-" "Mozilla/5.0 (compatible; DataForSeoBot/1.0; +https://dataforseo.com/dataforseo-bot)"
136.243.220.212 - - [20/May/2026:20:39:23 +0000] "GET /goods.php?items/measure/125034189.htm HTTP/1.1" 500 1 "-" "Mozilla/5.0 (compatible; DataForSeoBot/1.0; +https://dataforseo.com/dataforseo-bot)"
136.243.220.212 - - [20/May/2026:20:39:34 +0000] "GET /goods.php?jp/053006315.html HTTP/1.1" 500 1 "-" "Mozilla/5.0 (compatible; DataForSeoBot/1.0; +https://dataforseo.com/dataforseo-bot)"
136.243.220.212 - - [20/May/2026:20:39:45 +0000] "GET /goods.php?items/shopbrand/053006355.htm HTTP/1.1" 500 1 "-" "Mozilla/5.0 (compatible; DataForSeoBot/1.0; +https://dataforseo.com/dataforseo-bot)"
136.243.220.212 - - [20/May/2026:20:39:57 +0000] "GET /goods.php?detail/05300623818003 HTTP/1.1" 500 1 "-" "Mozilla/5.0 (compatible; DataForSeoBot/1.0; +https://dataforseo.com/dataforseo-bot)"
136.243.220.212 - - [20/May/2026:20:40:09 +0000] "GET /goods.php?items/walking/145044603.htm HTTP/1.1" 500 1 "-" "Mozilla/5.0 (compatible; DataForSeoBot/1.0; +https://dataforseo.com/dataforseo-bot)"
136.243.220.212 - - [20/May/2026:20:40:20 +0000] "GET /goods.php?items/shore/176006838.htm HTTP/1.1" 500 1 "-" "Mozilla/5.0 (compatible; DataForSeoBot/1.0; +https://dataforseo.com/dataforseo-bot)"
136.243.220.212 - - [20/May/2026:20:40:31 +0000] "GET /goods.php?items/enroll/095029927.htm HTTP/1.1" 500 1 "-" "Mozilla/5.0 (compatible; DataForSeoBot/1.0; +https://dataforseo.com/dataforseo-bot)"
136.243.220.212 - - [20/May/2026:20:40:43 +0000] "GET /goods.php?items/weather/243012931.htm HTTP/1.1" 500 1 "-" "Mozilla/5.0 (compatible; DataForSeoBot/1.0; +https://dataforseo.com/dataforseo-bot)"
136.243.220.212 - - [20/May/2026:20:40:53 +0000] "GET /goods.php?items/blade/086006548.htm HTTP/1.1" 500 1 "-" "Mozilla/5.0 (compatible; DataForSeoBot/1.0; +https://dataforseo.com/dataforseo-bot)"
136.243.220.212 - - [20/May/2026:20:41:05 +0000] "GET /goods.php?items/exit/026000174.htm HTTP/1.1" 500 1 "-" "Mozilla/5.0 (compatible; DataForSeoBot/1.0; +https://dataforseo.com/dataforseo-bot)"
136.243.220.212 - - [20/May/2026:20:41:17 +0000] "GET /goods.php?items/assault/191040193.htm HTTP/1.1" 500 1 "-" "Mozilla/5.0 (compatible; DataForSeoBot/1.0; +https://dataforseo.com/dataforseo-bot)"
136.243.220.212 - - [20/May/2026:20:41:27 +0000] "GET /goods.php?items/village/203047139.htm HTTP/1.1" 500 1 "-" "Mozilla/5.0 (compatible; DataForSeoBot/1.0; +https://dataforseo.com/dataforseo-bot)"
114.119.140.4 - - [20/May/2026:20:41:33 +0000] "GET /goods.php?shopping/028035695 HTTP/1.1" 500 1 "https://aioptify.com/goods.php?sitemap405.xml" "Mozilla/5.0 (Linux; Android 7.0;) AppleWebKit/537.36 (HTML, like Gecko) Mobile Safari/537.36 (compatible; PetalBot;+https://webmaster.petalsearch.com/site/petalbot)"
136.243.220.212 - - [20/May/2026:20:41:38 +0000] "GET /goods.php?items/spouse/018019298.htm HTTP/1.1" 500 1 "-" "Mozilla/5.0 (compatible; DataForSeoBot/1.0; +https://dataforseo.com/dataforseo-bot)"
136.243.220.212 - - [20/May/2026:20:41:50 +0000] "GET /goods.php?items/suppose/193032493.htm HTTP/1.1" 500 1 "-" "Mozilla/5.0 (compatible; DataForSeoBot/1.0; +https://dataforseo.com/dataforseo-bot)"
136.243.220.212 - - [20/May/2026:20:42:01 +0000] "GET /goods.php?items/industrial/191046727.htm HTTP/1.1" 500 1 "-" "Mozilla/5.0 (compatible; DataForSeoBot/1.0; +https://dataforseo.com/dataforseo-bot)"
136.243.220.212 - - [20/May/2026:20:42:12 +0000] "GET /goods.php?items/corridor/253032091.htm HTTP/1.1" 500 1 "-" "Mozilla/5.0 (compatible; DataForSeoBot/1.0; +https://dataforseo.com/dataforseo-bot)"
136.243.220.212 - - [20/May/2026:20:42:25 +0000] "GET /goods.php?items/finish/155009997.htm HTTP/1.1" 500 1 "-" "Mozilla/5.0 (compatible; DataForSeoBot/1.0; +https://dataforseo.com/dataforseo-bot)"
136.243.220.212 - - [20/May/2026:20:42:36 +0000] "GET /goods.php?goods/037045570 HTTP/1.1" 500 1 "-" "Mozilla/5.0 (compatible; DataForSeoBot/1.0; +https://dataforseo.com/dataforseo-bot)"
136.243.220.212 - - [20/May/2026:20:42:46 +0000] "GET /goods.php?items/acid/155012805.htm HTTP/1.1" 500 1 "-" "Mozilla/5.0 (compatible; DataForSeoBot/1.0; +https://dataforseo.com/dataforseo-bot)"
114.119.137.160 - - [20/May/2026:20:42:57 +0000] "GET /goods.php?shopping/012039885 HTTP/1.1" 500 1 "https://aioptify.com/goods.php?sitemap405.xml" "Mozilla/5.0 (Linux; Android 7.0;) AppleWebKit/537.36 (HTML, like Gecko) Mobile Safari/537.36 (compatible; PetalBot;+https://webmaster.petalsearch.com/site/petalbot)"
136.243.220.212 - - [20/May/2026:20:42:58 +0000] "GET /goods.php?jp/155013296.html HTTP/1.1" 500 1 "-" "Mozilla/5.0 (compatible; DataForSeoBot/1.0; +https://dataforseo.com/dataforseo-bot)"
136.243.220.212 - - [20/May/2026:20:43:10 +0000] "GET /goods.php?items/almost/082046532.htm HTTP/1.1" 500 1 "-" "Mozilla/5.0 (compatible; DataForSeoBot/1.0; +https://dataforseo.com/dataforseo-bot)"
136.243.220.212 - - [20/May/2026:20:43:21 +0000] "GET /goods.php?items/pour/155011951.htm HTTP/1.1" 500 1 "-" "Mozilla/5.0 (compatible; DataForSeoBot/1.0; +https://dataforseo.com/dataforseo-bot)"
136.243.220.212 - - [20/May/2026:20:43:32 +0000] "GET /goods.php?items/neck/281016293.htm HTTP/1.1" 500 1 "-" "Mozilla/5.0 (compatible; DataForSeoBot/1.0; +https://dataforseo.com/dataforseo-bot)"
136.243.220.212 - - [20/May/2026:20:43:42 +0000] "GET /goods.php?items/mark/251042957.htm HTTP/1.1" 500 1 "-" "Mozilla/5.0 (compatible; DataForSeoBot/1.0; +https://dataforseo.com/dataforseo-bot)"
136.243.220.212 - - [20/May/2026:20:43:53 +0000] "GET /goods.php?items/sport/098011068.htm HTTP/1.1" 500 1 "-" "Mozilla/5.0 (compatible; DataForSeoBot/1.0; +https://dataforseo.com/dataforseo-bot)"
136.243.220.212 - - [20/May/2026:20:44:03 +0000] "GET /goods.php?items/model/142010280.htm HTTP/1.1" 500 1 "-" "Mozilla/5.0 (compatible; DataForSeoBot/1.0; +https://dataforseo.com/dataforseo-bot)"
136.243.220.212 - - [20/May/2026:20:44:14 +0000] "GET /goods.php?shopping/050000437 HTTP/1.1" 500 1 "-" "Mozilla/5.0 (compatible; DataForSeoBot/1.0; +https://dataforseo.com/dataforseo-bot)"
114.119.157.111 - - [20/May/2026:20:44:20 +0000] "GET /goods.php?shopping/011046644 HTTP/1.1" 500 1 "https://aioptify.com/goods.php?sitemap405.xml" "Mozilla/5.0 (Linux; Android 7.0;) AppleWebKit/537.36 (HTML, like Gecko) Mobile Safari/537.36 (compatible; PetalBot;+https://webmaster.petalsearch.com/site/petalbot)"
136.243.220.212 - - [20/May/2026:20:44:26 +0000] "GET /goods.php?items/severe/124034154.htm HTTP/1.1" 500 1 "-" "Mozilla/5.0 (compatible; DataForSeoBot/1.0; +https://dataforseo.com/dataforseo-bot)"
136.243.220.212 - - [20/May/2026:20:44:38 +0000] "GET /goods.php?items/wonder/064041558.htm HTTP/1.1" 500 1 "-" "Mozilla/5.0 (compatible; DataForSeoBot/1.0; +https://dataforseo.com/dataforseo-bot)"
136.243.220.212 - - [20/May/2026:20:44:50 +0000] "GET /goods.php?items/freedom/275043711.htm HTTP/1.1" 500 1 "-" "Mozilla/5.0 (compatible; DataForSeoBot/1.0; +https://dataforseo.com/dataforseo-bot)"
136.243.220.212 - - [20/May/2026:20:45:00 +0000] "GET /goods.php?items/hurricane/008003216.htm HTTP/1.1" 500 1 "-" "Mozilla/5.0 (compatible; DataForSeoBot/1.0; +https://dataforseo.com/dataforseo-bot)"
136.243.220.212 - - [20/May/2026:20:45:12 +0000] "GET /goods.php?items/silk/031019333.htm HTTP/1.1" 500 1 "-" "Mozilla/5.0 (compatible; DataForSeoBot/1.0; +https://dataforseo.com/dataforseo-bot)"
136.243.220.212 - - [20/May/2026:20:45:24 +0000] "GET /goods.php?items/weaken/203004907.htm HTTP/1.1" 500 1 "-" "Mozilla/5.0 (compatible; DataForSeoBot/1.0; +https://dataforseo.com/dataforseo-bot)"
136.243.220.212 - - [20/May/2026:20:45:35 +0000] "GET /goods.php?items/college/014000446.htm HTTP/1.1" 500 1 "-" "Mozilla/5.0 (compatible; DataForSeoBot/1.0; +https://dataforseo.com/dataforseo-bot)"
114.119.133.34 - - [20/May/2026:20:45:43 +0000] "GET /goods.php?shopping/001013604 HTTP/1.1" 500 1 "https://aioptify.com/goods.php?sitemap749.xml" "Mozilla/5.0 (Linux; Android 7.0;) AppleWebKit/537.36 (HTML, like Gecko) Mobile Safari/537.36 (compatible; PetalBot;+https://webmaster.petalsearch.com/site/petalbot)"
136.243.220.212 - - [20/May/2026:20:45:46 +0000] "GET /goods.php?items/extremely/203004867.htm HTTP/1.1" 500 1 "-" "Mozilla/5.0 (compatible; DataForSeoBot/1.0; +https://dataforseo.com/dataforseo-bot)"
136.243.220.212 - - [20/May/2026:20:45:57 +0000] "GET /goods.php?items/soil/106031330.htm HTTP/1.1" 500 1 "-" "Mozilla/5.0 (compatible; DataForSeoBot/1.0; +https://dataforseo.com/dataforseo-bot)"
136.243.220.212 - - [20/May/2026:20:46:07 +0000] "GET /goods.php?items/orange/166006560.htm HTTP/1.1" 500 1 "-" "Mozilla/5.0 (compatible; DataForSeoBot/1.0; +https://dataforseo.com/dataforseo-bot)"
136.243.220.212 - - [20/May/2026:20:46:18 +0000] "GET /goods.php?jp/203005143.html HTTP/1.1" 500 1 "-" "Mozilla/5.0 (compatible; DataForSeoBot/1.0; +https://dataforseo.com/dataforseo-bot)"
136.243.220.212 - - [20/May/2026:20:46:28 +0000] "GET /goods.php?items/Spanish/213046001.htm HTTP/1.1" 500 1 "-" "Mozilla/5.0 (compatible; DataForSeoBot/1.0; +https://dataforseo.com/dataforseo-bot)"
136.243.220.212 - - [20/May/2026:20:46:38 +0000] "GET /goods.php?items/trap/229022533.htm HTTP/1.1" 500 1 "-" "Mozilla/5.0 (compatible; DataForSeoBot/1.0; +https://dataforseo.com/dataforseo-bot)"
136.243.220.212 - - [20/May/2026:20:46:48 +0000] "GET /goods.php?items/ministry/133037325.htm HTTP/1.1" 500 1 "-" "Mozilla/5.0 (compatible; DataForSeoBot/1.0; +https://dataforseo.com/dataforseo-bot)"
136.243.220.212 - - [20/May/2026:20:47:00 +0000] "GET /goods.php?items/move/136020896.htm HTTP/1.1" 500 1 "-" "Mozilla/5.0 (compatible; DataForSeoBot/1.0; +https://dataforseo.com/dataforseo-bot)"
136.243.220.212 - - [20/May/2026:20:47:10 +0000] "GET /goods.php?items/century/296042764.htm HTTP/1.1" 500 1 "-" "Mozilla/5.0 (compatible; DataForSeoBot/1.0; +https://dataforseo.com/dataforseo-bot)"
136.243.220.212 - - [20/May/2026:20:47:21 +0000] "GET /goods.php?items/rabbit/100023608.htm HTTP/1.1" 500 1 "-" "Mozilla/5.0 (compatible; DataForSeoBot/1.0; +https://dataforseo.com/dataforseo-bot)"
114.119.133.34 - - [20/May/2026:20:47:28 +0000] "GET /goods.php?items/yet/203021937.htm HTTP/1.1" 500 1 "https://aioptify.com/goods.php?sitemap749.xml" "Mozilla/5.0 (Linux; Android 7.0;) AppleWebKit/537.36 (HTML, like Gecko) Mobile Safari/537.36 (compatible; PetalBot;+https://webmaster.petalsearch.com/site/petalbot)"
136.243.220.212 - - [20/May/2026:20:47:31 +0000] "GET /goods.php?jp/081008700.html HTTP/1.1" 500 1 "-" "Mozilla/5.0 (compatible; DataForSeoBot/1.0; +https://dataforseo.com/dataforseo-bot)"
136.243.220.212 - - [20/May/2026:20:47:42 +0000] "GET /goods.php?items/shopbrand/244003024.htm HTTP/1.1" 500 1 "-" "Mozilla/5.0 (compatible; DataForSeoBot/1.0; +https://dataforseo.com/dataforseo-bot)"
136.243.220.212 - - [20/May/2026:20:47:52 +0000] "GET /goods.php?jp/081014374.html HTTP/1.1" 500 1 "-" "Mozilla/5.0 (compatible; DataForSeoBot/1.0; +https://dataforseo.com/dataforseo-bot)"
136.243.220.212 - - [20/May/2026:20:48:02 +0000] "GET /goods.php?items/columnist/269008229.htm HTTP/1.1" 500 1 "-" "Mozilla/5.0 (compatible; DataForSeoBot/1.0; +https://dataforseo.com/dataforseo-bot)"
136.243.220.212 - - [20/May/2026:20:48:14 +0000] "GET /goods.php?shopping/023000444 HTTP/1.1" 500 1 "-" "Mozilla/5.0 (compatible; DataForSeoBot/1.0; +https://dataforseo.com/dataforseo-bot)"
136.243.220.212 - - [20/May/2026:20:48:25 +0000] "GET /goods.php?items/Cuban/203015407.htm HTTP/1.1" 500 1 "-" "Mozilla/5.0 (compatible; DataForSeoBot/1.0; +https://dataforseo.com/dataforseo-bot)"
114.119.157.111 - - [20/May/2026:20:48:30 +0000] "GET /goods.php?items/suck/044030236.htm HTTP/1.1" 500 1 "https://aioptify.com/goods.php?sitemap749.xml" "Mozilla/5.0 (Linux; Android 7.0;) AppleWebKit/537.36 (HTML, like Gecko) Mobile Safari/537.36 (compatible; PetalBot;+https://webmaster.petalsearch.com/site/petalbot)"
136.243.220.212 - - [20/May/2026:20:48:36 +0000] "GET /goods.php?items/encounter/292039652.htm HTTP/1.1" 500 1 "-" "Mozilla/5.0 (compatible; DataForSeoBot/1.0; +https://dataforseo.com/dataforseo-bot)"
136.243.220.212 - - [20/May/2026:20:48:47 +0000] "GET /goods.php?items/including/149018157.htm HTTP/1.1" 500 1 "-" "Mozilla/5.0 (compatible; DataForSeoBot/1.0; +https://dataforseo.com/dataforseo-bot)"
136.243.220.212 - - [20/May/2026:20:48:57 +0000] "GET /goods.php?items/woman/168029882.htm HTTP/1.1" 500 1 "-" "Mozilla/5.0 (compatible; DataForSeoBot/1.0; +https://dataforseo.com/dataforseo-bot)"
136.243.220.212 - - [20/May/2026:20:49:09 +0000] "GET /goods.php?shopping/020000283 HTTP/1.1" 500 1 "-" "Mozilla/5.0 (compatible; DataForSeoBot/1.0; +https://dataforseo.com/dataforseo-bot)"
136.243.220.212 - - [20/May/2026:20:49:21 +0000] "GET /goods.php?items/rough/212026456.htm HTTP/1.1" 500 1 "-" "Mozilla/5.0 (compatible; DataForSeoBot/1.0; +https://dataforseo.com/dataforseo-bot)"
136.243.220.212 - - [20/May/2026:20:49:32 +0000] "GET /goods.php?items/beam/168020202.htm HTTP/1.1" 500 1 "-" "Mozilla/5.0 (compatible; DataForSeoBot/1.0; +https://dataforseo.com/dataforseo-bot)"
136.243.220.212 - - [20/May/2026:20:49:43 +0000] "GET /goods.php?items/tongue/040032872.htm HTTP/1.1" 500 1 "-" "Mozilla/5.0 (compatible; DataForSeoBot/1.0; +https://dataforseo.com/dataforseo-bot)"
114.119.140.4 - - [20/May/2026:20:49:53 +0000] "GET /goods.php?items/shock/254008796.htm HTTP/1.1" 500 1 "https://aioptify.com/goods.php?sitemap749.xml" "Mozilla/5.0 (Linux; Android 7.0;) AppleWebKit/537.36 (HTML, like Gecko) Mobile Safari/537.36 (compatible; PetalBot;+https://webmaster.petalsearch.com/site/petalbot)"
136.243.220.212 - - [20/May/2026:20:49:55 +0000] "GET /goods.php?items/elementary/266036856.htm HTTP/1.1" 500 1 "-" "Mozilla/5.0 (compatible; DataForSeoBot/1.0; +https://dataforseo.com/dataforseo-bot)"
136.243.220.212 - - [20/May/2026:20:50:07 +0000] "GET /goods.php?items/exchange/060015046.htm HTTP/1.1" 500 1 "-" "Mozilla/5.0 (compatible; DataForSeoBot/1.0; +https://dataforseo.com/dataforseo-bot)"
64.89.163.73 - - [20/May/2026:20:50:10 +0000] "GET /.env HTTP/1.1" 500 - "-" "Mozilla/5.0 (X11; Linux x86_64) AppleWebKit/537.36 (KHTML, like Gecko) Chrome/81.0.4044.129 Safari/537.36"
64.89.163.73 - - [20/May/2026:20:50:16 +0000] "POST / HTTP/1.1" 500 - "-" "Mozilla/5.0 (X11; Linux x86_64) AppleWebKit/537.36 (KHTML, like Gecko) Chrome/81.0.4044.129 Safari/537.36"
136.243.220.212 - - [20/May/2026:20:50:18 +0000] "GET /goods.php?goods/060007286 HTTP/1.1" 500 1 "-" "Mozilla/5.0 (compatible; DataForSeoBot/1.0; +https://dataforseo.com/dataforseo-bot)"
136.243.220.212 - - [20/May/2026:20:50:28 +0000] "GET /goods.php?jp/272014414.html HTTP/1.1" 500 1 "-" "Mozilla/5.0 (compatible; DataForSeoBot/1.0; +https://dataforseo.com/dataforseo-bot)"
136.243.220.212 - - [20/May/2026:20:50:40 +0000] "GET /goods.php?items/boy/216011258.htm HTTP/1.1" 500 1 "-" "Mozilla/5.0 (compatible; DataForSeoBot/1.0; +https://dataforseo.com/dataforseo-bot)"
136.243.220.212 - - [20/May/2026:20:50:51 +0000] "GET /goods.php?items/under/267044013.htm HTTP/1.1" 500 1 "-" "Mozilla/5.0 (compatible; DataForSeoBot/1.0; +https://dataforseo.com/dataforseo-bot)"
136.243.220.212 - - [20/May/2026:20:51:03 +0000] "GET /goods.php?items/bomb/073031721.htm HTTP/1.1" 500 1 "-" "Mozilla/5.0 (compatible; DataForSeoBot/1.0; +https://dataforseo.com/dataforseo-bot)"
204.12.208.18 - - [20/May/2026:20:51:09 +0000] "GET /wp-includes/br745832/index.php HTTP/1.1" 500 - "https://aioptify.com/wp-includes/br745832/index.php" "Mozilla/5.0 (Windows NT 5.1; rv:6.0) Gecko/20100101 Firefox/6.0"
204.12.208.18 - - [20/May/2026:20:51:09 +0000] "GET /wp-includes/br745832/index.php HTTP/1.1" 500 - "https://aioptify.com/wp-includes/br745832/index.php" "Mozilla/5.0 (Macintosh; Intel Mac OS X 10.7; rv:7.0.1) Gecko/20100101 Firefox/7.0.1"
204.12.208.18 - - [20/May/2026:20:51:09 +0000] "GET /wp-includes/br745832/index.php HTTP/1.1" 500 - "https://aioptify.com/wp-includes/br745832/index.php" "Mozilla/5.0 (Macintosh; U; PPC Mac OS X; ja-jp) AppleWebKit/523.10.6 (KHTML, like Gecko) Version/3.0.4 Safari/523.10.6"
136.243.220.212 - - [20/May/2026:20:51:13 +0000] "GET /goods.php?items/authorize/190007246.htm HTTP/1.1" 500 1 "-" "Mozilla/5.0 (compatible; DataForSeoBot/1.0; +https://dataforseo.com/dataforseo-bot)"
114.119.155.44 - - [20/May/2026:20:51:16 +0000] "GET /goods.php?items/rifle/291034179.htm HTTP/1.1" 500 1 "https://aioptify.com/goods.php?items/rifle/291034179.htm" "Mozilla/5.0 (Linux; Android 7.0;) AppleWebKit/537.36 (HTML, like Gecko) Mobile Safari/537.36 (compatible; PetalBot;+https://webmaster.petalsearch.com/site/petalbot)"
136.243.220.212 - - [20/May/2026:20:51:24 +0000] "GET /goods.php?shopping/022000991 HTTP/1.1" 500 1 "-" "Mozilla/5.0 (compatible; DataForSeoBot/1.0; +https://dataforseo.com/dataforseo-bot)"
136.243.220.212 - - [20/May/2026:20:51:35 +0000] "GET /goods.php?items/off/191029487.htm HTTP/1.1" 500 1 "-" "Mozilla/5.0 (compatible; DataForSeoBot/1.0; +https://dataforseo.com/dataforseo-bot)"
136.243.220.212 - - [20/May/2026:20:51:46 +0000] "GET /goods.php?items/media/230027312.htm HTTP/1.1" 500 1 "-" "Mozilla/5.0 (compatible; DataForSeoBot/1.0; +https://dataforseo.com/dataforseo-bot)"
136.243.220.212 - - [20/May/2026:20:51:57 +0000] "GET /goods.php?items/resistance/223016801.htm HTTP/1.1" 500 1 "-" "Mozilla/5.0 (compatible; DataForSeoBot/1.0; +https://dataforseo.com/dataforseo-bot)"
69.30.223.218 - - [20/May/2026:20:52:07 +0000] "GET /wp-content/pl7d2334/index.php HTTP/1.1" 500 1 "https://aioptify.com/wp-content/pl7d2334/index.php" "Mozilla/5.0 (Windows NT 10.0; Win64; x64) AppleWebKit/537.36 (KHTML, like Gecko) Chrome/58.0.3029.110 Safari/537.3"
136.243.220.212 - - [20/May/2026:20:52:08 +0000] "GET /goods.php?items/girlfriend/018027910.htm HTTP/1.1" 500 1 "-" "Mozilla/5.0 (compatible; DataForSeoBot/1.0; +https://dataforseo.com/dataforseo-bot)"
69.30.223.218 - - [20/May/2026:20:52:08 +0000] "GET /wp-content/pl7d2334/index.php HTTP/1.1" 500 1 "https://aioptify.com/wp-content/pl7d2334/index.php" "Mozilla/5.0 (Windows NT 10.0; Win64; x64) AppleWebKit/537.36 (KHTML, like Gecko) Chrome/58.0.3029.110 Safari/537.3"
45.227.253.15 - - [20/May/2026:20:52:10 +0000] "GET /index.php/jk HTTP/1.1" 500 - "-" "Mozilla/5.0 (Windows NT 6.2; Win64; x64) AppleWebKit/537.36 (KHTML, like Gecko) Chrome/86.0.4240.111 Safari/537.36"
136.243.220.212 - - [20/May/2026:20:52:20 +0000] "GET /goods.php?goods/007016847 HTTP/1.1" 500 1 "-" "Mozilla/5.0 (compatible; DataForSeoBot/1.0; +https://dataforseo.com/dataforseo-bot)"
136.243.220.212 - - [20/May/2026:20:52:29 +0000] "GET /goods.php?items/topic/014004796.htm HTTP/1.1" 500 1 "-" "Mozilla/5.0 (compatible; DataForSeoBot/1.0; +https://dataforseo.com/dataforseo-bot)"
114.119.140.4 - - [20/May/2026:20:52:40 +0000] "GET /goods.php?items/retail/246020928.htm HTTP/1.1" 500 1 "https://aioptify.com/goods.php?sitemap405.xml" "Mozilla/5.0 (Linux; Android 7.0;) AppleWebKit/537.36 (HTML, like Gecko) Mobile Safari/537.36 (compatible; PetalBot;+https://webmaster.petalsearch.com/site/petalbot)"
136.243.220.212 - - [20/May/2026:20:52:43 +0000] "GET /goods.php?items/manage/143012797.htm HTTP/1.1" 500 1 "-" "Mozilla/5.0 (compatible; DataForSeoBot/1.0; +https://dataforseo.com/dataforseo-bot)"
136.243.220.212 - - [20/May/2026:20:52:54 +0000] "GET /goods.php?items/shot/271003047.htm HTTP/1.1" 500 1 "-" "Mozilla/5.0 (compatible; DataForSeoBot/1.0; +https://dataforseo.com/dataforseo-bot)"
136.243.220.212 - - [20/May/2026:20:53:05 +0000] "GET /goods.php?items/liability/087007267.htm HTTP/1.1" 500 1 "-" "Mozilla/5.0 (compatible; DataForSeoBot/1.0; +https://dataforseo.com/dataforseo-bot)"
136.243.220.212 - - [20/May/2026:20:53:16 +0000] "GET /goods.php?items/emotionally/215006545.htm HTTP/1.1" 500 1 "-" "Mozilla/5.0 (compatible; DataForSeoBot/1.0; +https://dataforseo.com/dataforseo-bot)"
136.243.220.212 - - [20/May/2026:20:53:27 +0000] "GET /goods.php?items/occupy/174034978.htm HTTP/1.1" 500 1 "-" "Mozilla/5.0 (compatible; DataForSeoBot/1.0; +https://dataforseo.com/dataforseo-bot)"
136.243.220.212 - - [20/May/2026:20:53:38 +0000] "GET /goods.php?items/jail/026027114.htm HTTP/1.1" 500 1 "-" "Mozilla/5.0 (compatible; DataForSeoBot/1.0; +https://dataforseo.com/dataforseo-bot)"
136.243.220.212 - - [20/May/2026:20:53:48 +0000] "GET /goods.php?detail/1740350261215 HTTP/1.1" 500 1 "-" "Mozilla/5.0 (compatible; DataForSeoBot/1.0; +https://dataforseo.com/dataforseo-bot)"
