136.243.220.212 - - [20/May/2026:23:14:33 +0000] "GET /goods.php?items/useful/116020612.htm HTTP/1.1" 500 1 "-" "Mozilla/5.0 (compatible; DataForSeoBot/1.0; +https://dataforseo.com/dataforseo-bot)"
136.243.220.212 - - [20/May/2026:23:14:43 +0000] "GET /goods.php?items/viewer/116020546.htm HTTP/1.1" 500 1 "-" "Mozilla/5.0 (compatible; DataForSeoBot/1.0; +https://dataforseo.com/dataforseo-bot)"
136.243.220.212 - - [20/May/2026:23:14:53 +0000] "GET /goods.php?items/unknown/182037214.htm HTTP/1.1" 500 1 "-" "Mozilla/5.0 (compatible; DataForSeoBot/1.0; +https://dataforseo.com/dataforseo-bot)"
114.119.155.44 - - [20/May/2026:23:14:57 +0000] "GET /goods.php?items/magnitude/014017152.htm HTTP/1.1" 500 1 "https://aioptify.com/goods.php?sitemap405.xml" "Mozilla/5.0 (Linux; Android 7.0;) AppleWebKit/537.36 (HTML, like Gecko) Mobile Safari/537.36 (compatible; PetalBot;+https://webmaster.petalsearch.com/site/petalbot)"
136.243.220.212 - - [20/May/2026:23:15:03 +0000] "GET /goods.php?items/difficulty/116020510.htm HTTP/1.1" 500 1 "-" "Mozilla/5.0 (compatible; DataForSeoBot/1.0; +https://dataforseo.com/dataforseo-bot)"
136.243.220.212 - - [20/May/2026:23:15:13 +0000] "GET /goods.php?items/helicopter/171007729.htm HTTP/1.1" 500 1 "-" "Mozilla/5.0 (compatible; DataForSeoBot/1.0; +https://dataforseo.com/dataforseo-bot)"
136.243.220.212 - - [20/May/2026:23:15:25 +0000] "GET /goods.php?items/below/090001088.htm HTTP/1.1" 500 1 "-" "Mozilla/5.0 (compatible; DataForSeoBot/1.0; +https://dataforseo.com/dataforseo-bot)"
136.243.220.212 - - [20/May/2026:23:15:37 +0000] "GET /goods.php?items/boot/153026579.htm HTTP/1.1" 500 1 "-" "Mozilla/5.0 (compatible; DataForSeoBot/1.0; +https://dataforseo.com/dataforseo-bot)"
136.243.220.212 - - [20/May/2026:23:15:50 +0000] "GET /goods.php?items/riot/051026735.htm HTTP/1.1" 500 1 "-" "Mozilla/5.0 (compatible; DataForSeoBot/1.0; +https://dataforseo.com/dataforseo-bot)"
136.243.220.212 - - [20/May/2026:23:16:01 +0000] "GET /goods.php?jp/059000071.html HTTP/1.1" 500 1 "-" "Mozilla/5.0 (compatible; DataForSeoBot/1.0; +https://dataforseo.com/dataforseo-bot)"
136.243.220.212 - - [20/May/2026:23:16:10 +0000] "GET /goods.php?items/vitamin/059000119.htm HTTP/1.1" 500 1 "-" "Mozilla/5.0 (compatible; DataForSeoBot/1.0; +https://dataforseo.com/dataforseo-bot)"
136.243.220.212 - - [20/May/2026:23:16:20 +0000] "GET /goods.php?items/ancestor/059000153.htm HTTP/1.1" 500 1 "-" "Mozilla/5.0 (compatible; DataForSeoBot/1.0; +https://dataforseo.com/dataforseo-bot)"
114.119.143.119 - - [20/May/2026:23:16:30 +0000] "GET /goods.php?items/long-term/238018976.htm HTTP/1.1" 500 1 "https://aioptify.com/goods.php?items/long-term/238018976.htm" "Mozilla/5.0 (Linux; Android 7.0;) AppleWebKit/537.36 (HTML, like Gecko) Mobile Safari/537.36 (compatible; PetalBot;+https://webmaster.petalsearch.com/site/petalbot)"
136.243.220.212 - - [20/May/2026:23:16:30 +0000] "GET /goods.php?items/dessert/126004824.htm HTTP/1.1" 500 1 "-" "Mozilla/5.0 (compatible; DataForSeoBot/1.0; +https://dataforseo.com/dataforseo-bot)"
136.243.220.212 - - [20/May/2026:23:16:40 +0000] "GET /goods.php?items/unique/059000141.htm HTTP/1.1" 500 1 "-" "Mozilla/5.0 (compatible; DataForSeoBot/1.0; +https://dataforseo.com/dataforseo-bot)"
136.243.220.212 - - [20/May/2026:23:16:50 +0000] "GET /goods.php?items/info/180039382.htm HTTP/1.1" 500 1 "-" "Mozilla/5.0 (compatible; DataForSeoBot/1.0; +https://dataforseo.com/dataforseo-bot)"
136.243.220.212 - - [20/May/2026:23:17:00 +0000] "GET /goods.php?items/prompt/050035562.htm HTTP/1.1" 500 1 "-" "Mozilla/5.0 (compatible; DataForSeoBot/1.0; +https://dataforseo.com/dataforseo-bot)"
136.243.220.212 - - [20/May/2026:23:17:11 +0000] "GET /goods.php?items/conception/180039436.htm HTTP/1.1" 500 1 "-" "Mozilla/5.0 (compatible; DataForSeoBot/1.0; +https://dataforseo.com/dataforseo-bot)"
136.243.220.212 - - [20/May/2026:23:17:21 +0000] "GET /goods.php?items/prospect/180039504.htm HTTP/1.1" 500 1 "-" "Mozilla/5.0 (compatible; DataForSeoBot/1.0; +https://dataforseo.com/dataforseo-bot)"
136.243.220.212 - - [20/May/2026:23:17:32 +0000] "GET /goods.php?items/crush/185016237.htm HTTP/1.1" 500 1 "-" "Mozilla/5.0 (compatible; DataForSeoBot/1.0; +https://dataforseo.com/dataforseo-bot)"
136.243.220.212 - - [20/May/2026:23:17:42 +0000] "GET /goods.php?items/suggestion/119038435.htm HTTP/1.1" 500 1 "-" "Mozilla/5.0 (compatible; DataForSeoBot/1.0; +https://dataforseo.com/dataforseo-bot)"
136.243.220.212 - - [20/May/2026:23:17:54 +0000] "GET /goods.php?items/emission/085034425.htm HTTP/1.1" 500 1 "-" "Mozilla/5.0 (compatible; DataForSeoBot/1.0; +https://dataforseo.com/dataforseo-bot)"
114.119.143.119 - - [20/May/2026:23:18:03 +0000] "GET /goods.php?items/lightly/062024022.htm HTTP/1.1" 500 1 "https://aioptify.com/goods.php?sitemap749.xml" "Mozilla/5.0 (Linux; Android 7.0;) AppleWebKit/537.36 (HTML, like Gecko) Mobile Safari/537.36 (compatible; PetalBot;+https://webmaster.petalsearch.com/site/petalbot)"
136.243.220.212 - - [20/May/2026:23:18:03 +0000] "GET /goods.php?items/leaf/120027382.htm HTTP/1.1" 500 1 "-" "Mozilla/5.0 (compatible; DataForSeoBot/1.0; +https://dataforseo.com/dataforseo-bot)"
136.243.220.212 - - [20/May/2026:23:18:14 +0000] "GET /goods.php?items/hurt/145029959.htm HTTP/1.1" 500 1 "-" "Mozilla/5.0 (compatible; DataForSeoBot/1.0; +https://dataforseo.com/dataforseo-bot)"
136.243.220.212 - - [20/May/2026:23:18:24 +0000] "GET /goods.php?items/discuss/002000872.htm HTTP/1.1" 500 1 "-" "Mozilla/5.0 (compatible; DataForSeoBot/1.0; +https://dataforseo.com/dataforseo-bot)"
136.243.220.212 - - [20/May/2026:23:18:35 +0000] "GET /goods.php?goods/033033014 HTTP/1.1" 500 1 "-" "Mozilla/5.0 (compatible; DataForSeoBot/1.0; +https://dataforseo.com/dataforseo-bot)"
136.243.220.212 - - [20/May/2026:23:18:44 +0000] "GET /goods.php?items/so/094009012.htm HTTP/1.1" 500 1 "-" "Mozilla/5.0 (compatible; DataForSeoBot/1.0; +https://dataforseo.com/dataforseo-bot)"
136.243.220.212 - - [20/May/2026:23:18:55 +0000] "GET /goods.php?items/bush/174019338.htm HTTP/1.1" 500 1 "-" "Mozilla/5.0 (compatible; DataForSeoBot/1.0; +https://dataforseo.com/dataforseo-bot)"
136.243.220.212 - - [20/May/2026:23:19:05 +0000] "GET /goods.php?items/attribute/054003330.htm HTTP/1.1" 500 1 "-" "Mozilla/5.0 (compatible; DataForSeoBot/1.0; +https://dataforseo.com/dataforseo-bot)"
136.243.220.212 - - [20/May/2026:23:19:15 +0000] "GET /goods.php?items/create/126017328.htm HTTP/1.1" 500 1 "-" "Mozilla/5.0 (compatible; DataForSeoBot/1.0; +https://dataforseo.com/dataforseo-bot)"
136.243.220.212 - - [20/May/2026:23:19:26 +0000] "GET /goods.php?items/introduction/230016550.htm HTTP/1.1" 500 1 "-" "Mozilla/5.0 (compatible; DataForSeoBot/1.0; +https://dataforseo.com/dataforseo-bot)"
114.119.157.111 - - [20/May/2026:23:19:35 +0000] "GET /goods.php?items/lighting/028047382.htm HTTP/1.1" 500 1 "https://aioptify.com/goods.php?sitemap749.xml" "Mozilla/5.0 (Linux; Android 7.0;) AppleWebKit/537.36 (HTML, like Gecko) Mobile Safari/537.36 (compatible; PetalBot;+https://webmaster.petalsearch.com/site/petalbot)"
136.243.220.212 - - [20/May/2026:23:19:37 +0000] "GET /goods.php?items/calm/300040320.htm HTTP/1.1" 500 1 "-" "Mozilla/5.0 (compatible; DataForSeoBot/1.0; +https://dataforseo.com/dataforseo-bot)"
136.243.220.212 - - [20/May/2026:23:19:48 +0000] "GET /goods.php?jp/054003398.html HTTP/1.1" 500 1 "-" "Mozilla/5.0 (compatible; DataForSeoBot/1.0; +https://dataforseo.com/dataforseo-bot)"
136.243.220.212 - - [20/May/2026:23:19:58 +0000] "GET /goods.php?items/hurricane/160026100.htm HTTP/1.1" 500 1 "-" "Mozilla/5.0 (compatible; DataForSeoBot/1.0; +https://dataforseo.com/dataforseo-bot)"
136.243.220.212 - - [20/May/2026:23:20:09 +0000] "GET /goods.php?items/outlet/054003210.htm HTTP/1.1" 500 1 "-" "Mozilla/5.0 (compatible; DataForSeoBot/1.0; +https://dataforseo.com/dataforseo-bot)"
136.243.220.212 - - [20/May/2026:23:20:18 +0000] "GET /goods.php?items/produce/028044218.htm HTTP/1.1" 500 1 "-" "Mozilla/5.0 (compatible; DataForSeoBot/1.0; +https://dataforseo.com/dataforseo-bot)"
136.243.220.212 - - [20/May/2026:23:20:28 +0000] "GET /goods.php?items/cluster/055000305.htm HTTP/1.1" 500 1 "-" "Mozilla/5.0 (compatible; DataForSeoBot/1.0; +https://dataforseo.com/dataforseo-bot)"
136.243.220.212 - - [20/May/2026:23:20:37 +0000] "GET /goods.php?items/venture/101017029.htm HTTP/1.1" 500 1 "-" "Mozilla/5.0 (compatible; DataForSeoBot/1.0; +https://dataforseo.com/dataforseo-bot)"
136.243.220.212 - - [20/May/2026:23:20:48 +0000] "GET /goods.php?items/German/050049230.htm HTTP/1.1" 500 1 "-" "Mozilla/5.0 (compatible; DataForSeoBot/1.0; +https://dataforseo.com/dataforseo-bot)"
136.243.220.212 - - [20/May/2026:23:20:59 +0000] "GET /goods.php?items/refrigerator/234013544.htm HTTP/1.1" 500 1 "-" "Mozilla/5.0 (compatible; DataForSeoBot/1.0; +https://dataforseo.com/dataforseo-bot)"
136.243.220.212 - - [20/May/2026:23:21:07 +0000] "GET /goods.php?items/limit/155000337.htm HTTP/1.1" 500 1 "-" "Mozilla/5.0 (compatible; DataForSeoBot/1.0; +https://dataforseo.com/dataforseo-bot)"
114.119.157.111 - - [20/May/2026:23:21:08 +0000] "GET /goods.php?items/library/109018077.htm HTTP/1.1" 500 1 "https://aioptify.com/goods.php?sitemap749.xml" "Mozilla/5.0 (Linux; Android 7.0;) AppleWebKit/537.36 (HTML, like Gecko) Mobile Safari/537.36 (compatible; PetalBot;+https://webmaster.petalsearch.com/site/petalbot)"
136.243.220.212 - - [20/May/2026:23:21:17 +0000] "GET /goods.php?detail/15500207309259 HTTP/1.1" 500 1 "-" "Mozilla/5.0 (compatible; DataForSeoBot/1.0; +https://dataforseo.com/dataforseo-bot)"
136.243.220.212 - - [20/May/2026:23:21:27 +0000] "GET /goods.php?items/ease/208041166.htm HTTP/1.1" 500 1 "-" "Mozilla/5.0 (compatible; DataForSeoBot/1.0; +https://dataforseo.com/dataforseo-bot)"
136.243.220.212 - - [20/May/2026:23:21:36 +0000] "GET /goods.php?items/meter/035004737.htm HTTP/1.1" 500 1 "-" "Mozilla/5.0 (compatible; DataForSeoBot/1.0; +https://dataforseo.com/dataforseo-bot)"
198.204.224.34 - - [20/May/2026:23:21:42 +0000] "GET /wp-content/pl7d2334/index.php HTTP/1.1" 500 1 "https://aioptify.com/wp-content/pl7d2334/index.php" "Mozilla/5.0 (Windows NT 10.0; Win64; x64) AppleWebKit/537.36 (KHTML, like Gecko) Chrome/58.0.3029.110 Safari/537.3"
198.204.224.34 - - [20/May/2026:23:21:43 +0000] "GET /wp-content/pl7d2334/index.php HTTP/1.1" 500 1 "https://aioptify.com/wp-content/pl7d2334/index.php" "Mozilla/5.0 (Windows NT 10.0; Win64; x64) AppleWebKit/537.36 (KHTML, like Gecko) Chrome/58.0.3029.110 Safari/537.3"
136.243.220.212 - - [20/May/2026:23:21:46 +0000] "GET /goods.php?items/peanut/273029559.htm HTTP/1.1" 500 1 "-" "Mozilla/5.0 (compatible; DataForSeoBot/1.0; +https://dataforseo.com/dataforseo-bot)"
136.243.220.212 - - [20/May/2026:23:21:55 +0000] "GET /goods.php?items/construction/035004631.htm HTTP/1.1" 500 1 "-" "Mozilla/5.0 (compatible; DataForSeoBot/1.0; +https://dataforseo.com/dataforseo-bot)"
136.243.220.212 - - [20/May/2026:23:22:06 +0000] "GET /goods.php?goods/065014963 HTTP/1.1" 500 1 "-" "Mozilla/5.0 (compatible; DataForSeoBot/1.0; +https://dataforseo.com/dataforseo-bot)"
136.243.220.212 - - [20/May/2026:23:22:17 +0000] "GET /goods.php?jp/035005343.html HTTP/1.1" 500 1 "-" "Mozilla/5.0 (compatible; DataForSeoBot/1.0; +https://dataforseo.com/dataforseo-bot)"
136.243.220.212 - - [20/May/2026:23:22:27 +0000] "GET /goods.php?items/relatively/035005125.htm HTTP/1.1" 500 1 "-" "Mozilla/5.0 (compatible; DataForSeoBot/1.0; +https://dataforseo.com/dataforseo-bot)"
136.243.220.212 - - [20/May/2026:23:22:36 +0000] "GET /goods.php?items/narrow/035004619.htm HTTP/1.1" 500 1 "-" "Mozilla/5.0 (compatible; DataForSeoBot/1.0; +https://dataforseo.com/dataforseo-bot)"
114.119.140.4 - - [20/May/2026:23:22:40 +0000] "GET /goods.php?items/leader/217037083.htm HTTP/1.1" 500 1 "https://aioptify.com/goods.php?sitemap749.xml" "Mozilla/5.0 (Linux; Android 7.0;) AppleWebKit/537.36 (HTML, like Gecko) Mobile Safari/537.36 (compatible; PetalBot;+https://webmaster.petalsearch.com/site/petalbot)"
136.243.220.212 - - [20/May/2026:23:22:45 +0000] "GET /goods.php?items/day/079019815.htm HTTP/1.1" 500 1 "-" "Mozilla/5.0 (compatible; DataForSeoBot/1.0; +https://dataforseo.com/dataforseo-bot)"
136.243.220.212 - - [20/May/2026:23:22:55 +0000] "GET /goods.php?items/long/037006913.htm HTTP/1.1" 500 1 "-" "Mozilla/5.0 (compatible; DataForSeoBot/1.0; +https://dataforseo.com/dataforseo-bot)"
136.243.220.212 - - [20/May/2026:23:23:06 +0000] "GET /goods.php?items/radar/207018331.htm HTTP/1.1" 500 1 "-" "Mozilla/5.0 (compatible; DataForSeoBot/1.0; +https://dataforseo.com/dataforseo-bot)"
216.73.217.42 - - [20/May/2026:23:23:10 +0000] "GET /robots.txt HTTP/1.1" 500 1 "-" "Mozilla/5.0 AppleWebKit/537.36 (KHTML, like Gecko; compatible; ClaudeBot/1.0; +claudebot@anthropic.com)"
136.243.220.212 - - [20/May/2026:23:23:16 +0000] "GET /goods.php?items/target/247017123.htm HTTP/1.1" 500 1 "-" "Mozilla/5.0 (compatible; DataForSeoBot/1.0; +https://dataforseo.com/dataforseo-bot)"
136.243.220.212 - - [20/May/2026:23:23:26 +0000] "GET /goods.php?items/abortion/247036607.htm HTTP/1.1" 500 1 "-" "Mozilla/5.0 (compatible; DataForSeoBot/1.0; +https://dataforseo.com/dataforseo-bot)"
136.243.220.212 - - [20/May/2026:23:23:36 +0000] "GET /goods.php?items/war/207018497.htm HTTP/1.1" 500 1 "-" "Mozilla/5.0 (compatible; DataForSeoBot/1.0; +https://dataforseo.com/dataforseo-bot)"
136.243.220.212 - - [20/May/2026:23:23:46 +0000] "GET /goods.php?items/powerful/190004190.htm HTTP/1.1" 500 1 "-" "Mozilla/5.0 (compatible; DataForSeoBot/1.0; +https://dataforseo.com/dataforseo-bot)"
136.243.220.212 - - [20/May/2026:23:23:57 +0000] "GET /goods.php?items/logic/272049802.htm HTTP/1.1" 500 1 "-" "Mozilla/5.0 (compatible; DataForSeoBot/1.0; +https://dataforseo.com/dataforseo-bot)"
136.243.220.212 - - [20/May/2026:23:24:07 +0000] "GET /goods.php?goods/052025295 HTTP/1.1" 500 1 "-" "Mozilla/5.0 (compatible; DataForSeoBot/1.0; +https://dataforseo.com/dataforseo-bot)"
136.243.220.212 - - [20/May/2026:23:24:17 +0000] "GET /goods.php?items/community/207018485.htm HTTP/1.1" 500 1 "-" "Mozilla/5.0 (compatible; DataForSeoBot/1.0; +https://dataforseo.com/dataforseo-bot)"
136.243.220.212 - - [20/May/2026:23:24:28 +0000] "GET /goods.php?items/hypothesis/207018475.htm HTTP/1.1" 500 1 "-" "Mozilla/5.0 (compatible; DataForSeoBot/1.0; +https://dataforseo.com/dataforseo-bot)"
136.243.220.212 - - [20/May/2026:23:24:38 +0000] "GET /goods.php?items/lift/123027731.htm HTTP/1.1" 500 1 "-" "Mozilla/5.0 (compatible; DataForSeoBot/1.0; +https://dataforseo.com/dataforseo-bot)"
136.243.220.212 - - [20/May/2026:23:24:47 +0000] "GET /goods.php?items/pretend/207018507.htm HTTP/1.1" 500 1 "-" "Mozilla/5.0 (compatible; DataForSeoBot/1.0; +https://dataforseo.com/dataforseo-bot)"
136.243.220.212 - - [20/May/2026:23:24:58 +0000] "GET /goods.php?items/chance/217020931.htm HTTP/1.1" 500 1 "-" "Mozilla/5.0 (compatible; DataForSeoBot/1.0; +https://dataforseo.com/dataforseo-bot)"
136.243.220.212 - - [20/May/2026:23:25:09 +0000] "GET /goods.php?items/join/135034153.htm HTTP/1.1" 500 1 "-" "Mozilla/5.0 (compatible; DataForSeoBot/1.0; +https://dataforseo.com/dataforseo-bot)"
136.243.220.212 - - [20/May/2026:23:25:19 +0000] "GET /goods.php?items/quote/050023046.htm HTTP/1.1" 500 1 "-" "Mozilla/5.0 (compatible; DataForSeoBot/1.0; +https://dataforseo.com/dataforseo-bot)"
136.243.220.212 - - [20/May/2026:23:25:29 +0000] "GET /goods.php?items/collection/135034199.htm HTTP/1.1" 500 1 "-" "Mozilla/5.0 (compatible; DataForSeoBot/1.0; +https://dataforseo.com/dataforseo-bot)"
136.243.220.212 - - [20/May/2026:23:25:39 +0000] "GET /goods.php?goods/280048387 HTTP/1.1" 500 1 "-" "Mozilla/5.0 (compatible; DataForSeoBot/1.0; +https://dataforseo.com/dataforseo-bot)"
136.243.220.212 - - [20/May/2026:23:25:49 +0000] "GET /goods.php?items/commonly/042008532.htm HTTP/1.1" 500 1 "-" "Mozilla/5.0 (compatible; DataForSeoBot/1.0; +https://dataforseo.com/dataforseo-bot)"
114.119.134.212 - - [20/May/2026:23:25:53 +0000] "GET /goods.php?items/institutional/107002649.htm HTTP/1.1" 500 1 "https://aioptify.com/goods.php?sitemap749.xml" "Mozilla/5.0 (Linux; Android 7.0;) AppleWebKit/537.36 (HTML, like Gecko) Mobile Safari/537.36 (compatible; PetalBot;+https://webmaster.petalsearch.com/site/petalbot)"
136.243.220.212 - - [20/May/2026:23:26:01 +0000] "GET /goods.php?items/self/135034103.htm HTTP/1.1" 500 1 "-" "Mozilla/5.0 (compatible; DataForSeoBot/1.0; +https://dataforseo.com/dataforseo-bot)"
136.243.220.212 - - [20/May/2026:23:26:10 +0000] "GET /goods.php?items/slope/264034916.htm HTTP/1.1" 500 1 "-" "Mozilla/5.0 (compatible; DataForSeoBot/1.0; +https://dataforseo.com/dataforseo-bot)"
136.243.220.212 - - [20/May/2026:23:26:19 +0000] "GET /goods.php?items/suburb/079003033.htm HTTP/1.1" 500 1 "-" "Mozilla/5.0 (compatible; DataForSeoBot/1.0; +https://dataforseo.com/dataforseo-bot)"
136.243.220.212 - - [20/May/2026:23:26:29 +0000] "GET /goods.php?jp/178017433.html HTTP/1.1" 500 1 "-" "Mozilla/5.0 (compatible; DataForSeoBot/1.0; +https://dataforseo.com/dataforseo-bot)"
136.243.220.212 - - [20/May/2026:23:26:38 +0000] "GET /goods.php?jp/178017979.html HTTP/1.1" 500 1 "-" "Mozilla/5.0 (compatible; DataForSeoBot/1.0; +https://dataforseo.com/dataforseo-bot)"
136.243.220.212 - - [20/May/2026:23:26:48 +0000] "GET /goods.php?items/firmly/187034669.htm HTTP/1.1" 500 1 "-" "Mozilla/5.0 (compatible; DataForSeoBot/1.0; +https://dataforseo.com/dataforseo-bot)"
136.243.220.212 - - [20/May/2026:23:26:59 +0000] "GET /goods.php?items/romantic/013021631.htm HTTP/1.1" 500 1 "-" "Mozilla/5.0 (compatible; DataForSeoBot/1.0; +https://dataforseo.com/dataforseo-bot)"
136.243.220.212 - - [20/May/2026:23:27:09 +0000] "GET /goods.php?items/officially/001033853.htm HTTP/1.1" 500 1 "-" "Mozilla/5.0 (compatible; DataForSeoBot/1.0; +https://dataforseo.com/dataforseo-bot)"
136.243.220.212 - - [20/May/2026:23:27:18 +0000] "GET /goods.php?items/lawsuit/013023161.htm HTTP/1.1" 500 1 "-" "Mozilla/5.0 (compatible; DataForSeoBot/1.0; +https://dataforseo.com/dataforseo-bot)"
114.119.155.44 - - [20/May/2026:23:27:18 +0000] "GET /goods.php?items/homeless/090002012.htm HTTP/1.1" 500 1 "https://aioptify.com/goods.php?items/homeless/090002012.htm" "Mozilla/5.0 (Linux; Android 7.0;) AppleWebKit/537.36 (HTML, like Gecko) Mobile Safari/537.36 (compatible; PetalBot;+https://webmaster.petalsearch.com/site/petalbot)"
136.243.220.212 - - [20/May/2026:23:27:28 +0000] "GET /goods.php?detail/005004076476 HTTP/1.1" 500 1 "-" "Mozilla/5.0 (compatible; DataForSeoBot/1.0; +https://dataforseo.com/dataforseo-bot)"
136.243.220.212 - - [20/May/2026:23:27:38 +0000] "GET /goods.php?items/consequently/013021753.htm HTTP/1.1" 500 1 "-" "Mozilla/5.0 (compatible; DataForSeoBot/1.0; +https://dataforseo.com/dataforseo-bot)"
136.243.220.212 - - [20/May/2026:23:27:49 +0000] "GET /goods.php?jp/149012338.html HTTP/1.1" 500 1 "-" "Mozilla/5.0 (compatible; DataForSeoBot/1.0; +https://dataforseo.com/dataforseo-bot)"
136.243.220.212 - - [20/May/2026:23:27:59 +0000] "GET /goods.php?items/forest/145046941.htm HTTP/1.1" 500 1 "-" "Mozilla/5.0 (compatible; DataForSeoBot/1.0; +https://dataforseo.com/dataforseo-bot)"
136.243.220.212 - - [20/May/2026:23:28:09 +0000] "GET /goods.php?items/affect/297000473.htm HTTP/1.1" 500 1 "-" "Mozilla/5.0 (compatible; DataForSeoBot/1.0; +https://dataforseo.com/dataforseo-bot)"
136.243.220.212 - - [20/May/2026:23:28:21 +0000] "GET /goods.php?items/transition/091021371.htm HTTP/1.1" 500 1 "-" "Mozilla/5.0 (compatible; DataForSeoBot/1.0; +https://dataforseo.com/dataforseo-bot)"
136.243.220.212 - - [20/May/2026:23:28:32 +0000] "GET /goods.php?items/image/091021183.htm HTTP/1.1" 500 1 "-" "Mozilla/5.0 (compatible; DataForSeoBot/1.0; +https://dataforseo.com/dataforseo-bot)"
136.243.220.212 - - [20/May/2026:23:28:41 +0000] "GET /goods.php?items/leaf/156038828.htm HTTP/1.1" 500 1 "-" "Mozilla/5.0 (compatible; DataForSeoBot/1.0; +https://dataforseo.com/dataforseo-bot)"
204.12.208.18 - - [20/May/2026:23:28:50 +0000] "GET /wp-includes/br745832/index.php HTTP/1.1" 500 - "https://aioptify.com/wp-includes/br745832/index.php" "Mozilla/5.0 (Windows NT 6.1) AppleWebKit/535.1 (KHTML, like Gecko) Chrome/13.0.782.107 Safari/535.1"
204.12.208.18 - - [20/May/2026:23:28:50 +0000] "GET /wp-includes/br745832/index.php HTTP/1.1" 500 - "https://aioptify.com/wp-includes/br745832/index.php" "Mozilla/5.0 (Macintosh; Intel Mac OS X 10_6_8) AppleWebKit/535.1 (KHTML, like Gecko) Chrome/13.0.782.112 Safari/535.1"
204.12.208.18 - - [20/May/2026:23:28:51 +0000] "GET /wp-includes/br745832/index.php HTTP/1.1" 500 - "https://aioptify.com/wp-includes/br745832/index.php" "Mozilla/5.0 (Windows NT 5.1) AppleWebKit/535.2 (KHTML, like Gecko) Chrome/15.0.874.120 Safari/535.2"
136.243.220.212 - - [20/May/2026:23:28:51 +0000] "GET /goods.php?items/climate/147034805.htm HTTP/1.1" 500 1 "-" "Mozilla/5.0 (compatible; DataForSeoBot/1.0; +https://dataforseo.com/dataforseo-bot)"
114.119.134.212 - - [20/May/2026:23:28:51 +0000] "GET /goods.php?items/high/071008647.htm HTTP/1.1" 500 1 "https://aioptify.com/goods.php?items/high/071008647.htm" "Mozilla/5.0 (Linux; Android 7.0;) AppleWebKit/537.36 (HTML, like Gecko) Mobile Safari/537.36 (compatible; PetalBot;+https://webmaster.petalsearch.com/site/petalbot)"
136.243.220.212 - - [20/May/2026:23:29:01 +0000] "GET /goods.php?items/naval/134040904.htm HTTP/1.1" 500 1 "-" "Mozilla/5.0 (compatible; DataForSeoBot/1.0; +https://dataforseo.com/dataforseo-bot)"
136.243.220.212 - - [20/May/2026:23:29:11 +0000] "GET /goods.php?items/creature/010048542.htm HTTP/1.1" 500 1 "-" "Mozilla/5.0 (compatible; DataForSeoBot/1.0; +https://dataforseo.com/dataforseo-bot)"
136.243.220.212 - - [20/May/2026:23:29:20 +0000] "GET /goods.php?items/pin/247008405.htm HTTP/1.1" 500 1 "-" "Mozilla/5.0 (compatible; DataForSeoBot/1.0; +https://dataforseo.com/dataforseo-bot)"
136.243.220.212 - - [20/May/2026:23:29:30 +0000] "GET /goods.php?items/rapidly/071018289.htm HTTP/1.1" 500 1 "-" "Mozilla/5.0 (compatible; DataForSeoBot/1.0; +https://dataforseo.com/dataforseo-bot)"
136.243.220.212 - - [20/May/2026:23:29:40 +0000] "GET /goods.php?items/fantastic/118005338.htm HTTP/1.1" 500 1 "-" "Mozilla/5.0 (compatible; DataForSeoBot/1.0; +https://dataforseo.com/dataforseo-bot)"
136.243.220.212 - - [20/May/2026:23:29:51 +0000] "GET /goods.php?goods/147034742 HTTP/1.1" 500 1 "-" "Mozilla/5.0 (compatible; DataForSeoBot/1.0; +https://dataforseo.com/dataforseo-bot)"
136.243.220.212 - - [20/May/2026:23:30:00 +0000] "GET /goods.php?items/depart/237039445.htm HTTP/1.1" 500 1 "-" "Mozilla/5.0 (compatible; DataForSeoBot/1.0; +https://dataforseo.com/dataforseo-bot)"
136.243.220.212 - - [20/May/2026:23:30:11 +0000] "GET /goods.php?items/closet/114016832.htm HTTP/1.1" 500 1 "-" "Mozilla/5.0 (compatible; DataForSeoBot/1.0; +https://dataforseo.com/dataforseo-bot)"
136.243.220.212 - - [20/May/2026:23:30:22 +0000] "GET /goods.php?items/actual/045030581.htm HTTP/1.1" 500 1 "-" "Mozilla/5.0 (compatible; DataForSeoBot/1.0; +https://dataforseo.com/dataforseo-bot)"
114.119.143.119 - - [20/May/2026:23:30:24 +0000] "GET /goods.php?items/hazard/236047232.htm HTTP/1.1" 500 1 "https://aioptify.com/goods.php?sitemap749.xml" "Mozilla/5.0 (Linux; Android 7.0;) AppleWebKit/537.36 (HTML, like Gecko) Mobile Safari/537.36 (compatible; PetalBot;+https://webmaster.petalsearch.com/site/petalbot)"
136.243.220.212 - - [20/May/2026:23:30:33 +0000] "GET /goods.php?items/neighborhood/111005315.htm HTTP/1.1" 500 1 "-" "Mozilla/5.0 (compatible; DataForSeoBot/1.0; +https://dataforseo.com/dataforseo-bot)"
136.243.220.212 - - [20/May/2026:23:30:43 +0000] "GET /goods.php?items/inspiration/036034158.htm HTTP/1.1" 500 1 "-" "Mozilla/5.0 (compatible; DataForSeoBot/1.0; +https://dataforseo.com/dataforseo-bot)"
136.243.220.212 - - [20/May/2026:23:30:54 +0000] "GET /goods.php?items/mix/080000504.htm HTTP/1.1" 500 1 "-" "Mozilla/5.0 (compatible; DataForSeoBot/1.0; +https://dataforseo.com/dataforseo-bot)"
136.243.220.212 - - [20/May/2026:23:31:06 +0000] "GET /goods.php?items/surveillance/177043237.htm HTTP/1.1" 500 1 "-" "Mozilla/5.0 (compatible; DataForSeoBot/1.0; +https://dataforseo.com/dataforseo-bot)"
136.243.220.212 - - [20/May/2026:23:31:16 +0000] "GET /goods.php?items/swear/093006819.htm HTTP/1.1" 500 1 "-" "Mozilla/5.0 (compatible; DataForSeoBot/1.0; +https://dataforseo.com/dataforseo-bot)"
136.243.220.212 - - [20/May/2026:23:31:25 +0000] "GET /goods.php?items/ability/277028189.htm HTTP/1.1" 500 1 "-" "Mozilla/5.0 (compatible; DataForSeoBot/1.0; +https://dataforseo.com/dataforseo-bot)"
148.113.130.139 - - [20/May/2026:23:31:31 +0000] "GET /2277000308?shopbrand=2273108584 HTTP/1.1" 500 1 "-" "Mozilla/5.0 (compatible; AhrefsBot/7.0; +http://ahrefs.com/robot/)"
136.243.220.212 - - [20/May/2026:23:31:35 +0000] "GET /goods.php?items/physical/196030020.htm HTTP/1.1" 500 1 "-" "Mozilla/5.0 (compatible; DataForSeoBot/1.0; +https://dataforseo.com/dataforseo-bot)"
136.243.220.212 - - [20/May/2026:23:31:46 +0000] "GET /goods.php?items/practitioner/020000478.htm HTTP/1.1" 500 1 "-" "Mozilla/5.0 (compatible; DataForSeoBot/1.0; +https://dataforseo.com/dataforseo-bot)"
136.243.220.212 - - [20/May/2026:23:31:56 +0000] "GET /goods.php?jp/251008198.html HTTP/1.1" 500 1 "-" "Mozilla/5.0 (compatible; DataForSeoBot/1.0; +https://dataforseo.com/dataforseo-bot)"
114.119.150.65 - - [20/May/2026:23:31:57 +0000] "GET /goods.php?items/harmony/140034644.htm HTTP/1.1" 500 1 "https://aioptify.com/goods.php?sitemap405.xml" "Mozilla/5.0 (Linux; Android 7.0;) AppleWebKit/537.36 (HTML, like Gecko) Mobile Safari/537.36 (compatible; PetalBot;+https://webmaster.petalsearch.com/site/petalbot)"
136.243.220.212 - - [20/May/2026:23:32:06 +0000] "GET /goods.php?items/intensity/002041796.htm HTTP/1.1" 500 1 "-" "Mozilla/5.0 (compatible; DataForSeoBot/1.0; +https://dataforseo.com/dataforseo-bot)"
72.208.173.167 - - [20/May/2026:23:32:06 +0000] "GET /top-software-books.php HTTP/1.1" 500 1 "-" "Mozilla/5.0 (iPhone; CPU iPhone OS 18_7 like Mac OS X) AppleWebKit/605.1.15 (KHTML, like Gecko) Version/26.5 Mobile/15E148 Safari/604.1"
72.208.173.167 - - [20/May/2026:23:32:07 +0000] "GET /favicon.ico HTTP/1.1" 500 1 "https://www.aioptify.com/top-software-books.php" "Mozilla/5.0 (iPhone; CPU iPhone OS 18_7 like Mac OS X) AppleWebKit/605.1.15 (KHTML, like Gecko) Version/26.5 Mobile/15E148 Safari/604.1"
136.243.220.212 - - [20/May/2026:23:32:16 +0000] "GET /goods.php?items/certain/043010119.htm HTTP/1.1" 500 1 "-" "Mozilla/5.0 (compatible; DataForSeoBot/1.0; +https://dataforseo.com/dataforseo-bot)"
136.243.220.212 - - [20/May/2026:23:32:26 +0000] "GET /goods.php?detail/18303565514160 HTTP/1.1" 500 1 "-" "Mozilla/5.0 (compatible; DataForSeoBot/1.0; +https://dataforseo.com/dataforseo-bot)"
136.243.220.212 - - [20/May/2026:23:32:36 +0000] "GET /goods.php?items/pant/149041881.htm HTTP/1.1" 500 1 "-" "Mozilla/5.0 (compatible; DataForSeoBot/1.0; +https://dataforseo.com/dataforseo-bot)"
136.243.220.212 - - [20/May/2026:23:32:46 +0000] "GET /goods.php?items/deem/233014749.htm HTTP/1.1" 500 1 "-" "Mozilla/5.0 (compatible; DataForSeoBot/1.0; +https://dataforseo.com/dataforseo-bot)"
136.243.220.212 - - [20/May/2026:23:32:55 +0000] "GET /goods.php?jp/176019904.html HTTP/1.1" 500 1 "-" "Mozilla/5.0 (compatible; DataForSeoBot/1.0; +https://dataforseo.com/dataforseo-bot)"
136.243.220.212 - - [20/May/2026:23:33:07 +0000] "GET /goods.php?items/pan/130037204.htm HTTP/1.1" 500 1 "-" "Mozilla/5.0 (compatible; DataForSeoBot/1.0; +https://dataforseo.com/dataforseo-bot)"
136.243.220.212 - - [20/May/2026:23:33:17 +0000] "GET /goods.php?items/ear/190002020.htm HTTP/1.1" 500 1 "-" "Mozilla/5.0 (compatible; DataForSeoBot/1.0; +https://dataforseo.com/dataforseo-bot)"
136.243.220.212 - - [20/May/2026:23:33:27 +0000] "GET /goods.php?jp/166047449.html HTTP/1.1" 500 1 "-" "Mozilla/5.0 (compatible; DataForSeoBot/1.0; +https://dataforseo.com/dataforseo-bot)"
114.119.137.160 - - [20/May/2026:23:33:30 +0000] "GET /goods.php?items/hand/283003407.htm HTTP/1.1" 500 1 "https://aioptify.com/goods.php?sitemap749.xml" "Mozilla/5.0 (Linux; Android 7.0;) AppleWebKit/537.36 (HTML, like Gecko) Mobile Safari/537.36 (compatible; PetalBot;+https://webmaster.petalsearch.com/site/petalbot)"
136.243.220.212 - - [20/May/2026:23:33:38 +0000] "GET /goods.php?items/works/190014168.htm HTTP/1.1" 500 1 "-" "Mozilla/5.0 (compatible; DataForSeoBot/1.0; +https://dataforseo.com/dataforseo-bot)"
136.243.220.212 - - [20/May/2026:23:33:48 +0000] "GET /goods.php?items/repair/125016297.htm HTTP/1.1" 500 1 "-" "Mozilla/5.0 (compatible; DataForSeoBot/1.0; +https://dataforseo.com/dataforseo-bot)"
136.243.220.212 - - [20/May/2026:23:33:58 +0000] "GET /goods.php?items/constant/046033090.htm HTTP/1.1" 500 1 "-" "Mozilla/5.0 (compatible; DataForSeoBot/1.0; +https://dataforseo.com/dataforseo-bot)"
136.243.220.212 - - [20/May/2026:23:34:09 +0000] "GET /goods.php?items/identify/190013992.htm HTTP/1.1" 500 1 "-" "Mozilla/5.0 (compatible; DataForSeoBot/1.0; +https://dataforseo.com/dataforseo-bot)"
136.243.220.212 - - [20/May/2026:23:34:18 +0000] "GET /goods.php?items/religion/204024920.htm HTTP/1.1" 500 1 "-" "Mozilla/5.0 (compatible; DataForSeoBot/1.0; +https://dataforseo.com/dataforseo-bot)"
136.243.220.212 - - [20/May/2026:23:34:29 +0000] "GET /goods.php?items/stumble/262006066.htm HTTP/1.1" 500 1 "-" "Mozilla/5.0 (compatible; DataForSeoBot/1.0; +https://dataforseo.com/dataforseo-bot)"
136.243.220.212 - - [20/May/2026:23:34:39 +0000] "GET /goods.php?items/clearance/163010951.htm HTTP/1.1" 500 1 "-" "Mozilla/5.0 (compatible; DataForSeoBot/1.0; +https://dataforseo.com/dataforseo-bot)"
136.243.220.212 - - [20/May/2026:23:34:49 +0000] "GET /goods.php?items/screening/051034233.htm HTTP/1.1" 500 1 "-" "Mozilla/5.0 (compatible; DataForSeoBot/1.0; +https://dataforseo.com/dataforseo-bot)"
136.243.220.212 - - [20/May/2026:23:34:59 +0000] "GET /goods.php?items/thick/107039051.htm HTTP/1.1" 500 1 "-" "Mozilla/5.0 (compatible; DataForSeoBot/1.0; +https://dataforseo.com/dataforseo-bot)"
114.119.137.160 - - [20/May/2026:23:35:03 +0000] "GET /goods.php?items/gut/225004301.htm HTTP/1.1" 500 1 "https://aioptify.com/goods.php?sitemap749.xml" "Mozilla/5.0 (Linux; Android 7.0;) AppleWebKit/537.36 (HTML, like Gecko) Mobile Safari/537.36 (compatible; PetalBot;+https://webmaster.petalsearch.com/site/petalbot)"
136.243.220.212 - - [20/May/2026:23:35:08 +0000] "GET /goods.php?items/accurate/112010748.htm HTTP/1.1" 500 1 "-" "Mozilla/5.0 (compatible; DataForSeoBot/1.0; +https://dataforseo.com/dataforseo-bot)"
136.243.220.212 - - [20/May/2026:23:35:18 +0000] "GET /goods.php?jp/112011735.html HTTP/1.1" 500 1 "-" "Mozilla/5.0 (compatible; DataForSeoBot/1.0; +https://dataforseo.com/dataforseo-bot)"
136.243.220.212 - - [20/May/2026:23:35:28 +0000] "GET /goods.php?items/experiment/112010040.htm HTTP/1.1" 500 1 "-" "Mozilla/5.0 (compatible; DataForSeoBot/1.0; +https://dataforseo.com/dataforseo-bot)"
136.243.220.212 - - [20/May/2026:23:35:37 +0000] "GET /goods.php?items/minor/244021990.htm HTTP/1.1" 500 1 "-" "Mozilla/5.0 (compatible; DataForSeoBot/1.0; +https://dataforseo.com/dataforseo-bot)"
136.243.220.212 - - [20/May/2026:23:35:47 +0000] "GET /goods.php?shopping/090000079 HTTP/1.1" 500 1 "-" "Mozilla/5.0 (compatible; DataForSeoBot/1.0; +https://dataforseo.com/dataforseo-bot)"
136.243.220.212 - - [20/May/2026:23:35:57 +0000] "GET /goods.php?items/absolute/183002551.htm HTTP/1.1" 500 1 "-" "Mozilla/5.0 (compatible; DataForSeoBot/1.0; +https://dataforseo.com/dataforseo-bot)"
136.243.220.212 - - [20/May/2026:23:36:06 +0000] "GET /goods.php?detail/1500174234379 HTTP/1.1" 500 1 "-" "Mozilla/5.0 (compatible; DataForSeoBot/1.0; +https://dataforseo.com/dataforseo-bot)"
136.243.220.212 - - [20/May/2026:23:36:17 +0000] "GET /goods.php?items/educate/197001993.htm HTTP/1.1" 500 1 "-" "Mozilla/5.0 (compatible; DataForSeoBot/1.0; +https://dataforseo.com/dataforseo-bot)"
136.243.220.212 - - [20/May/2026:23:36:26 +0000] "GET /goods.php?items/earth/260007506.htm HTTP/1.1" 500 1 "-" "Mozilla/5.0 (compatible; DataForSeoBot/1.0; +https://dataforseo.com/dataforseo-bot)"
114.119.155.44 - - [20/May/2026:23:36:35 +0000] "GET /goods.php?items/golden/099020621.htm HTTP/1.1" 500 1 "https://aioptify.com/goods.php?sitemap405.xml" "Mozilla/5.0 (Linux; Android 7.0;) AppleWebKit/537.36 (HTML, like Gecko) Mobile Safari/537.36 (compatible; PetalBot;+https://webmaster.petalsearch.com/site/petalbot)"
136.243.220.212 - - [20/May/2026:23:36:35 +0000] "GET /goods.php?items/championship/260007364.htm HTTP/1.1" 500 1 "-" "Mozilla/5.0 (compatible; DataForSeoBot/1.0; +https://dataforseo.com/dataforseo-bot)"
136.243.220.212 - - [20/May/2026:23:36:46 +0000] "GET /goods.php?items/scenario/260007382.htm HTTP/1.1" 500 1 "-" "Mozilla/5.0 (compatible; DataForSeoBot/1.0; +https://dataforseo.com/dataforseo-bot)"
136.243.220.212 - - [20/May/2026:23:36:56 +0000] "GET /goods.php?items/stack/260007388.htm HTTP/1.1" 500 1 "-" "Mozilla/5.0 (compatible; DataForSeoBot/1.0; +https://dataforseo.com/dataforseo-bot)"
136.243.220.212 - - [20/May/2026:23:37:07 +0000] "GET /goods.php?items/speech/195009991.htm HTTP/1.1" 500 1 "-" "Mozilla/5.0 (compatible; DataForSeoBot/1.0; +https://dataforseo.com/dataforseo-bot)"
136.243.220.212 - - [20/May/2026:23:37:17 +0000] "GET /goods.php?items/impose/232004678.htm HTTP/1.1" 500 1 "-" "Mozilla/5.0 (compatible; DataForSeoBot/1.0; +https://dataforseo.com/dataforseo-bot)"
136.243.220.212 - - [20/May/2026:23:37:28 +0000] "GET /goods.php?items/remember/128007612.htm HTTP/1.1" 500 1 "-" "Mozilla/5.0 (compatible; DataForSeoBot/1.0; +https://dataforseo.com/dataforseo-bot)"
136.243.220.212 - - [20/May/2026:23:37:39 +0000] "GET /goods.php?items/isolate/188035846.htm HTTP/1.1" 500 1 "-" "Mozilla/5.0 (compatible; DataForSeoBot/1.0; +https://dataforseo.com/dataforseo-bot)"
136.243.220.212 - - [20/May/2026:23:37:51 +0000] "GET /goods.php?items/behavioral/119032377.htm HTTP/1.1" 500 1 "-" "Mozilla/5.0 (compatible; DataForSeoBot/1.0; +https://dataforseo.com/dataforseo-bot)"
136.243.220.212 - - [20/May/2026:23:38:01 +0000] "GET /goods.php?items/boat/048036376.htm HTTP/1.1" 500 1 "-" "Mozilla/5.0 (compatible; DataForSeoBot/1.0; +https://dataforseo.com/dataforseo-bot)"
114.119.140.4 - - [20/May/2026:23:38:08 +0000] "GET /goods.php?items/globe/018023978.htm HTTP/1.1" 500 1 "https://aioptify.com/goods.php?sitemap749.xml" "Mozilla/5.0 (Linux; Android 7.0;) AppleWebKit/537.36 (HTML, like Gecko) Mobile Safari/537.36 (compatible; PetalBot;+https://webmaster.petalsearch.com/site/petalbot)"
136.243.220.212 - - [20/May/2026:23:38:10 +0000] "GET /goods.php?items/AM/219027305.htm HTTP/1.1" 500 1 "-" "Mozilla/5.0 (compatible; DataForSeoBot/1.0; +https://dataforseo.com/dataforseo-bot)"
136.243.220.212 - - [20/May/2026:23:38:19 +0000] "GET /goods.php?items/butt/219027285.htm HTTP/1.1" 500 1 "-" "Mozilla/5.0 (compatible; DataForSeoBot/1.0; +https://dataforseo.com/dataforseo-bot)"
136.243.220.212 - - [20/May/2026:23:38:28 +0000] "GET /goods.php?items/extensive/219027311.htm HTTP/1.1" 500 1 "-" "Mozilla/5.0 (compatible; DataForSeoBot/1.0; +https://dataforseo.com/dataforseo-bot)"
136.243.220.212 - - [20/May/2026:23:38:38 +0000] "GET /goods.php?goods/078006002 HTTP/1.1" 500 1 "-" "Mozilla/5.0 (compatible; DataForSeoBot/1.0; +https://dataforseo.com/dataforseo-bot)"
136.243.220.212 - - [20/May/2026:23:38:48 +0000] "GET /goods.php?items/porch/176013202.htm HTTP/1.1" 500 1 "-" "Mozilla/5.0 (compatible; DataForSeoBot/1.0; +https://dataforseo.com/dataforseo-bot)"
136.243.220.212 - - [20/May/2026:23:38:58 +0000] "GET /goods.php?items/shock/036000992.htm HTTP/1.1" 500 1 "-" "Mozilla/5.0 (compatible; DataForSeoBot/1.0; +https://dataforseo.com/dataforseo-bot)"
136.243.220.212 - - [20/May/2026:23:39:08 +0000] "GET /goods.php?detail/1640019852838 HTTP/1.1" 500 1 "-" "Mozilla/5.0 (compatible; DataForSeoBot/1.0; +https://dataforseo.com/dataforseo-bot)"
136.243.220.212 - - [20/May/2026:23:39:18 +0000] "GET /goods.php?goods/206000043 HTTP/1.1" 500 1 "-" "Mozilla/5.0 (compatible; DataForSeoBot/1.0; +https://dataforseo.com/dataforseo-bot)"
136.243.220.212 - - [20/May/2026:23:39:27 +0000] "GET /goods.php?items/bike/018048066.htm HTTP/1.1" 500 1 "-" "Mozilla/5.0 (compatible; DataForSeoBot/1.0; +https://dataforseo.com/dataforseo-bot)"
136.243.220.212 - - [20/May/2026:23:39:38 +0000] "GET /goods.php?items/widely/050020350.htm HTTP/1.1" 500 1 "-" "Mozilla/5.0 (compatible; DataForSeoBot/1.0; +https://dataforseo.com/dataforseo-bot)"
114.119.134.212 - - [20/May/2026:23:39:41 +0000] "GET /goods.php?items/freeze/218002092.htm HTTP/1.1" 500 1 "https://aioptify.com/goods.php?sitemap749.xml" "Mozilla/5.0 (Linux; Android 7.0;) AppleWebKit/537.36 (HTML, like Gecko) Mobile Safari/537.36 (compatible; PetalBot;+https://webmaster.petalsearch.com/site/petalbot)"
136.243.220.212 - - [20/May/2026:23:39:47 +0000] "GET /goods.php?items/mate/113034785.htm HTTP/1.1" 500 1 "-" "Mozilla/5.0 (compatible; DataForSeoBot/1.0; +https://dataforseo.com/dataforseo-bot)"
136.243.220.212 - - [20/May/2026:23:39:56 +0000] "GET /goods.php?items/cotton/113034773.htm HTTP/1.1" 500 1 "-" "Mozilla/5.0 (compatible; DataForSeoBot/1.0; +https://dataforseo.com/dataforseo-bot)"
136.243.220.212 - - [20/May/2026:23:40:06 +0000] "GET /goods.php?items/unhappy/038013438.htm HTTP/1.1" 500 1 "-" "Mozilla/5.0 (compatible; DataForSeoBot/1.0; +https://dataforseo.com/dataforseo-bot)"
146.75.132.26 - - [20/May/2026:23:40:06 +0000] "GET /.well-known/passkey-endpoints HTTP/1.1" 500 1 "-" "com.apple.AuthenticationServicesCore.AuthenticationServicesAgent/8624.1.16.10.6 CFNetwork/3860.500.112 Darwin/25.4.0"
136.243.220.212 - - [20/May/2026:23:40:15 +0000] "GET /goods.php?items/interrupt/020032460.htm HTTP/1.1" 500 1 "-" "Mozilla/5.0 (compatible; DataForSeoBot/1.0; +https://dataforseo.com/dataforseo-bot)"
136.243.220.212 - - [20/May/2026:23:40:26 +0000] "GET /goods.php?items/proper/113034793.htm HTTP/1.1" 500 1 "-" "Mozilla/5.0 (compatible; DataForSeoBot/1.0; +https://dataforseo.com/dataforseo-bot)"
136.243.220.212 - - [20/May/2026:23:40:36 +0000] "GET /goods.php?items/psychologist/113034821.htm HTTP/1.1" 500 1 "-" "Mozilla/5.0 (compatible; DataForSeoBot/1.0; +https://dataforseo.com/dataforseo-bot)"
136.243.220.212 - - [20/May/2026:23:40:45 +0000] "GET /goods.php?items/mistake/113034857.htm HTTP/1.1" 500 1 "-" "Mozilla/5.0 (compatible; DataForSeoBot/1.0; +https://dataforseo.com/dataforseo-bot)"
136.243.220.212 - - [20/May/2026:23:40:56 +0000] "GET /goods.php?items/partially/205004415.htm HTTP/1.1" 500 1 "-" "Mozilla/5.0 (compatible; DataForSeoBot/1.0; +https://dataforseo.com/dataforseo-bot)"
136.243.220.212 - - [20/May/2026:23:41:07 +0000] "GET /goods.php?items/lot/292011650.htm HTTP/1.1" 500 1 "-" "Mozilla/5.0 (compatible; DataForSeoBot/1.0; +https://dataforseo.com/dataforseo-bot)"
114.119.150.65 - - [20/May/2026:23:41:13 +0000] "GET /goods.php?items/farmer/103008071.htm HTTP/1.1" 500 1 "https://aioptify.com/goods.php?sitemap749.xml" "Mozilla/5.0 (Linux; Android 7.0;) AppleWebKit/537.36 (HTML, like Gecko) Mobile Safari/537.36 (compatible; PetalBot;+https://webmaster.petalsearch.com/site/petalbot)"
136.243.220.212 - - [20/May/2026:23:41:17 +0000] "GET /goods.php?items/battle/047000487.htm HTTP/1.1" 500 1 "-" "Mozilla/5.0 (compatible; DataForSeoBot/1.0; +https://dataforseo.com/dataforseo-bot)"
136.243.220.212 - - [20/May/2026:23:41:27 +0000] "GET /goods.php?items/terrible/074012962.htm HTTP/1.1" 500 1 "-" "Mozilla/5.0 (compatible; DataForSeoBot/1.0; +https://dataforseo.com/dataforseo-bot)"
136.243.220.212 - - [20/May/2026:23:41:36 +0000] "GET /goods.php?items/withdrawal/111043439.htm HTTP/1.1" 500 1 "-" "Mozilla/5.0 (compatible; DataForSeoBot/1.0; +https://dataforseo.com/dataforseo-bot)"
136.243.220.212 - - [20/May/2026:23:41:46 +0000] "GET /goods.php?shopping/038000161 HTTP/1.1" 500 1 "-" "Mozilla/5.0 (compatible; DataForSeoBot/1.0; +https://dataforseo.com/dataforseo-bot)"
136.243.220.212 - - [20/May/2026:23:41:56 +0000] "GET /goods.php?jp/243009177.html HTTP/1.1" 500 1 "-" "Mozilla/5.0 (compatible; DataForSeoBot/1.0; +https://dataforseo.com/dataforseo-bot)"
136.243.220.212 - - [20/May/2026:23:42:07 +0000] "GET /goods.php?goods/243021338 HTTP/1.1" 500 1 "-" "Mozilla/5.0 (compatible; DataForSeoBot/1.0; +https://dataforseo.com/dataforseo-bot)"
136.243.220.212 - - [20/May/2026:23:42:16 +0000] "GET /goods.php?items/woman/045020825.htm HTTP/1.1" 500 1 "-" "Mozilla/5.0 (compatible; DataForSeoBot/1.0; +https://dataforseo.com/dataforseo-bot)"
136.243.220.212 - - [20/May/2026:23:42:29 +0000] "GET /goods.php?items/variable/195047597.htm HTTP/1.1" 500 1 "-" "Mozilla/5.0 (compatible; DataForSeoBot/1.0; +https://dataforseo.com/dataforseo-bot)"
136.243.220.212 - - [20/May/2026:23:42:39 +0000] "GET /goods.php?items/hundred/030032582.htm HTTP/1.1" 500 1 "-" "Mozilla/5.0 (compatible; DataForSeoBot/1.0; +https://dataforseo.com/dataforseo-bot)"
138.246.253.24 - - [20/May/2026:23:42:43 +0000] "GET /robots.txt HTTP/1.1" 500 - "-" "Mozilla/5.0 (Windows NT 10.0; Win64; x64) AppleWebKit/537.36 (KHTML, like Gecko) Chrome/103.0.5060.134 Safari/537.36"
136.243.220.212 - - [20/May/2026:23:42:48 +0000] "GET /goods.php?shopping/018000523 HTTP/1.1" 500 1 "-" "Mozilla/5.0 (compatible; DataForSeoBot/1.0; +https://dataforseo.com/dataforseo-bot)"
136.243.220.212 - - [20/May/2026:23:42:58 +0000] "GET /goods.php?goods/078035170 HTTP/1.1" 500 1 "-" "Mozilla/5.0 (compatible; DataForSeoBot/1.0; +https://dataforseo.com/dataforseo-bot)"
136.243.220.212 - - [20/May/2026:23:43:08 +0000] "GET /goods.php?items/container/142043666.htm HTTP/1.1" 500 1 "-" "Mozilla/5.0 (compatible; DataForSeoBot/1.0; +https://dataforseo.com/dataforseo-bot)"
136.243.220.212 - - [20/May/2026:23:43:17 +0000] "GET /goods.php?items/promotion/196001282.htm HTTP/1.1" 500 1 "-" "Mozilla/5.0 (compatible; DataForSeoBot/1.0; +https://dataforseo.com/dataforseo-bot)"
136.243.220.212 - - [20/May/2026:23:43:26 +0000] "GET /goods.php?items/educator/196013316.htm HTTP/1.1" 500 1 "-" "Mozilla/5.0 (compatible; DataForSeoBot/1.0; +https://dataforseo.com/dataforseo-bot)"
136.243.220.212 - - [20/May/2026:23:43:35 +0000] "GET /goods.php?items/brush/196014700.htm HTTP/1.1" 500 1 "-" "Mozilla/5.0 (compatible; DataForSeoBot/1.0; +https://dataforseo.com/dataforseo-bot)"
136.243.220.212 - - [20/May/2026:23:43:45 +0000] "GET /goods.php?items/opposite/040007550.htm HTTP/1.1" 500 1 "-" "Mozilla/5.0 (compatible; DataForSeoBot/1.0; +https://dataforseo.com/dataforseo-bot)"
136.243.220.212 - - [20/May/2026:23:43:54 +0000] "GET /goods.php?items/draw/042048720.htm HTTP/1.1" 500 1 "-" "Mozilla/5.0 (compatible; DataForSeoBot/1.0; +https://dataforseo.com/dataforseo-bot)"
136.243.220.212 - - [20/May/2026:23:44:05 +0000] "GET /goods.php?items/God/006012900.htm HTTP/1.1" 500 1 "-" "Mozilla/5.0 (compatible; DataForSeoBot/1.0; +https://dataforseo.com/dataforseo-bot)"
136.243.220.212 - - [20/May/2026:23:44:14 +0000] "GET /goods.php?items/experiment/006012970.htm HTTP/1.1" 500 1 "-" "Mozilla/5.0 (compatible; DataForSeoBot/1.0; +https://dataforseo.com/dataforseo-bot)"
136.243.220.212 - - [20/May/2026:23:44:23 +0000] "GET /goods.php?items/proposed/006012948.htm HTTP/1.1" 500 1 "-" "Mozilla/5.0 (compatible; DataForSeoBot/1.0; +https://dataforseo.com/dataforseo-bot)"
136.243.220.212 - - [20/May/2026:23:44:31 +0000] "GET /goods.php?items/cycle/006012926.htm HTTP/1.1" 500 1 "-" "Mozilla/5.0 (compatible; DataForSeoBot/1.0; +https://dataforseo.com/dataforseo-bot)"
136.243.220.212 - - [20/May/2026:23:44:40 +0000] "GET /goods.php?items/neighboring/196002684.htm HTTP/1.1" 500 1 "-" "Mozilla/5.0 (compatible; DataForSeoBot/1.0; +https://dataforseo.com/dataforseo-bot)"
136.243.220.212 - - [20/May/2026:23:44:54 +0000] "GET /goods.php?goods/063048992 HTTP/1.1" 500 1 "-" "Mozilla/5.0 (compatible; DataForSeoBot/1.0; +https://dataforseo.com/dataforseo-bot)"
136.243.220.212 - - [20/May/2026:23:45:02 +0000] "GET /goods.php?items/hot/078033080.htm HTTP/1.1" 500 1 "-" "Mozilla/5.0 (compatible; DataForSeoBot/1.0; +https://dataforseo.com/dataforseo-bot)"
136.243.220.212 - - [20/May/2026:23:45:13 +0000] "GET /goods.php?items/cooking/078033142.htm HTTP/1.1" 500 1 "-" "Mozilla/5.0 (compatible; DataForSeoBot/1.0; +https://dataforseo.com/dataforseo-bot)"
136.243.220.212 - - [20/May/2026:23:45:25 +0000] "GET /goods.php?jp/249019036.html HTTP/1.1" 500 1 "-" "Mozilla/5.0 (compatible; DataForSeoBot/1.0; +https://dataforseo.com/dataforseo-bot)"
136.243.220.212 - - [20/May/2026:23:45:34 +0000] "GET /goods.php?items/tend/271012013.htm HTTP/1.1" 500 1 "-" "Mozilla/5.0 (compatible; DataForSeoBot/1.0; +https://dataforseo.com/dataforseo-bot)"
136.243.220.212 - - [20/May/2026:23:45:44 +0000] "GET /goods.php?items/plaintiff/054045386.htm HTTP/1.1" 500 1 "-" "Mozilla/5.0 (compatible; DataForSeoBot/1.0; +https://dataforseo.com/dataforseo-bot)"
136.243.220.212 - - [20/May/2026:23:45:54 +0000] "GET /goods.php?items/compare/078033130.htm HTTP/1.1" 500 1 "-" "Mozilla/5.0 (compatible; DataForSeoBot/1.0; +https://dataforseo.com/dataforseo-bot)"
136.243.220.212 - - [20/May/2026:23:46:04 +0000] "GET /goods.php?items/participation/078033074.htm HTTP/1.1" 500 1 "-" "Mozilla/5.0 (compatible; DataForSeoBot/1.0; +https://dataforseo.com/dataforseo-bot)"
136.243.220.212 - - [20/May/2026:23:46:13 +0000] "GET /goods.php?items/international/257025165.htm HTTP/1.1" 500 1 "-" "Mozilla/5.0 (compatible; DataForSeoBot/1.0; +https://dataforseo.com/dataforseo-bot)"
136.243.220.212 - - [20/May/2026:23:46:24 +0000] "GET /goods.php?jp/053008341.html HTTP/1.1" 500 1 "-" "Mozilla/5.0 (compatible; DataForSeoBot/1.0; +https://dataforseo.com/dataforseo-bot)"
136.243.220.212 - - [20/May/2026:23:46:37 +0000] "GET /goods.php?goods/053008322 HTTP/1.1" 500 1 "-" "Mozilla/5.0 (compatible; DataForSeoBot/1.0; +https://dataforseo.com/dataforseo-bot)"
136.243.220.212 - - [20/May/2026:23:46:46 +0000] "GET /goods.php?items/constantly/252016810.htm HTTP/1.1" 500 1 "-" "Mozilla/5.0 (compatible; DataForSeoBot/1.0; +https://dataforseo.com/dataforseo-bot)"
136.243.220.212 - - [20/May/2026:23:46:55 +0000] "GET /goods.php?items/personnel/053008127.htm HTTP/1.1" 500 1 "-" "Mozilla/5.0 (compatible; DataForSeoBot/1.0; +https://dataforseo.com/dataforseo-bot)"
198.204.224.34 - - [20/May/2026:23:46:56 +0000] "GET /wp-content/pl7d2334/index.php HTTP/1.1" 500 1 "https://aioptify.com/wp-content/pl7d2334/index.php" "Mozilla/5.0 (Windows NT 10.0; Win64; x64) AppleWebKit/537.36 (KHTML, like Gecko) Chrome/58.0.3029.110 Safari/537.3"
198.204.224.34 - - [20/May/2026:23:46:56 +0000] "GET /wp-content/pl7d2334/index.php HTTP/1.1" 500 1 "https://aioptify.com/wp-content/pl7d2334/index.php" "Mozilla/5.0 (Windows NT 10.0; Win64; x64) AppleWebKit/537.36 (KHTML, like Gecko) Chrome/58.0.3029.110 Safari/537.3"
136.243.220.212 - - [20/May/2026:23:47:05 +0000] "GET /goods.php?items/economically/086001224.htm HTTP/1.1" 500 1 "-" "Mozilla/5.0 (compatible; DataForSeoBot/1.0; +https://dataforseo.com/dataforseo-bot)"
136.243.220.212 - - [20/May/2026:23:47:15 +0000] "GET /goods.php?items/high-tech/169030587.htm HTTP/1.1" 500 1 "-" "Mozilla/5.0 (compatible; DataForSeoBot/1.0; +https://dataforseo.com/dataforseo-bot)"
136.243.220.212 - - [20/May/2026:23:47:27 +0000] "GET /goods.php?jp/170013401.html HTTP/1.1" 500 1 "-" "Mozilla/5.0 (compatible; DataForSeoBot/1.0; +https://dataforseo.com/dataforseo-bot)"
136.243.220.212 - - [20/May/2026:23:47:36 +0000] "GET /goods.php?items/compare/165007817.htm HTTP/1.1" 500 1 "-" "Mozilla/5.0 (compatible; DataForSeoBot/1.0; +https://dataforseo.com/dataforseo-bot)"
136.243.220.212 - - [20/May/2026:23:47:45 +0000] "GET /goods.php?items/lawn/170045680.htm HTTP/1.1" 500 1 "-" "Mozilla/5.0 (compatible; DataForSeoBot/1.0; +https://dataforseo.com/dataforseo-bot)"
136.243.220.212 - - [20/May/2026:23:47:58 +0000] "GET /goods.php?items/rolling/170008944.htm HTTP/1.1" 500 1 "-" "Mozilla/5.0 (compatible; DataForSeoBot/1.0; +https://dataforseo.com/dataforseo-bot)"
136.243.220.212 - - [20/May/2026:23:48:07 +0000] "GET /goods.php?items/laser/170011364.htm HTTP/1.1" 500 1 "-" "Mozilla/5.0 (compatible; DataForSeoBot/1.0; +https://dataforseo.com/dataforseo-bot)"
136.243.220.212 - - [20/May/2026:23:48:17 +0000] "GET /goods.php?items/vs/079031775.htm HTTP/1.1" 500 1 "-" "Mozilla/5.0 (compatible; DataForSeoBot/1.0; +https://dataforseo.com/dataforseo-bot)"
136.243.220.212 - - [20/May/2026:23:48:26 +0000] "GET /goods.php?items/personnel/161035009.htm HTTP/1.1" 500 1 "-" "Mozilla/5.0 (compatible; DataForSeoBot/1.0; +https://dataforseo.com/dataforseo-bot)"
136.243.220.212 - - [20/May/2026:23:48:37 +0000] "GET /goods.php?goods/170013923 HTTP/1.1" 500 1 "-" "Mozilla/5.0 (compatible; DataForSeoBot/1.0; +https://dataforseo.com/dataforseo-bot)"
136.243.220.212 - - [20/May/2026:23:48:46 +0000] "GET /goods.php?items/partially/249000485.htm HTTP/1.1" 500 1 "-" "Mozilla/5.0 (compatible; DataForSeoBot/1.0; +https://dataforseo.com/dataforseo-bot)"
136.243.220.212 - - [20/May/2026:23:48:55 +0000] "GET /goods.php?items/continent/151021979.htm HTTP/1.1" 500 1 "-" "Mozilla/5.0 (compatible; DataForSeoBot/1.0; +https://dataforseo.com/dataforseo-bot)"
136.243.220.212 - - [20/May/2026:23:49:05 +0000] "GET /goods.php?items/bulb/075025003.htm HTTP/1.1" 500 1 "-" "Mozilla/5.0 (compatible; DataForSeoBot/1.0; +https://dataforseo.com/dataforseo-bot)"
136.243.220.212 - - [20/May/2026:23:49:15 +0000] "GET /goods.php?items/TV/075024999.htm HTTP/1.1" 500 1 "-" "Mozilla/5.0 (compatible; DataForSeoBot/1.0; +https://dataforseo.com/dataforseo-bot)"
136.243.220.212 - - [20/May/2026:23:49:30 +0000] "GET /goods.php?items/live/030000380.htm HTTP/1.1" 500 1 "-" "Mozilla/5.0 (compatible; DataForSeoBot/1.0; +https://dataforseo.com/dataforseo-bot)"
136.243.220.212 - - [20/May/2026:23:49:39 +0000] "GET /goods.php?goods/032014956 HTTP/1.1" 500 1 "-" "Mozilla/5.0 (compatible; DataForSeoBot/1.0; +https://dataforseo.com/dataforseo-bot)"
