114.119.157.111 - - [20/May/2026:22:06:22 +0000] "GET /goods.php?shopping/051020608 HTTP/1.1" 500 1 "https://aioptify.com/goods.php?shopping/051020608" "Mozilla/5.0 (Linux; Android 7.0;) AppleWebKit/537.36 (HTML, like Gecko) Mobile Safari/537.36 (compatible; PetalBot;+https://webmaster.petalsearch.com/site/petalbot)"
136.243.220.212 - - [20/May/2026:22:06:30 +0000] "GET /goods.php?items/backyard/179033205.htm HTTP/1.1" 500 1 "-" "Mozilla/5.0 (compatible; DataForSeoBot/1.0; +https://dataforseo.com/dataforseo-bot)"
136.243.220.212 - - [20/May/2026:22:06:40 +0000] "GET /goods.php?items/golden/238049864.htm HTTP/1.1" 500 1 "-" "Mozilla/5.0 (compatible; DataForSeoBot/1.0; +https://dataforseo.com/dataforseo-bot)"
136.243.220.212 - - [20/May/2026:22:06:50 +0000] "GET /goods.php?items/commonly/179030761.htm HTTP/1.1" 500 1 "-" "Mozilla/5.0 (compatible; DataForSeoBot/1.0; +https://dataforseo.com/dataforseo-bot)"
136.243.220.212 - - [20/May/2026:22:07:01 +0000] "GET /goods.php?items/high/010000806.htm HTTP/1.1" 500 1 "-" "Mozilla/5.0 (compatible; DataForSeoBot/1.0; +https://dataforseo.com/dataforseo-bot)"
69.30.223.218 - - [20/May/2026:22:07:08 +0000] "GET /wp-content/pl7d2334/index.php HTTP/1.1" 500 1 "https://aioptify.com/wp-content/pl7d2334/index.php" "Mozilla/5.0 (Windows NT 10.0; Win64; x64) AppleWebKit/537.36 (KHTML, like Gecko) Chrome/58.0.3029.110 Safari/537.3"
69.30.223.218 - - [20/May/2026:22:07:09 +0000] "GET /wp-content/pl7d2334/index.php HTTP/1.1" 500 1 "https://aioptify.com/wp-content/pl7d2334/index.php" "Mozilla/5.0 (Windows NT 10.0; Win64; x64) AppleWebKit/537.36 (KHTML, like Gecko) Chrome/58.0.3029.110 Safari/537.3"
136.243.220.212 - - [20/May/2026:22:07:11 +0000] "GET /goods.php?items/she/292048088.htm HTTP/1.1" 500 1 "-" "Mozilla/5.0 (compatible; DataForSeoBot/1.0; +https://dataforseo.com/dataforseo-bot)"
136.243.220.212 - - [20/May/2026:22:07:21 +0000] "GET /goods.php?items/justify/272025998.htm HTTP/1.1" 500 1 "-" "Mozilla/5.0 (compatible; DataForSeoBot/1.0; +https://dataforseo.com/dataforseo-bot)"
136.243.220.212 - - [20/May/2026:22:07:31 +0000] "GET /goods.php?items/hazard/195015507.htm HTTP/1.1" 500 1 "-" "Mozilla/5.0 (compatible; DataForSeoBot/1.0; +https://dataforseo.com/dataforseo-bot)"
136.243.220.212 - - [20/May/2026:22:07:40 +0000] "GET /goods.php?items/sack/108038334.htm HTTP/1.1" 500 1 "-" "Mozilla/5.0 (compatible; DataForSeoBot/1.0; +https://dataforseo.com/dataforseo-bot)"
114.119.143.119 - - [20/May/2026:22:07:45 +0000] "GET /goods.php?shopping/035038874 HTTP/1.1" 500 1 "https://aioptify.com/goods.php?shopping/035038874" "Mozilla/5.0 (Linux; Android 7.0;) AppleWebKit/537.36 (HTML, like Gecko) Mobile Safari/537.36 (compatible; PetalBot;+https://webmaster.petalsearch.com/site/petalbot)"
136.243.220.212 - - [20/May/2026:22:07:51 +0000] "GET /goods.php?items/yet/048041988.htm HTTP/1.1" 500 1 "-" "Mozilla/5.0 (compatible; DataForSeoBot/1.0; +https://dataforseo.com/dataforseo-bot)"
136.243.220.212 - - [20/May/2026:22:08:00 +0000] "GET /goods.php?items/species/180005236.htm HTTP/1.1" 500 1 "-" "Mozilla/5.0 (compatible; DataForSeoBot/1.0; +https://dataforseo.com/dataforseo-bot)"
136.243.220.212 - - [20/May/2026:22:08:11 +0000] "GET /goods.php?items/closed/121039105.htm HTTP/1.1" 500 1 "-" "Mozilla/5.0 (compatible; DataForSeoBot/1.0; +https://dataforseo.com/dataforseo-bot)"
136.243.220.212 - - [20/May/2026:22:08:20 +0000] "GET /goods.php?items/interfere/139016819.htm HTTP/1.1" 500 1 "-" "Mozilla/5.0 (compatible; DataForSeoBot/1.0; +https://dataforseo.com/dataforseo-bot)"
136.243.220.212 - - [20/May/2026:22:08:29 +0000] "GET /goods.php?goods/080029368 HTTP/1.1" 500 1 "-" "Mozilla/5.0 (compatible; DataForSeoBot/1.0; +https://dataforseo.com/dataforseo-bot)"
136.243.220.212 - - [20/May/2026:22:08:38 +0000] "GET /goods.php?items/criticize/280044690.htm HTTP/1.1" 500 1 "-" "Mozilla/5.0 (compatible; DataForSeoBot/1.0; +https://dataforseo.com/dataforseo-bot)"
136.243.220.212 - - [20/May/2026:22:08:48 +0000] "GET /goods.php?items/bug/274042712.htm HTTP/1.1" 500 1 "-" "Mozilla/5.0 (compatible; DataForSeoBot/1.0; +https://dataforseo.com/dataforseo-bot)"
5.231.255.190 - - [20/May/2026:22:08:56 +0000] "GET /images/uektsjl/trusdxc/eqslazj/index.php?pass=DJ4EPYqB5z9 HTTP/1.1" 500 - "-" "Mozilla/5.0 (Windows NT 10.0; Win64; x64) AppleWebKit/537.36 (KHTML, like Gecko) Chrome/127.0.0.0 Safari/537.36"
136.243.220.212 - - [20/May/2026:22:08:58 +0000] "GET /goods.php?items/versus/020010360.htm HTTP/1.1" 500 1 "-" "Mozilla/5.0 (compatible; DataForSeoBot/1.0; +https://dataforseo.com/dataforseo-bot)"
136.243.220.212 - - [20/May/2026:22:09:07 +0000] "GET /goods.php?items/toll/070000846.htm HTTP/1.1" 500 1 "-" "Mozilla/5.0 (compatible; DataForSeoBot/1.0; +https://dataforseo.com/dataforseo-bot)"
114.119.137.160 - - [20/May/2026:22:09:09 +0000] "GET /goods.php?shopping/026002343 HTTP/1.1" 500 1 "https://aioptify.com/goods.php?sitemap405.xml" "Mozilla/5.0 (Linux; Android 7.0;) AppleWebKit/537.36 (HTML, like Gecko) Mobile Safari/537.36 (compatible; PetalBot;+https://webmaster.petalsearch.com/site/petalbot)"
136.243.220.212 - - [20/May/2026:22:09:17 +0000] "GET /goods.php?items/dust/089044271.htm HTTP/1.1" 500 1 "-" "Mozilla/5.0 (compatible; DataForSeoBot/1.0; +https://dataforseo.com/dataforseo-bot)"
136.243.220.212 - - [20/May/2026:22:09:27 +0000] "GET /goods.php?items/health/012004562.htm HTTP/1.1" 500 1 "-" "Mozilla/5.0 (compatible; DataForSeoBot/1.0; +https://dataforseo.com/dataforseo-bot)"
136.243.220.212 - - [20/May/2026:22:09:37 +0000] "GET /goods.php?items/possible/280036146.htm HTTP/1.1" 500 1 "-" "Mozilla/5.0 (compatible; DataForSeoBot/1.0; +https://dataforseo.com/dataforseo-bot)"
136.243.220.212 - - [20/May/2026:22:09:46 +0000] "GET /goods.php?items/regulator/213002799.htm HTTP/1.1" 500 1 "-" "Mozilla/5.0 (compatible; DataForSeoBot/1.0; +https://dataforseo.com/dataforseo-bot)"
136.243.220.212 - - [20/May/2026:22:09:56 +0000] "GET /goods.php?items/hero/126031766.htm HTTP/1.1" 500 1 "-" "Mozilla/5.0 (compatible; DataForSeoBot/1.0; +https://dataforseo.com/dataforseo-bot)"
136.243.220.212 - - [20/May/2026:22:10:05 +0000] "GET /goods.php?detail/06003024187503 HTTP/1.1" 500 1 "-" "Mozilla/5.0 (compatible; DataForSeoBot/1.0; +https://dataforseo.com/dataforseo-bot)"
136.243.220.212 - - [20/May/2026:22:10:14 +0000] "GET /goods.php?items/educational/088042852.htm HTTP/1.1" 500 1 "-" "Mozilla/5.0 (compatible; DataForSeoBot/1.0; +https://dataforseo.com/dataforseo-bot)"
136.243.220.212 - - [20/May/2026:22:10:24 +0000] "GET /goods.php?items/physics/053009597.htm HTTP/1.1" 500 1 "-" "Mozilla/5.0 (compatible; DataForSeoBot/1.0; +https://dataforseo.com/dataforseo-bot)"
114.119.140.4 - - [20/May/2026:22:10:32 +0000] "GET /goods.php?shopping/021004680 HTTP/1.1" 500 1 "https://aioptify.com/goods.php?sitemap405.xml" "Mozilla/5.0 (Linux; Android 7.0;) AppleWebKit/537.36 (HTML, like Gecko) Mobile Safari/537.36 (compatible; PetalBot;+https://webmaster.petalsearch.com/site/petalbot)"
136.243.220.212 - - [20/May/2026:22:10:35 +0000] "GET /goods.php?detail/01402815801123 HTTP/1.1" 500 1 "-" "Mozilla/5.0 (compatible; DataForSeoBot/1.0; +https://dataforseo.com/dataforseo-bot)"
136.243.220.212 - - [20/May/2026:22:10:44 +0000] "GET /goods.php?items/result/029003147.htm HTTP/1.1" 500 1 "-" "Mozilla/5.0 (compatible; DataForSeoBot/1.0; +https://dataforseo.com/dataforseo-bot)"
136.243.220.212 - - [20/May/2026:22:10:53 +0000] "GET /goods.php?items/fare/126038004.htm HTTP/1.1" 500 1 "-" "Mozilla/5.0 (compatible; DataForSeoBot/1.0; +https://dataforseo.com/dataforseo-bot)"
136.243.220.212 - - [20/May/2026:22:11:03 +0000] "GET /goods.php?items/residence/087043883.htm HTTP/1.1" 500 1 "-" "Mozilla/5.0 (compatible; DataForSeoBot/1.0; +https://dataforseo.com/dataforseo-bot)"
136.243.220.212 - - [20/May/2026:22:11:14 +0000] "GET /goods.php?items/message/172002678.htm HTTP/1.1" 500 1 "-" "Mozilla/5.0 (compatible; DataForSeoBot/1.0; +https://dataforseo.com/dataforseo-bot)"
136.243.220.212 - - [20/May/2026:22:11:23 +0000] "GET /goods.php?items/belly/042018594.htm HTTP/1.1" 500 1 "-" "Mozilla/5.0 (compatible; DataForSeoBot/1.0; +https://dataforseo.com/dataforseo-bot)"
136.243.220.212 - - [20/May/2026:22:11:33 +0000] "GET /goods.php?items/consist/131004239.htm HTTP/1.1" 500 1 "-" "Mozilla/5.0 (compatible; DataForSeoBot/1.0; +https://dataforseo.com/dataforseo-bot)"
136.243.220.212 - - [20/May/2026:22:11:43 +0000] "GET /goods.php?items/sky/148034762.htm HTTP/1.1" 500 1 "-" "Mozilla/5.0 (compatible; DataForSeoBot/1.0; +https://dataforseo.com/dataforseo-bot)"
136.243.220.212 - - [20/May/2026:22:11:52 +0000] "GET /goods.php?items/recipe/110034996.htm HTTP/1.1" 500 1 "-" "Mozilla/5.0 (compatible; DataForSeoBot/1.0; +https://dataforseo.com/dataforseo-bot)"
114.119.143.119 - - [20/May/2026:22:11:56 +0000] "GET /goods.php?shopping/003025780 HTTP/1.1" 500 1 "https://aioptify.com/goods.php?sitemap749.xml" "Mozilla/5.0 (Linux; Android 7.0;) AppleWebKit/537.36 (HTML, like Gecko) Mobile Safari/537.36 (compatible; PetalBot;+https://webmaster.petalsearch.com/site/petalbot)"
136.243.220.212 - - [20/May/2026:22:12:01 +0000] "GET /goods.php?items/write/061031527.htm HTTP/1.1" 500 1 "-" "Mozilla/5.0 (compatible; DataForSeoBot/1.0; +https://dataforseo.com/dataforseo-bot)"
136.243.220.212 - - [20/May/2026:22:12:12 +0000] "GET /goods.php?items/pro/038018324.htm HTTP/1.1" 500 1 "-" "Mozilla/5.0 (compatible; DataForSeoBot/1.0; +https://dataforseo.com/dataforseo-bot)"
136.243.220.212 - - [20/May/2026:22:12:22 +0000] "GET /goods.php?items/interaction/010007590.htm HTTP/1.1" 500 1 "-" "Mozilla/5.0 (compatible; DataForSeoBot/1.0; +https://dataforseo.com/dataforseo-bot)"
136.243.220.212 - - [20/May/2026:22:12:31 +0000] "GET /goods.php?items/lifestyle/107015367.htm HTTP/1.1" 500 1 "-" "Mozilla/5.0 (compatible; DataForSeoBot/1.0; +https://dataforseo.com/dataforseo-bot)"
136.243.220.212 - - [20/May/2026:22:12:40 +0000] "GET /goods.php?detail/1070098101271 HTTP/1.1" 500 1 "-" "Mozilla/5.0 (compatible; DataForSeoBot/1.0; +https://dataforseo.com/dataforseo-bot)"
136.243.220.212 - - [20/May/2026:22:12:50 +0000] "GET /goods.php?items/subsequent/107018383.htm HTTP/1.1" 500 1 "-" "Mozilla/5.0 (compatible; DataForSeoBot/1.0; +https://dataforseo.com/dataforseo-bot)"
136.243.220.212 - - [20/May/2026:22:12:59 +0000] "GET /goods.php?items/setting/179020933.htm HTTP/1.1" 500 1 "-" "Mozilla/5.0 (compatible; DataForSeoBot/1.0; +https://dataforseo.com/dataforseo-bot)"
136.243.220.212 - - [20/May/2026:22:13:10 +0000] "GET /goods.php?items/rod/041005831.htm HTTP/1.1" 500 1 "-" "Mozilla/5.0 (compatible; DataForSeoBot/1.0; +https://dataforseo.com/dataforseo-bot)"
114.119.140.4 - - [20/May/2026:22:13:18 +0000] "GET /goods.php?shopping/002005271 HTTP/1.1" 500 1 "https://aioptify.com/goods.php?sitemap405.xml" "Mozilla/5.0 (Linux; Android 7.0;) AppleWebKit/537.36 (HTML, like Gecko) Mobile Safari/537.36 (compatible; PetalBot;+https://webmaster.petalsearch.com/site/petalbot)"
136.243.220.212 - - [20/May/2026:22:13:20 +0000] "GET /goods.php?items/bold/107026793.htm HTTP/1.1" 500 1 "-" "Mozilla/5.0 (compatible; DataForSeoBot/1.0; +https://dataforseo.com/dataforseo-bot)"
136.243.220.212 - - [20/May/2026:22:13:30 +0000] "GET /goods.php?items/spouse/012043536.htm HTTP/1.1" 500 1 "-" "Mozilla/5.0 (compatible; DataForSeoBot/1.0; +https://dataforseo.com/dataforseo-bot)"
136.243.220.212 - - [20/May/2026:22:13:40 +0000] "GET /goods.php?items/sweet/107017251.htm HTTP/1.1" 500 1 "-" "Mozilla/5.0 (compatible; DataForSeoBot/1.0; +https://dataforseo.com/dataforseo-bot)"
136.243.220.212 - - [20/May/2026:22:13:49 +0000] "GET /goods.php?items/German/245038895.htm HTTP/1.1" 500 1 "-" "Mozilla/5.0 (compatible; DataForSeoBot/1.0; +https://dataforseo.com/dataforseo-bot)"
136.243.220.212 - - [20/May/2026:22:13:58 +0000] "GET /goods.php?items/middle/260042340.htm HTTP/1.1" 500 1 "-" "Mozilla/5.0 (compatible; DataForSeoBot/1.0; +https://dataforseo.com/dataforseo-bot)"
136.243.220.212 - - [20/May/2026:22:14:08 +0000] "GET /goods.php?items/refer/160042788.htm HTTP/1.1" 500 1 "-" "Mozilla/5.0 (compatible; DataForSeoBot/1.0; +https://dataforseo.com/dataforseo-bot)"
136.243.220.212 - - [20/May/2026:22:14:18 +0000] "GET /goods.php?items/log/160027180.htm HTTP/1.1" 500 1 "-" "Mozilla/5.0 (compatible; DataForSeoBot/1.0; +https://dataforseo.com/dataforseo-bot)"
136.243.220.212 - - [20/May/2026:22:14:27 +0000] "GET /goods.php?items/quite/097014805.htm HTTP/1.1" 500 1 "-" "Mozilla/5.0 (compatible; DataForSeoBot/1.0; +https://dataforseo.com/dataforseo-bot)"
136.243.220.212 - - [20/May/2026:22:14:37 +0000] "GET /goods.php?items/actually/020025368.htm HTTP/1.1" 500 1 "-" "Mozilla/5.0 (compatible; DataForSeoBot/1.0; +https://dataforseo.com/dataforseo-bot)"
136.243.220.212 - - [20/May/2026:22:14:46 +0000] "GET /goods.php?items/lawsuit/108003354.htm HTTP/1.1" 500 1 "-" "Mozilla/5.0 (compatible; DataForSeoBot/1.0; +https://dataforseo.com/dataforseo-bot)"
136.243.220.212 - - [20/May/2026:22:14:55 +0000] "GET /goods.php?items/exciting/019008395.htm HTTP/1.1" 500 1 "-" "Mozilla/5.0 (compatible; DataForSeoBot/1.0; +https://dataforseo.com/dataforseo-bot)"
136.243.220.212 - - [20/May/2026:22:15:05 +0000] "GET /goods.php?items/desert/181025137.htm HTTP/1.1" 500 1 "-" "Mozilla/5.0 (compatible; DataForSeoBot/1.0; +https://dataforseo.com/dataforseo-bot)"
114.119.137.160 - - [20/May/2026:22:15:07 +0000] "GET /goods.php?items/wound/247018041.htm HTTP/1.1" 500 1 "https://aioptify.com/goods.php?sitemap405.xml" "Mozilla/5.0 (Linux; Android 7.0;) AppleWebKit/537.36 (HTML, like Gecko) Mobile Safari/537.36 (compatible; PetalBot;+https://webmaster.petalsearch.com/site/petalbot)"
136.243.220.212 - - [20/May/2026:22:15:15 +0000] "GET /goods.php?goods/244030537 HTTP/1.1" 500 1 "-" "Mozilla/5.0 (compatible; DataForSeoBot/1.0; +https://dataforseo.com/dataforseo-bot)"
136.243.220.212 - - [20/May/2026:22:15:26 +0000] "GET /goods.php?items/not/181025085.htm HTTP/1.1" 500 1 "-" "Mozilla/5.0 (compatible; DataForSeoBot/1.0; +https://dataforseo.com/dataforseo-bot)"
136.243.220.212 - - [20/May/2026:22:15:36 +0000] "GET /goods.php?items/pretend/057026369.htm HTTP/1.1" 500 1 "-" "Mozilla/5.0 (compatible; DataForSeoBot/1.0; +https://dataforseo.com/dataforseo-bot)"
136.243.220.212 - - [20/May/2026:22:15:46 +0000] "GET /goods.php?items/Christianity/150002112.htm HTTP/1.1" 500 1 "-" "Mozilla/5.0 (compatible; DataForSeoBot/1.0; +https://dataforseo.com/dataforseo-bot)"
136.243.220.212 - - [20/May/2026:22:15:56 +0000] "GET /goods.php?items/nine/101001281.htm HTTP/1.1" 500 1 "-" "Mozilla/5.0 (compatible; DataForSeoBot/1.0; +https://dataforseo.com/dataforseo-bot)"
114.119.140.4 - - [20/May/2026:22:16:06 +0000] "GET /goods.php?items/van/121031463.htm HTTP/1.1" 500 1 "https://aioptify.com/goods.php?sitemap405.xml" "Mozilla/5.0 (Linux; Android 7.0;) AppleWebKit/537.36 (HTML, like Gecko) Mobile Safari/537.36 (compatible; PetalBot;+https://webmaster.petalsearch.com/site/petalbot)"
136.243.220.212 - - [20/May/2026:22:16:06 +0000] "GET /goods.php?items/mentally/181025073.htm HTTP/1.1" 500 1 "-" "Mozilla/5.0 (compatible; DataForSeoBot/1.0; +https://dataforseo.com/dataforseo-bot)"
136.243.220.212 - - [20/May/2026:22:16:17 +0000] "GET /goods.php?items/net/181025055.htm HTTP/1.1" 500 1 "-" "Mozilla/5.0 (compatible; DataForSeoBot/1.0; +https://dataforseo.com/dataforseo-bot)"
136.243.220.212 - - [20/May/2026:22:16:28 +0000] "GET /goods.php?jp/261019012.html HTTP/1.1" 500 1 "-" "Mozilla/5.0 (compatible; DataForSeoBot/1.0; +https://dataforseo.com/dataforseo-bot)"
136.243.220.212 - - [20/May/2026:22:16:38 +0000] "GET /goods.php?items/auction/254023842.htm HTTP/1.1" 500 1 "-" "Mozilla/5.0 (compatible; DataForSeoBot/1.0; +https://dataforseo.com/dataforseo-bot)"
136.243.220.212 - - [20/May/2026:22:16:48 +0000] "GET /goods.php?goods/102027809 HTTP/1.1" 500 1 "-" "Mozilla/5.0 (compatible; DataForSeoBot/1.0; +https://dataforseo.com/dataforseo-bot)"
136.243.220.212 - - [20/May/2026:22:16:58 +0000] "GET /goods.php?items/date/203039379.htm HTTP/1.1" 500 1 "-" "Mozilla/5.0 (compatible; DataForSeoBot/1.0; +https://dataforseo.com/dataforseo-bot)"
136.243.220.212 - - [20/May/2026:22:17:08 +0000] "GET /goods.php?items/tank/162030604.htm HTTP/1.1" 500 1 "-" "Mozilla/5.0 (compatible; DataForSeoBot/1.0; +https://dataforseo.com/dataforseo-bot)"
136.243.220.212 - - [20/May/2026:22:17:19 +0000] "GET /goods.php?items/killer/257045925.htm HTTP/1.1" 500 1 "-" "Mozilla/5.0 (compatible; DataForSeoBot/1.0; +https://dataforseo.com/dataforseo-bot)"
114.119.134.212 - - [20/May/2026:22:17:29 +0000] "GET /goods.php?items/trap/150022422.htm HTTP/1.1" 500 1 "https://aioptify.com/goods.php?items/trap/150022422.htm" "Mozilla/5.0 (Linux; Android 7.0;) AppleWebKit/537.36 (HTML, like Gecko) Mobile Safari/537.36 (compatible; PetalBot;+https://webmaster.petalsearch.com/site/petalbot)"
136.243.220.212 - - [20/May/2026:22:17:29 +0000] "GET /goods.php?items/portfolio/102026708.htm HTTP/1.1" 500 1 "-" "Mozilla/5.0 (compatible; DataForSeoBot/1.0; +https://dataforseo.com/dataforseo-bot)"
136.243.220.212 - - [20/May/2026:22:17:40 +0000] "GET /goods.php?items/allegation/102027522.htm HTTP/1.1" 500 1 "-" "Mozilla/5.0 (compatible; DataForSeoBot/1.0; +https://dataforseo.com/dataforseo-bot)"
136.243.220.212 - - [20/May/2026:22:17:49 +0000] "GET /goods.php?items/reflection/020046782.htm HTTP/1.1" 500 1 "-" "Mozilla/5.0 (compatible; DataForSeoBot/1.0; +https://dataforseo.com/dataforseo-bot)"
136.243.220.212 - - [20/May/2026:22:17:59 +0000] "GET /goods.php?items/interaction/102027430.htm HTTP/1.1" 500 1 "-" "Mozilla/5.0 (compatible; DataForSeoBot/1.0; +https://dataforseo.com/dataforseo-bot)"
136.243.220.212 - - [20/May/2026:22:18:10 +0000] "GET /goods.php?items/base/102027516.htm HTTP/1.1" 500 1 "-" "Mozilla/5.0 (compatible; DataForSeoBot/1.0; +https://dataforseo.com/dataforseo-bot)"
136.243.220.212 - - [20/May/2026:22:18:20 +0000] "GET /goods.php?items/closer/102026710.htm HTTP/1.1" 500 1 "-" "Mozilla/5.0 (compatible; DataForSeoBot/1.0; +https://dataforseo.com/dataforseo-bot)"
136.243.220.212 - - [20/May/2026:22:18:30 +0000] "GET /goods.php?items/smoke/216029742.htm HTTP/1.1" 500 1 "-" "Mozilla/5.0 (compatible; DataForSeoBot/1.0; +https://dataforseo.com/dataforseo-bot)"
136.243.220.212 - - [20/May/2026:22:18:40 +0000] "GET /goods.php?items/accurate/216028408.htm HTTP/1.1" 500 1 "-" "Mozilla/5.0 (compatible; DataForSeoBot/1.0; +https://dataforseo.com/dataforseo-bot)"
136.243.220.212 - - [20/May/2026:22:18:49 +0000] "GET /goods.php?items/section/216028626.htm HTTP/1.1" 500 1 "-" "Mozilla/5.0 (compatible; DataForSeoBot/1.0; +https://dataforseo.com/dataforseo-bot)"
114.119.133.34 - - [20/May/2026:22:18:53 +0000] "GET /goods.php?items/tongue/215017947.htm HTTP/1.1" 500 1 "https://aioptify.com/goods.php?sitemap749.xml" "Mozilla/5.0 (Linux; Android 7.0;) AppleWebKit/537.36 (HTML, like Gecko) Mobile Safari/537.36 (compatible; PetalBot;+https://webmaster.petalsearch.com/site/petalbot)"
136.243.220.212 - - [20/May/2026:22:18:59 +0000] "GET /goods.php?goods/060021674 HTTP/1.1" 500 1 "-" "Mozilla/5.0 (compatible; DataForSeoBot/1.0; +https://dataforseo.com/dataforseo-bot)"
136.243.220.212 - - [20/May/2026:22:19:09 +0000] "GET /goods.php?items/inspection/093042055.htm HTTP/1.1" 500 1 "-" "Mozilla/5.0 (compatible; DataForSeoBot/1.0; +https://dataforseo.com/dataforseo-bot)"
136.243.220.212 - - [20/May/2026:22:19:18 +0000] "GET /goods.php?items/trace/162032758.htm HTTP/1.1" 500 1 "-" "Mozilla/5.0 (compatible; DataForSeoBot/1.0; +https://dataforseo.com/dataforseo-bot)"
136.243.220.212 - - [20/May/2026:22:19:28 +0000] "GET /goods.php?items/not/009008327.htm HTTP/1.1" 500 1 "-" "Mozilla/5.0 (compatible; DataForSeoBot/1.0; +https://dataforseo.com/dataforseo-bot)"
136.243.220.212 - - [20/May/2026:22:19:39 +0000] "GET /goods.php?detail/022030885673 HTTP/1.1" 500 1 "-" "Mozilla/5.0 (compatible; DataForSeoBot/1.0; +https://dataforseo.com/dataforseo-bot)"
136.243.220.212 - - [20/May/2026:22:19:49 +0000] "GET /goods.php?items/particular/009008303.htm HTTP/1.1" 500 1 "-" "Mozilla/5.0 (compatible; DataForSeoBot/1.0; +https://dataforseo.com/dataforseo-bot)"
136.243.220.212 - - [20/May/2026:22:20:00 +0000] "GET /goods.php?items/galaxy/280039906.htm HTTP/1.1" 500 1 "-" "Mozilla/5.0 (compatible; DataForSeoBot/1.0; +https://dataforseo.com/dataforseo-bot)"
136.243.220.212 - - [20/May/2026:22:20:10 +0000] "GET /goods.php?goods/009008418 HTTP/1.1" 500 1 "-" "Mozilla/5.0 (compatible; DataForSeoBot/1.0; +https://dataforseo.com/dataforseo-bot)"
136.243.220.212 - - [20/May/2026:22:20:20 +0000] "GET /goods.php?items/extent/009008381.htm HTTP/1.1" 500 1 "-" "Mozilla/5.0 (compatible; DataForSeoBot/1.0; +https://dataforseo.com/dataforseo-bot)"
114.119.155.44 - - [20/May/2026:22:20:23 +0000] "GET /goods.php?items/theme/019017743.htm HTTP/1.1" 500 1 "https://aioptify.com/goods.php?items/theme/019017743.htm" "Mozilla/5.0 (Linux; Android 7.0;) AppleWebKit/537.36 (HTML, like Gecko) Mobile Safari/537.36 (compatible; PetalBot;+https://webmaster.petalsearch.com/site/petalbot)"
136.243.220.212 - - [20/May/2026:22:20:30 +0000] "GET /goods.php?items/execution/089016665.htm HTTP/1.1" 500 1 "-" "Mozilla/5.0 (compatible; DataForSeoBot/1.0; +https://dataforseo.com/dataforseo-bot)"
136.243.220.212 - - [20/May/2026:22:20:40 +0000] "GET /goods.php?items/image/089016511.htm HTTP/1.1" 500 1 "-" "Mozilla/5.0 (compatible; DataForSeoBot/1.0; +https://dataforseo.com/dataforseo-bot)"
136.243.220.212 - - [20/May/2026:22:20:50 +0000] "GET /goods.php?items/in/089016461.htm HTTP/1.1" 500 1 "-" "Mozilla/5.0 (compatible; DataForSeoBot/1.0; +https://dataforseo.com/dataforseo-bot)"
136.243.220.212 - - [20/May/2026:22:21:00 +0000] "GET /goods.php?goods/244017457 HTTP/1.1" 500 1 "-" "Mozilla/5.0 (compatible; DataForSeoBot/1.0; +https://dataforseo.com/dataforseo-bot)"
136.243.220.212 - - [20/May/2026:22:21:11 +0000] "GET /goods.php?items/yell/253003057.htm HTTP/1.1" 500 1 "-" "Mozilla/5.0 (compatible; DataForSeoBot/1.0; +https://dataforseo.com/dataforseo-bot)"
204.12.208.18 - - [20/May/2026:22:21:19 +0000] "GET /wp-includes/br745832/index.php HTTP/1.1" 500 - "https://aioptify.com/wp-includes/br745832/index.php" "Mozilla/5.0 (Macintosh; Intel Mac OS X 10_6_8) AppleWebKit/534.30 (KHTML, like Gecko) Chrome/12.0.742.112 Safari/534.30"
204.12.208.18 - - [20/May/2026:22:21:20 +0000] "GET /wp-includes/br745832/index.php HTTP/1.1" 500 - "https://aioptify.com/wp-includes/br745832/index.php" "Mozilla/5.0 (Windows NT 6.1; WOW64) AppleWebKit/535.1 (KHTML, like Gecko) Chrome/14.0.835.202 Safari/535.1"
204.12.208.18 - - [20/May/2026:22:21:20 +0000] "GET /wp-includes/br745832/index.php HTTP/1.1" 500 - "https://aioptify.com/wp-includes/br745832/index.php" "Mozilla/5.0 (Macintosh; Intel Mac OS X 10_7_2) AppleWebKit/535.2 (KHTML, like Gecko) Chrome/15.0.874.106 Safari/535.2"
136.243.220.212 - - [20/May/2026:22:21:21 +0000] "GET /goods.php?items/lightly/197008157.htm HTTP/1.1" 500 1 "-" "Mozilla/5.0 (compatible; DataForSeoBot/1.0; +https://dataforseo.com/dataforseo-bot)"
136.243.220.212 - - [20/May/2026:22:21:31 +0000] "GET /goods.php?items/canvas/115045887.htm HTTP/1.1" 500 1 "-" "Mozilla/5.0 (compatible; DataForSeoBot/1.0; +https://dataforseo.com/dataforseo-bot)"
114.119.140.4 - - [20/May/2026:22:21:39 +0000] "GET /goods.php?items/teach/067040625.htm HTTP/1.1" 500 1 "https://aioptify.com/goods.php?sitemap749.xml" "Mozilla/5.0 (Linux; Android 7.0;) AppleWebKit/537.36 (HTML, like Gecko) Mobile Safari/537.36 (compatible; PetalBot;+https://webmaster.petalsearch.com/site/petalbot)"
136.243.220.212 - - [20/May/2026:22:21:41 +0000] "GET /goods.php?items/suggest/223027111.htm HTTP/1.1" 500 1 "-" "Mozilla/5.0 (compatible; DataForSeoBot/1.0; +https://dataforseo.com/dataforseo-bot)"
136.243.220.212 - - [20/May/2026:22:21:51 +0000] "GET /goods.php?items/get/046003990.htm HTTP/1.1" 500 1 "-" "Mozilla/5.0 (compatible; DataForSeoBot/1.0; +https://dataforseo.com/dataforseo-bot)"
136.243.220.212 - - [20/May/2026:22:22:00 +0000] "GET /goods.php?items/between/197008123.htm HTTP/1.1" 500 1 "-" "Mozilla/5.0 (compatible; DataForSeoBot/1.0; +https://dataforseo.com/dataforseo-bot)"
136.243.220.212 - - [20/May/2026:22:22:10 +0000] "GET /goods.php?items/bishop/071012355.htm HTTP/1.1" 500 1 "-" "Mozilla/5.0 (compatible; DataForSeoBot/1.0; +https://dataforseo.com/dataforseo-bot)"
136.243.220.212 - - [20/May/2026:22:22:19 +0000] "GET /goods.php?items/consensus/058044086.htm HTTP/1.1" 500 1 "-" "Mozilla/5.0 (compatible; DataForSeoBot/1.0; +https://dataforseo.com/dataforseo-bot)"
136.243.220.212 - - [20/May/2026:22:22:29 +0000] "GET /goods.php?items/whereas/058043732.htm HTTP/1.1" 500 1 "-" "Mozilla/5.0 (compatible; DataForSeoBot/1.0; +https://dataforseo.com/dataforseo-bot)"
136.243.220.212 - - [20/May/2026:22:22:39 +0000] "GET /goods.php?items/plastic/154039510.htm HTTP/1.1" 500 1 "-" "Mozilla/5.0 (compatible; DataForSeoBot/1.0; +https://dataforseo.com/dataforseo-bot)"
136.243.220.212 - - [20/May/2026:22:22:49 +0000] "GET /goods.php?jp/069042532.html HTTP/1.1" 500 1 "-" "Mozilla/5.0 (compatible; DataForSeoBot/1.0; +https://dataforseo.com/dataforseo-bot)"
136.243.220.212 - - [20/May/2026:22:23:01 +0000] "GET /goods.php?items/thinking/077041413.htm HTTP/1.1" 500 1 "-" "Mozilla/5.0 (compatible; DataForSeoBot/1.0; +https://dataforseo.com/dataforseo-bot)"
114.119.150.65 - - [20/May/2026:22:23:02 +0000] "GET /goods.php?items/slave/216035664.htm HTTP/1.1" 500 1 "https://aioptify.com/goods.php?sitemap749.xml" "Mozilla/5.0 (Linux; Android 7.0;) AppleWebKit/537.36 (HTML, like Gecko) Mobile Safari/537.36 (compatible; PetalBot;+https://webmaster.petalsearch.com/site/petalbot)"
136.243.220.212 - - [20/May/2026:22:23:11 +0000] "GET /goods.php?items/crisis/119031777.htm HTTP/1.1" 500 1 "-" "Mozilla/5.0 (compatible; DataForSeoBot/1.0; +https://dataforseo.com/dataforseo-bot)"
136.243.220.212 - - [20/May/2026:22:23:21 +0000] "GET /goods.php?items/dish/058045282.htm HTTP/1.1" 500 1 "-" "Mozilla/5.0 (compatible; DataForSeoBot/1.0; +https://dataforseo.com/dataforseo-bot)"
136.243.220.212 - - [20/May/2026:22:23:32 +0000] "GET /goods.php?items/forgive/155025581.htm HTTP/1.1" 500 1 "-" "Mozilla/5.0 (compatible; DataForSeoBot/1.0; +https://dataforseo.com/dataforseo-bot)"
136.243.220.212 - - [20/May/2026:22:23:41 +0000] "GET /goods.php?detail/085033011033 HTTP/1.1" 500 1 "-" "Mozilla/5.0 (compatible; DataForSeoBot/1.0; +https://dataforseo.com/dataforseo-bot)"
136.243.220.212 - - [20/May/2026:22:23:50 +0000] "GET /goods.php?items/get/085032991.htm HTTP/1.1" 500 1 "-" "Mozilla/5.0 (compatible; DataForSeoBot/1.0; +https://dataforseo.com/dataforseo-bot)"
136.243.220.212 - - [20/May/2026:22:24:00 +0000] "GET /goods.php?detail/085033083009 HTTP/1.1" 500 1 "-" "Mozilla/5.0 (compatible; DataForSeoBot/1.0; +https://dataforseo.com/dataforseo-bot)"
136.243.220.212 - - [20/May/2026:22:24:10 +0000] "GET /goods.php?items/distract/004034306.htm HTTP/1.1" 500 1 "-" "Mozilla/5.0 (compatible; DataForSeoBot/1.0; +https://dataforseo.com/dataforseo-bot)"
136.243.220.212 - - [20/May/2026:22:24:20 +0000] "GET /goods.php?items/intimate/058027854.htm HTTP/1.1" 500 1 "-" "Mozilla/5.0 (compatible; DataForSeoBot/1.0; +https://dataforseo.com/dataforseo-bot)"
114.119.137.160 - - [20/May/2026:22:24:26 +0000] "GET /goods.php?items/sigh/116045486.htm HTTP/1.1" 500 1 "https://aioptify.com/goods.php?items/sigh/116045486.htm" "Mozilla/5.0 (Linux; Android 7.0;) AppleWebKit/537.36 (HTML, like Gecko) Mobile Safari/537.36 (compatible; PetalBot;+https://webmaster.petalsearch.com/site/petalbot)"
136.243.220.212 - - [20/May/2026:22:24:30 +0000] "GET /goods.php?items/trunk/068047130.htm HTTP/1.1" 500 1 "-" "Mozilla/5.0 (compatible; DataForSeoBot/1.0; +https://dataforseo.com/dataforseo-bot)"
136.243.220.212 - - [20/May/2026:22:24:41 +0000] "GET /goods.php?items/belt/109014495.htm HTTP/1.1" 500 1 "-" "Mozilla/5.0 (compatible; DataForSeoBot/1.0; +https://dataforseo.com/dataforseo-bot)"
136.243.220.212 - - [20/May/2026:22:24:51 +0000] "GET /goods.php?items/slice/039012917.htm HTTP/1.1" 500 1 "-" "Mozilla/5.0 (compatible; DataForSeoBot/1.0; +https://dataforseo.com/dataforseo-bot)"
136.243.220.212 - - [20/May/2026:22:25:01 +0000] "GET /goods.php?items/reform/066007402.htm HTTP/1.1" 500 1 "-" "Mozilla/5.0 (compatible; DataForSeoBot/1.0; +https://dataforseo.com/dataforseo-bot)"
136.243.220.212 - - [20/May/2026:22:25:12 +0000] "GET /goods.php?items/dare/293001635.htm HTTP/1.1" 500 1 "-" "Mozilla/5.0 (compatible; DataForSeoBot/1.0; +https://dataforseo.com/dataforseo-bot)"
136.243.220.212 - - [20/May/2026:22:25:22 +0000] "GET /goods.php?items/lid/255013987.htm HTTP/1.1" 500 1 "-" "Mozilla/5.0 (compatible; DataForSeoBot/1.0; +https://dataforseo.com/dataforseo-bot)"
136.243.220.212 - - [20/May/2026:22:25:34 +0000] "GET /goods.php?items/makeup/255014105.htm HTTP/1.1" 500 1 "-" "Mozilla/5.0 (compatible; DataForSeoBot/1.0; +https://dataforseo.com/dataforseo-bot)"
136.243.220.212 - - [20/May/2026:22:25:44 +0000] "GET /goods.php?items/subsidy/010004716.htm HTTP/1.1" 500 1 "-" "Mozilla/5.0 (compatible; DataForSeoBot/1.0; +https://dataforseo.com/dataforseo-bot)"
114.119.150.65 - - [20/May/2026:22:25:50 +0000] "GET /goods.php?items/shrimp/034041684.htm HTTP/1.1" 500 1 "https://aioptify.com/goods.php?sitemap749.xml" "Mozilla/5.0 (Linux; Android 7.0;) AppleWebKit/537.36 (HTML, like Gecko) Mobile Safari/537.36 (compatible; PetalBot;+https://webmaster.petalsearch.com/site/petalbot)"
136.243.220.212 - - [20/May/2026:22:25:54 +0000] "GET /goods.php?items/unexpected/273006915.htm HTTP/1.1" 500 1 "-" "Mozilla/5.0 (compatible; DataForSeoBot/1.0; +https://dataforseo.com/dataforseo-bot)"
136.243.220.212 - - [20/May/2026:22:26:03 +0000] "GET /goods.php?items/teammate/192004216.htm HTTP/1.1" 500 1 "-" "Mozilla/5.0 (compatible; DataForSeoBot/1.0; +https://dataforseo.com/dataforseo-bot)"
136.243.220.212 - - [20/May/2026:22:26:13 +0000] "GET /goods.php?items/officially/018021660.htm HTTP/1.1" 500 1 "-" "Mozilla/5.0 (compatible; DataForSeoBot/1.0; +https://dataforseo.com/dataforseo-bot)"
136.243.220.212 - - [20/May/2026:22:26:24 +0000] "GET /goods.php?items/manual/255006665.htm HTTP/1.1" 500 1 "-" "Mozilla/5.0 (compatible; DataForSeoBot/1.0; +https://dataforseo.com/dataforseo-bot)"
136.243.220.212 - - [20/May/2026:22:26:35 +0000] "GET /goods.php?items/unity/046025902.htm HTTP/1.1" 500 1 "-" "Mozilla/5.0 (compatible; DataForSeoBot/1.0; +https://dataforseo.com/dataforseo-bot)"
136.243.220.212 - - [20/May/2026:22:26:45 +0000] "GET /goods.php?goods/255015442 HTTP/1.1" 500 1 "-" "Mozilla/5.0 (compatible; DataForSeoBot/1.0; +https://dataforseo.com/dataforseo-bot)"
136.243.220.212 - - [20/May/2026:22:26:55 +0000] "GET /goods.php?items/database/082041672.htm HTTP/1.1" 500 1 "-" "Mozilla/5.0 (compatible; DataForSeoBot/1.0; +https://dataforseo.com/dataforseo-bot)"
136.243.220.212 - - [20/May/2026:22:27:06 +0000] "GET /goods.php?items/subsidy/255015383.htm HTTP/1.1" 500 1 "-" "Mozilla/5.0 (compatible; DataForSeoBot/1.0; +https://dataforseo.com/dataforseo-bot)"
136.243.220.212 - - [20/May/2026:22:27:16 +0000] "GET /goods.php?items/strength/296048288.htm HTTP/1.1" 500 1 "-" "Mozilla/5.0 (compatible; DataForSeoBot/1.0; +https://dataforseo.com/dataforseo-bot)"
136.243.220.212 - - [20/May/2026:22:27:26 +0000] "GET /goods.php?items/mayor/262011486.htm HTTP/1.1" 500 1 "-" "Mozilla/5.0 (compatible; DataForSeoBot/1.0; +https://dataforseo.com/dataforseo-bot)"
114.119.150.65 - - [20/May/2026:22:27:31 +0000] "GET /goods.php?items/shed/004045064.htm HTTP/1.1" 500 1 "https://aioptify.com/goods.php?items/shed/004045064.htm" "Mozilla/5.0 (Linux; Android 7.0;) AppleWebKit/537.36 (HTML, like Gecko) Mobile Safari/537.36 (compatible; PetalBot;+https://webmaster.petalsearch.com/site/petalbot)"
136.243.220.212 - - [20/May/2026:22:27:37 +0000] "GET /goods.php?items/voluntary/232004136.htm HTTP/1.1" 500 1 "-" "Mozilla/5.0 (compatible; DataForSeoBot/1.0; +https://dataforseo.com/dataforseo-bot)"
136.243.220.212 - - [20/May/2026:22:27:49 +0000] "GET /goods.php?goods/019041734 HTTP/1.1" 500 1 "-" "Mozilla/5.0 (compatible; DataForSeoBot/1.0; +https://dataforseo.com/dataforseo-bot)"
136.243.220.212 - - [20/May/2026:22:27:58 +0000] "GET /goods.php?items/marriage/232004292.htm HTTP/1.1" 500 1 "-" "Mozilla/5.0 (compatible; DataForSeoBot/1.0; +https://dataforseo.com/dataforseo-bot)"
136.243.220.212 - - [20/May/2026:22:28:09 +0000] "GET /goods.php?goods/232003692 HTTP/1.1" 500 1 "-" "Mozilla/5.0 (compatible; DataForSeoBot/1.0; +https://dataforseo.com/dataforseo-bot)"
136.243.220.212 - - [20/May/2026:22:28:18 +0000] "GET /goods.php?items/congressional/133017117.htm HTTP/1.1" 500 1 "-" "Mozilla/5.0 (compatible; DataForSeoBot/1.0; +https://dataforseo.com/dataforseo-bot)"
136.243.220.212 - - [20/May/2026:22:28:28 +0000] "GET /goods.php?items/altogether/232003334.htm HTTP/1.1" 500 1 "-" "Mozilla/5.0 (compatible; DataForSeoBot/1.0; +https://dataforseo.com/dataforseo-bot)"
114.119.137.160 - - [20/May/2026:22:28:35 +0000] "GET /goods.php?items/sector/015017103.htm HTTP/1.1" 500 1 "https://aioptify.com/goods.php?sitemap749.xml" "Mozilla/5.0 (Linux; Android 7.0;) AppleWebKit/537.36 (HTML, like Gecko) Mobile Safari/537.36 (compatible; PetalBot;+https://webmaster.petalsearch.com/site/petalbot)"
136.243.220.212 - - [20/May/2026:22:28:37 +0000] "GET /goods.php?items/authority/200039138.htm HTTP/1.1" 500 1 "-" "Mozilla/5.0 (compatible; DataForSeoBot/1.0; +https://dataforseo.com/dataforseo-bot)"
136.243.220.212 - - [20/May/2026:22:28:46 +0000] "GET /goods.php?items/economy/097018259.htm HTTP/1.1" 500 1 "-" "Mozilla/5.0 (compatible; DataForSeoBot/1.0; +https://dataforseo.com/dataforseo-bot)"
136.243.220.212 - - [20/May/2026:22:28:56 +0000] "GET /goods.php?items/questionnaire/063018941.htm HTTP/1.1" 500 1 "-" "Mozilla/5.0 (compatible; DataForSeoBot/1.0; +https://dataforseo.com/dataforseo-bot)"
136.243.220.212 - - [20/May/2026:22:29:05 +0000] "GET /goods.php?detail/09701807308683 HTTP/1.1" 500 1 "-" "Mozilla/5.0 (compatible; DataForSeoBot/1.0; +https://dataforseo.com/dataforseo-bot)"
136.243.220.212 - - [20/May/2026:22:29:16 +0000] "GET /goods.php?items/valley/097018093.htm HTTP/1.1" 500 1 "-" "Mozilla/5.0 (compatible; DataForSeoBot/1.0; +https://dataforseo.com/dataforseo-bot)"
136.243.220.212 - - [20/May/2026:22:29:28 +0000] "GET /goods.php?detail/09701809979210 HTTP/1.1" 500 1 "-" "Mozilla/5.0 (compatible; DataForSeoBot/1.0; +https://dataforseo.com/dataforseo-bot)"
192.178.16.96 - - [20/May/2026:22:29:31 +0000] "GET /.well-known/assetlinks.json HTTP/1.1" 500 1 "-" "Mozilla/5.0 (Windows NT 10.0; Win64; x64)AppleWebKit/537.36 (KHTML, like Gecko) Chrome/91.0.4472.101 Safari/537.36"
136.243.220.212 - - [20/May/2026:22:29:38 +0000] "GET /goods.php?items/source/016003578.htm HTTP/1.1" 500 1 "-" "Mozilla/5.0 (compatible; DataForSeoBot/1.0; +https://dataforseo.com/dataforseo-bot)"
136.243.220.212 - - [20/May/2026:22:29:47 +0000] "GET /goods.php?items/shrimp/136036226.htm HTTP/1.1" 500 1 "-" "Mozilla/5.0 (compatible; DataForSeoBot/1.0; +https://dataforseo.com/dataforseo-bot)"
136.243.220.212 - - [20/May/2026:22:29:57 +0000] "GET /goods.php?items/illusion/009000763.htm HTTP/1.1" 500 1 "-" "Mozilla/5.0 (compatible; DataForSeoBot/1.0; +https://dataforseo.com/dataforseo-bot)"
114.119.137.160 - - [20/May/2026:22:29:59 +0000] "GET /goods.php?items/room/212037914.htm HTTP/1.1" 500 1 "https://aioptify.com/goods.php?items/room/212037914.htm" "Mozilla/5.0 (Linux; Android 7.0;) AppleWebKit/537.36 (HTML, like Gecko) Mobile Safari/537.36 (compatible; PetalBot;+https://webmaster.petalsearch.com/site/petalbot)"
136.243.220.212 - - [20/May/2026:22:30:06 +0000] "GET /goods.php?items/know/194022838.htm HTTP/1.1" 500 1 "-" "Mozilla/5.0 (compatible; DataForSeoBot/1.0; +https://dataforseo.com/dataforseo-bot)"
136.243.220.212 - - [20/May/2026:22:30:16 +0000] "GET /goods.php?items/collar/219028421.htm HTTP/1.1" 500 1 "-" "Mozilla/5.0 (compatible; DataForSeoBot/1.0; +https://dataforseo.com/dataforseo-bot)"
136.243.220.212 - - [20/May/2026:22:30:27 +0000] "GET /goods.php?items/first/128026920.htm HTTP/1.1" 500 1 "-" "Mozilla/5.0 (compatible; DataForSeoBot/1.0; +https://dataforseo.com/dataforseo-bot)"
136.243.220.212 - - [20/May/2026:22:30:38 +0000] "GET /goods.php?items/historical/257019457.htm HTTP/1.1" 500 1 "-" "Mozilla/5.0 (compatible; DataForSeoBot/1.0; +https://dataforseo.com/dataforseo-bot)"
136.243.220.212 - - [20/May/2026:22:30:49 +0000] "GET /goods.php?jp/124034726.html HTTP/1.1" 500 1 "-" "Mozilla/5.0 (compatible; DataForSeoBot/1.0; +https://dataforseo.com/dataforseo-bot)"
66.249.64.107 - - [20/May/2026:22:30:51 +0000] "GET /ads.txt HTTP/1.1" 200 72779 "-" "Mozilla/5.0 (compatible; Googlebot/2.1; +http://www.google.com/bot.html)"
136.243.220.212 - - [20/May/2026:22:31:01 +0000] "GET /goods.php?items/virtue/257019519.htm HTTP/1.1" 500 1 "-" "Mozilla/5.0 (compatible; DataForSeoBot/1.0; +https://dataforseo.com/dataforseo-bot)"
136.243.220.212 - - [20/May/2026:22:31:11 +0000] "GET /goods.php?detail/2570194733278 HTTP/1.1" 500 1 "-" "Mozilla/5.0 (compatible; DataForSeoBot/1.0; +https://dataforseo.com/dataforseo-bot)"
136.243.220.212 - - [20/May/2026:22:31:22 +0000] "GET /goods.php?items/holy/082030212.htm HTTP/1.1" 500 1 "-" "Mozilla/5.0 (compatible; DataForSeoBot/1.0; +https://dataforseo.com/dataforseo-bot)"
114.119.134.212 - - [20/May/2026:22:31:22 +0000] "GET /goods.php?items/remark/105004075.htm HTTP/1.1" 500 1 "https://aioptify.com/goods.php?sitemap749.xml" "Mozilla/5.0 (Linux; Android 7.0;) AppleWebKit/537.36 (HTML, like Gecko) Mobile Safari/537.36 (compatible; PetalBot;+https://webmaster.petalsearch.com/site/petalbot)"
136.243.220.212 - - [20/May/2026:22:31:32 +0000] "GET /goods.php?items/effectively/022033714.htm HTTP/1.1" 500 1 "-" "Mozilla/5.0 (compatible; DataForSeoBot/1.0; +https://dataforseo.com/dataforseo-bot)"
136.243.220.212 - - [20/May/2026:22:31:42 +0000] "GET /goods.php?items/vehicle/112029862.htm HTTP/1.1" 500 1 "-" "Mozilla/5.0 (compatible; DataForSeoBot/1.0; +https://dataforseo.com/dataforseo-bot)"
136.243.220.212 - - [20/May/2026:22:31:51 +0000] "GET /goods.php?detail/17202433442450 HTTP/1.1" 500 1 "-" "Mozilla/5.0 (compatible; DataForSeoBot/1.0; +https://dataforseo.com/dataforseo-bot)"
136.243.220.212 - - [20/May/2026:22:32:02 +0000] "GET /goods.php?items/secular/036041678.htm HTTP/1.1" 500 1 "-" "Mozilla/5.0 (compatible; DataForSeoBot/1.0; +https://dataforseo.com/dataforseo-bot)"
136.243.220.212 - - [20/May/2026:22:32:12 +0000] "GET /goods.php?items/counterpart/172023974.htm HTTP/1.1" 500 1 "-" "Mozilla/5.0 (compatible; DataForSeoBot/1.0; +https://dataforseo.com/dataforseo-bot)"
136.243.220.212 - - [20/May/2026:22:32:21 +0000] "GET /goods.php?items/equipment/051002047.htm HTTP/1.1" 500 1 "-" "Mozilla/5.0 (compatible; DataForSeoBot/1.0; +https://dataforseo.com/dataforseo-bot)"
136.243.220.212 - - [20/May/2026:22:32:30 +0000] "GET /goods.php?items/latter/041002157.htm HTTP/1.1" 500 1 "-" "Mozilla/5.0 (compatible; DataForSeoBot/1.0; +https://dataforseo.com/dataforseo-bot)"
136.243.220.212 - - [20/May/2026:22:32:39 +0000] "GET /goods.php?items/speaker/172024030.htm HTTP/1.1" 500 1 "-" "Mozilla/5.0 (compatible; DataForSeoBot/1.0; +https://dataforseo.com/dataforseo-bot)"
198.204.224.34 - - [20/May/2026:22:32:45 +0000] "GET /wp-content/pl7d2334/index.php HTTP/1.1" 500 1 "https://aioptify.com/wp-content/pl7d2334/index.php" "Mozilla/5.0 (Windows NT 10.0; Win64; x64) AppleWebKit/537.36 (KHTML, like Gecko) Chrome/58.0.3029.110 Safari/537.3"
198.204.224.34 - - [20/May/2026:22:32:45 +0000] "GET /wp-content/pl7d2334/index.php HTTP/1.1" 500 1 "https://aioptify.com/wp-content/pl7d2334/index.php" "Mozilla/5.0 (Windows NT 10.0; Win64; x64) AppleWebKit/537.36 (KHTML, like Gecko) Chrome/58.0.3029.110 Safari/537.3"
136.243.220.212 - - [20/May/2026:22:32:48 +0000] "GET /goods.php?items/premise/172021770.htm HTTP/1.1" 500 1 "-" "Mozilla/5.0 (compatible; DataForSeoBot/1.0; +https://dataforseo.com/dataforseo-bot)"
136.243.220.212 - - [20/May/2026:22:32:57 +0000] "GET /goods.php?items/test/068036814.htm HTTP/1.1" 500 1 "-" "Mozilla/5.0 (compatible; DataForSeoBot/1.0; +https://dataforseo.com/dataforseo-bot)"
136.243.220.212 - - [20/May/2026:22:33:07 +0000] "GET /goods.php?items/banana/247028837.htm HTTP/1.1" 500 1 "-" "Mozilla/5.0 (compatible; DataForSeoBot/1.0; +https://dataforseo.com/dataforseo-bot)"
136.243.220.212 - - [20/May/2026:22:33:18 +0000] "GET /goods.php?items/undertake/172022992.htm HTTP/1.1" 500 1 "-" "Mozilla/5.0 (compatible; DataForSeoBot/1.0; +https://dataforseo.com/dataforseo-bot)"
136.243.220.212 - - [20/May/2026:22:33:28 +0000] "GET /goods.php?detail/17202477727476 HTTP/1.1" 500 1 "-" "Mozilla/5.0 (compatible; DataForSeoBot/1.0; +https://dataforseo.com/dataforseo-bot)"
136.243.220.212 - - [20/May/2026:22:33:39 +0000] "GET /goods.php?items/somehow/067033445.htm HTTP/1.1" 500 1 "-" "Mozilla/5.0 (compatible; DataForSeoBot/1.0; +https://dataforseo.com/dataforseo-bot)"
148.113.130.143 - - [20/May/2026:22:33:41 +0000] "GET /2277009540?shopbrand=2273117800 HTTP/1.1" 500 1 "-" "Mozilla/5.0 (compatible; AhrefsBot/7.0; +http://ahrefs.com/robot/)"
136.243.220.212 - - [20/May/2026:22:33:48 +0000] "GET /goods.php?goods/224031637 HTTP/1.1" 500 1 "-" "Mozilla/5.0 (compatible; DataForSeoBot/1.0; +https://dataforseo.com/dataforseo-bot)"
136.243.220.212 - - [20/May/2026:22:33:57 +0000] "GET /goods.php?items/serve/062020084.htm HTTP/1.1" 500 1 "-" "Mozilla/5.0 (compatible; DataForSeoBot/1.0; +https://dataforseo.com/dataforseo-bot)"
136.243.220.212 - - [20/May/2026:22:34:07 +0000] "GET /goods.php?items/ball/062019868.htm HTTP/1.1" 500 1 "-" "Mozilla/5.0 (compatible; DataForSeoBot/1.0; +https://dataforseo.com/dataforseo-bot)"
136.243.220.212 - - [20/May/2026:22:34:17 +0000] "GET /goods.php?items/enforce/062019866.htm HTTP/1.1" 500 1 "-" "Mozilla/5.0 (compatible; DataForSeoBot/1.0; +https://dataforseo.com/dataforseo-bot)"
136.243.220.212 - - [20/May/2026:22:34:29 +0000] "GET /goods.php?items/determination/002017188.htm HTTP/1.1" 500 1 "-" "Mozilla/5.0 (compatible; DataForSeoBot/1.0; +https://dataforseo.com/dataforseo-bot)"
136.243.220.212 - - [20/May/2026:22:34:39 +0000] "GET /goods.php?items/shopdetail/098016360.htm HTTP/1.1" 500 1 "-" "Mozilla/5.0 (compatible; DataForSeoBot/1.0; +https://dataforseo.com/dataforseo-bot)"
136.243.220.212 - - [20/May/2026:22:34:48 +0000] "GET /goods.php?items/nothing/260026998.htm HTTP/1.1" 500 1 "-" "Mozilla/5.0 (compatible; DataForSeoBot/1.0; +https://dataforseo.com/dataforseo-bot)"
136.243.220.212 - - [20/May/2026:22:34:59 +0000] "GET /goods.php?detail/0920079487377 HTTP/1.1" 500 1 "-" "Mozilla/5.0 (compatible; DataForSeoBot/1.0; +https://dataforseo.com/dataforseo-bot)"
136.243.220.212 - - [20/May/2026:22:35:08 +0000] "GET /goods.php?items/convinced/071038431.htm HTTP/1.1" 500 1 "-" "Mozilla/5.0 (compatible; DataForSeoBot/1.0; +https://dataforseo.com/dataforseo-bot)"
136.243.220.212 - - [20/May/2026:22:35:19 +0000] "GET /goods.php?items/economically/117001987.htm HTTP/1.1" 500 1 "-" "Mozilla/5.0 (compatible; DataForSeoBot/1.0; +https://dataforseo.com/dataforseo-bot)"
136.243.220.212 - - [20/May/2026:22:35:28 +0000] "GET /goods.php?items/tend/100035956.htm HTTP/1.1" 500 1 "-" "Mozilla/5.0 (compatible; DataForSeoBot/1.0; +https://dataforseo.com/dataforseo-bot)"
136.243.220.212 - - [20/May/2026:22:35:39 +0000] "GET /goods.php?items/scientific/074009920.htm HTTP/1.1" 500 1 "-" "Mozilla/5.0 (compatible; DataForSeoBot/1.0; +https://dataforseo.com/dataforseo-bot)"
136.243.220.212 - - [20/May/2026:22:35:48 +0000] "GET /goods.php?jp/201019773.html HTTP/1.1" 500 1 "-" "Mozilla/5.0 (compatible; DataForSeoBot/1.0; +https://dataforseo.com/dataforseo-bot)"
136.243.220.212 - - [20/May/2026:22:35:58 +0000] "GET /goods.php?shopping/053000808 HTTP/1.1" 500 1 "-" "Mozilla/5.0 (compatible; DataForSeoBot/1.0; +https://dataforseo.com/dataforseo-bot)"
136.243.220.212 - - [20/May/2026:22:36:08 +0000] "GET /goods.php?jp/116009840.html HTTP/1.1" 500 1 "-" "Mozilla/5.0 (compatible; DataForSeoBot/1.0; +https://dataforseo.com/dataforseo-bot)"
136.243.220.212 - - [20/May/2026:22:36:19 +0000] "GET /goods.php?items/steam/073025603.htm HTTP/1.1" 500 1 "-" "Mozilla/5.0 (compatible; DataForSeoBot/1.0; +https://dataforseo.com/dataforseo-bot)"
136.243.220.212 - - [20/May/2026:22:36:29 +0000] "GET /goods.php?shopping/001000032 HTTP/1.1" 500 1 "-" "Mozilla/5.0 (compatible; DataForSeoBot/1.0; +https://dataforseo.com/dataforseo-bot)"
136.243.220.212 - - [20/May/2026:22:36:39 +0000] "GET /goods.php?items/miracle/119010467.htm HTTP/1.1" 500 1 "-" "Mozilla/5.0 (compatible; DataForSeoBot/1.0; +https://dataforseo.com/dataforseo-bot)"
136.243.220.212 - - [20/May/2026:22:36:49 +0000] "GET /goods.php?items/difficulty/074036014.htm HTTP/1.1" 500 1 "-" "Mozilla/5.0 (compatible; DataForSeoBot/1.0; +https://dataforseo.com/dataforseo-bot)"
136.243.220.212 - - [20/May/2026:22:36:59 +0000] "GET /goods.php?items/maker/283042821.htm HTTP/1.1" 500 1 "-" "Mozilla/5.0 (compatible; DataForSeoBot/1.0; +https://dataforseo.com/dataforseo-bot)"
136.243.220.212 - - [20/May/2026:22:37:09 +0000] "GET /goods.php?shopping/025000646 HTTP/1.1" 500 1 "-" "Mozilla/5.0 (compatible; DataForSeoBot/1.0; +https://dataforseo.com/dataforseo-bot)"
136.243.220.212 - - [20/May/2026:22:37:18 +0000] "GET /goods.php?items/examine/092022808.htm HTTP/1.1" 500 1 "-" "Mozilla/5.0 (compatible; DataForSeoBot/1.0; +https://dataforseo.com/dataforseo-bot)"
136.243.220.212 - - [20/May/2026:22:37:27 +0000] "GET /goods.php?items/health/036004096.htm HTTP/1.1" 500 1 "-" "Mozilla/5.0 (compatible; DataForSeoBot/1.0; +https://dataforseo.com/dataforseo-bot)"
136.243.220.212 - - [20/May/2026:22:37:38 +0000] "GET /goods.php?items/valid/038020782.htm HTTP/1.1" 500 1 "-" "Mozilla/5.0 (compatible; DataForSeoBot/1.0; +https://dataforseo.com/dataforseo-bot)"
136.243.220.212 - - [20/May/2026:22:37:47 +0000] "GET /goods.php?items/room/025000983.htm HTTP/1.1" 500 1 "-" "Mozilla/5.0 (compatible; DataForSeoBot/1.0; +https://dataforseo.com/dataforseo-bot)"
136.243.220.212 - - [20/May/2026:22:37:57 +0000] "GET /goods.php?items/bother/038020464.htm HTTP/1.1" 500 1 "-" "Mozilla/5.0 (compatible; DataForSeoBot/1.0; +https://dataforseo.com/dataforseo-bot)"
136.243.220.212 - - [20/May/2026:22:38:07 +0000] "GET /goods.php?items/plane/080021716.htm HTTP/1.1" 500 1 "-" "Mozilla/5.0 (compatible; DataForSeoBot/1.0; +https://dataforseo.com/dataforseo-bot)"
136.243.220.212 - - [20/May/2026:22:38:16 +0000] "GET /goods.php?items/sacrifice/093000627.htm HTTP/1.1" 500 1 "-" "Mozilla/5.0 (compatible; DataForSeoBot/1.0; +https://dataforseo.com/dataforseo-bot)"
136.243.220.212 - - [20/May/2026:22:38:25 +0000] "GET /goods.php?items/increasingly/093000713.htm HTTP/1.1" 500 1 "-" "Mozilla/5.0 (compatible; DataForSeoBot/1.0; +https://dataforseo.com/dataforseo-bot)"
136.243.220.212 - - [20/May/2026:22:38:34 +0000] "GET /goods.php?items/active/093000653.htm HTTP/1.1" 500 1 "-" "Mozilla/5.0 (compatible; DataForSeoBot/1.0; +https://dataforseo.com/dataforseo-bot)"
136.243.220.212 - - [20/May/2026:22:38:44 +0000] "GET /goods.php?goods/148043200 HTTP/1.1" 500 1 "-" "Mozilla/5.0 (compatible; DataForSeoBot/1.0; +https://dataforseo.com/dataforseo-bot)"
136.243.220.212 - - [20/May/2026:22:38:53 +0000] "GET /goods.php?items/coach/219048395.htm HTTP/1.1" 500 1 "-" "Mozilla/5.0 (compatible; DataForSeoBot/1.0; +https://dataforseo.com/dataforseo-bot)"
136.243.220.212 - - [20/May/2026:22:39:04 +0000] "GET /goods.php?items/clerk/281015747.htm HTTP/1.1" 500 1 "-" "Mozilla/5.0 (compatible; DataForSeoBot/1.0; +https://dataforseo.com/dataforseo-bot)"
136.243.220.212 - - [20/May/2026:22:39:14 +0000] "GET /goods.php?items/odd/254048336.htm HTTP/1.1" 500 1 "-" "Mozilla/5.0 (compatible; DataForSeoBot/1.0; +https://dataforseo.com/dataforseo-bot)"
136.243.220.212 - - [20/May/2026:22:39:23 +0000] "GET /goods.php?items/existence/199049577.htm HTTP/1.1" 500 1 "-" "Mozilla/5.0 (compatible; DataForSeoBot/1.0; +https://dataforseo.com/dataforseo-bot)"
136.243.220.212 - - [20/May/2026:22:39:33 +0000] "GET /goods.php?items/extend/102006364.htm HTTP/1.1" 500 1 "-" "Mozilla/5.0 (compatible; DataForSeoBot/1.0; +https://dataforseo.com/dataforseo-bot)"
136.243.220.212 - - [20/May/2026:22:39:43 +0000] "GET /goods.php?items/trigger/275022429.htm HTTP/1.1" 500 1 "-" "Mozilla/5.0 (compatible; DataForSeoBot/1.0; +https://dataforseo.com/dataforseo-bot)"
136.243.220.212 - - [20/May/2026:22:39:52 +0000] "GET /goods.php?items/portray/001001963.htm HTTP/1.1" 500 1 "-" "Mozilla/5.0 (compatible; DataForSeoBot/1.0; +https://dataforseo.com/dataforseo-bot)"
136.243.220.212 - - [20/May/2026:22:40:01 +0000] "GET /goods.php?items/missionary/001001813.htm HTTP/1.1" 500 1 "-" "Mozilla/5.0 (compatible; DataForSeoBot/1.0; +https://dataforseo.com/dataforseo-bot)"
136.243.220.212 - - [20/May/2026:22:40:09 +0000] "GET /goods.php?items/pin/001002609.htm HTTP/1.1" 500 1 "-" "Mozilla/5.0 (compatible; DataForSeoBot/1.0; +https://dataforseo.com/dataforseo-bot)"
136.243.220.212 - - [20/May/2026:22:40:20 +0000] "GET /goods.php?items/readily/058048294.htm HTTP/1.1" 500 1 "-" "Mozilla/5.0 (compatible; DataForSeoBot/1.0; +https://dataforseo.com/dataforseo-bot)"
136.243.220.212 - - [20/May/2026:22:40:29 +0000] "GET /goods.php?items/rack/020040932.htm HTTP/1.1" 500 1 "-" "Mozilla/5.0 (compatible; DataForSeoBot/1.0; +https://dataforseo.com/dataforseo-bot)"
136.243.220.212 - - [20/May/2026:22:40:39 +0000] "GET /goods.php?goods/001001817 HTTP/1.1" 500 1 "-" "Mozilla/5.0 (compatible; DataForSeoBot/1.0; +https://dataforseo.com/dataforseo-bot)"
136.243.220.212 - - [20/May/2026:22:40:49 +0000] "GET /goods.php?items/lately/011020923.htm HTTP/1.1" 500 1 "-" "Mozilla/5.0 (compatible; DataForSeoBot/1.0; +https://dataforseo.com/dataforseo-bot)"
