136.243.220.212 - - [20/May/2026:22:40:58 +0000] "GET /goods.php?items/book/117034909.htm HTTP/1.1" 500 1 "-" "Mozilla/5.0 (compatible; DataForSeoBot/1.0; +https://dataforseo.com/dataforseo-bot)"
136.243.220.212 - - [20/May/2026:22:41:08 +0000] "GET /goods.php?items/barn/115045277.htm HTTP/1.1" 500 1 "-" "Mozilla/5.0 (compatible; DataForSeoBot/1.0; +https://dataforseo.com/dataforseo-bot)"
136.243.220.212 - - [20/May/2026:22:41:18 +0000] "GET /goods.php?items/via/182018764.htm HTTP/1.1" 500 1 "-" "Mozilla/5.0 (compatible; DataForSeoBot/1.0; +https://dataforseo.com/dataforseo-bot)"
136.243.220.212 - - [20/May/2026:22:41:27 +0000] "GET /goods.php?detail/1130189520936 HTTP/1.1" 500 1 "-" "Mozilla/5.0 (compatible; DataForSeoBot/1.0; +https://dataforseo.com/dataforseo-bot)"
136.243.220.212 - - [20/May/2026:22:41:38 +0000] "GET /goods.php?items/steam/208013390.htm HTTP/1.1" 500 1 "-" "Mozilla/5.0 (compatible; DataForSeoBot/1.0; +https://dataforseo.com/dataforseo-bot)"
136.243.220.212 - - [20/May/2026:22:41:48 +0000] "GET /goods.php?items/spread/197018543.htm HTTP/1.1" 500 1 "-" "Mozilla/5.0 (compatible; DataForSeoBot/1.0; +https://dataforseo.com/dataforseo-bot)"
136.243.220.212 - - [20/May/2026:22:41:59 +0000] "GET /goods.php?items/foster/134000592.htm HTTP/1.1" 500 1 "-" "Mozilla/5.0 (compatible; DataForSeoBot/1.0; +https://dataforseo.com/dataforseo-bot)"
136.243.220.212 - - [20/May/2026:22:42:09 +0000] "GET /goods.php?items/disability/197021265.htm HTTP/1.1" 500 1 "-" "Mozilla/5.0 (compatible; DataForSeoBot/1.0; +https://dataforseo.com/dataforseo-bot)"
136.243.220.212 - - [20/May/2026:22:42:18 +0000] "GET /goods.php?items/evaluate/197021267.htm HTTP/1.1" 500 1 "-" "Mozilla/5.0 (compatible; DataForSeoBot/1.0; +https://dataforseo.com/dataforseo-bot)"
136.243.220.212 - - [20/May/2026:22:42:27 +0000] "GET /goods.php?items/project/232024248.htm HTTP/1.1" 500 1 "-" "Mozilla/5.0 (compatible; DataForSeoBot/1.0; +https://dataforseo.com/dataforseo-bot)"
136.243.220.212 - - [20/May/2026:22:42:38 +0000] "GET /goods.php?items/somewhere/120001166.htm HTTP/1.1" 500 1 "-" "Mozilla/5.0 (compatible; DataForSeoBot/1.0; +https://dataforseo.com/dataforseo-bot)"
136.243.220.212 - - [20/May/2026:22:42:48 +0000] "GET /goods.php?detail/160042822858 HTTP/1.1" 500 1 "-" "Mozilla/5.0 (compatible; DataForSeoBot/1.0; +https://dataforseo.com/dataforseo-bot)"
136.243.220.212 - - [20/May/2026:22:42:58 +0000] "GET /goods.php?items/channel/272009366.htm HTTP/1.1" 500 1 "-" "Mozilla/5.0 (compatible; DataForSeoBot/1.0; +https://dataforseo.com/dataforseo-bot)"
136.243.220.212 - - [20/May/2026:22:43:08 +0000] "GET /goods.php?items/twenty/058035338.htm HTTP/1.1" 500 1 "-" "Mozilla/5.0 (compatible; DataForSeoBot/1.0; +https://dataforseo.com/dataforseo-bot)"
136.243.220.212 - - [20/May/2026:22:43:18 +0000] "GET /goods.php?items/dialogue/104038772.htm HTTP/1.1" 500 1 "-" "Mozilla/5.0 (compatible; DataForSeoBot/1.0; +https://dataforseo.com/dataforseo-bot)"
136.243.220.212 - - [20/May/2026:22:43:29 +0000] "GET /goods.php?jp/058038358.html HTTP/1.1" 500 1 "-" "Mozilla/5.0 (compatible; DataForSeoBot/1.0; +https://dataforseo.com/dataforseo-bot)"
136.243.220.212 - - [20/May/2026:22:43:40 +0000] "GET /goods.php?items/halfway/163023389.htm HTTP/1.1" 500 1 "-" "Mozilla/5.0 (compatible; DataForSeoBot/1.0; +https://dataforseo.com/dataforseo-bot)"
136.243.220.212 - - [20/May/2026:22:43:49 +0000] "GET /goods.php?items/sleeve/058034964.htm HTTP/1.1" 500 1 "-" "Mozilla/5.0 (compatible; DataForSeoBot/1.0; +https://dataforseo.com/dataforseo-bot)"
204.12.208.18 - - [20/May/2026:22:43:52 +0000] "GET /wp-includes/br745832/index.php HTTP/1.1" 500 - "https://aioptify.com/wp-includes/br745832/index.php" "Mozilla/5.0 (Macintosh; Intel Mac OS X 10_6_8) AppleWebKit/534.24 (KHTML, like Gecko) Chrome/11.0.696.71 Safari/534.24"
204.12.208.18 - - [20/May/2026:22:43:52 +0000] "GET /wp-includes/br745832/index.php HTTP/1.1" 500 - "https://aioptify.com/wp-includes/br745832/index.php" "Mozilla/5.0 (Windows NT 5.1) AppleWebKit/534.30 (KHTML, like Gecko) Chrome/12.0.742.122 Safari/534.30 ChromePlus/1.6.3.1"
204.12.208.18 - - [20/May/2026:22:43:52 +0000] "GET /wp-includes/br745832/index.php HTTP/1.1" 500 - "https://aioptify.com/wp-includes/br745832/index.php" "Mozilla/5.0 (Windows NT 6.1) AppleWebKit/535.1 (KHTML, like Gecko) Chrome/13.0.782.107 Safari/535.1"
136.243.220.212 - - [20/May/2026:22:43:59 +0000] "GET /goods.php?items/coup/058035772.htm HTTP/1.1" 500 1 "-" "Mozilla/5.0 (compatible; DataForSeoBot/1.0; +https://dataforseo.com/dataforseo-bot)"
136.243.220.212 - - [20/May/2026:22:44:09 +0000] "GET /goods.php?items/trunk/068004740.htm HTTP/1.1" 500 1 "-" "Mozilla/5.0 (compatible; DataForSeoBot/1.0; +https://dataforseo.com/dataforseo-bot)"
136.243.220.212 - - [20/May/2026:22:44:18 +0000] "GET /goods.php?items/empire/137025337.htm HTTP/1.1" 500 1 "-" "Mozilla/5.0 (compatible; DataForSeoBot/1.0; +https://dataforseo.com/dataforseo-bot)"
136.243.220.212 - - [20/May/2026:22:44:28 +0000] "GET /goods.php?items/division/223009129.htm HTTP/1.1" 500 1 "-" "Mozilla/5.0 (compatible; DataForSeoBot/1.0; +https://dataforseo.com/dataforseo-bot)"
136.243.220.212 - - [20/May/2026:22:44:37 +0000] "GET /goods.php?goods/032027702 HTTP/1.1" 500 1 "-" "Mozilla/5.0 (compatible; DataForSeoBot/1.0; +https://dataforseo.com/dataforseo-bot)"
136.243.220.212 - - [20/May/2026:22:44:47 +0000] "GET /goods.php?items/reflect/032029258.htm HTTP/1.1" 500 1 "-" "Mozilla/5.0 (compatible; DataForSeoBot/1.0; +https://dataforseo.com/dataforseo-bot)"
136.243.220.212 - - [20/May/2026:22:44:58 +0000] "GET /goods.php?items/shout/017030033.htm HTTP/1.1" 500 1 "-" "Mozilla/5.0 (compatible; DataForSeoBot/1.0; +https://dataforseo.com/dataforseo-bot)"
136.243.220.212 - - [20/May/2026:22:45:07 +0000] "GET /goods.php?items/mechanic/157019349.htm HTTP/1.1" 500 1 "-" "Mozilla/5.0 (compatible; DataForSeoBot/1.0; +https://dataforseo.com/dataforseo-bot)"
136.243.220.212 - - [20/May/2026:22:45:19 +0000] "GET /goods.php?items/convinced/032030186.htm HTTP/1.1" 500 1 "-" "Mozilla/5.0 (compatible; DataForSeoBot/1.0; +https://dataforseo.com/dataforseo-bot)"
136.243.220.212 - - [20/May/2026:22:45:29 +0000] "GET /goods.php?items/apparent/191043247.htm HTTP/1.1" 500 1 "-" "Mozilla/5.0 (compatible; DataForSeoBot/1.0; +https://dataforseo.com/dataforseo-bot)"
136.243.220.212 - - [20/May/2026:22:45:41 +0000] "GET /goods.php?items/adopt/079042333.htm HTTP/1.1" 500 1 "-" "Mozilla/5.0 (compatible; DataForSeoBot/1.0; +https://dataforseo.com/dataforseo-bot)"
136.243.220.212 - - [20/May/2026:22:45:53 +0000] "GET /goods.php?goods/032031322 HTTP/1.1" 500 1 "-" "Mozilla/5.0 (compatible; DataForSeoBot/1.0; +https://dataforseo.com/dataforseo-bot)"
136.243.220.212 - - [20/May/2026:22:46:03 +0000] "GET /goods.php?items/coordinator/274002038.htm HTTP/1.1" 500 1 "-" "Mozilla/5.0 (compatible; DataForSeoBot/1.0; +https://dataforseo.com/dataforseo-bot)"
136.243.220.212 - - [20/May/2026:22:46:13 +0000] "GET /goods.php?items/spite/179010641.htm HTTP/1.1" 500 1 "-" "Mozilla/5.0 (compatible; DataForSeoBot/1.0; +https://dataforseo.com/dataforseo-bot)"
136.243.220.212 - - [20/May/2026:22:46:23 +0000] "GET /goods.php?items/migration/263033425.htm HTTP/1.1" 500 1 "-" "Mozilla/5.0 (compatible; DataForSeoBot/1.0; +https://dataforseo.com/dataforseo-bot)"
136.243.220.212 - - [20/May/2026:22:46:34 +0000] "GET /goods.php?items/inevitably/277028605.htm HTTP/1.1" 500 1 "-" "Mozilla/5.0 (compatible; DataForSeoBot/1.0; +https://dataforseo.com/dataforseo-bot)"
114.119.137.160 - - [20/May/2026:22:46:41 +0000] "GET /shop/notice022010047.html HTTP/1.1" 500 1 "https://aioptify.com/sitemap646.xml" "Mozilla/5.0 (Linux; Android 7.0;) AppleWebKit/537.36 (HTML, like Gecko) Mobile Safari/537.36 (compatible; PetalBot;+https://webmaster.petalsearch.com/site/petalbot)"
136.243.220.212 - - [20/May/2026:22:46:43 +0000] "GET /goods.php?items/painful/060020226.htm HTTP/1.1" 500 1 "-" "Mozilla/5.0 (compatible; DataForSeoBot/1.0; +https://dataforseo.com/dataforseo-bot)"
136.243.220.212 - - [20/May/2026:22:46:54 +0000] "GET /goods.php?items/witness/125024543.htm HTTP/1.1" 500 1 "-" "Mozilla/5.0 (compatible; DataForSeoBot/1.0; +https://dataforseo.com/dataforseo-bot)"
136.243.220.212 - - [20/May/2026:22:47:04 +0000] "GET /goods.php?items/invisible/072031178.htm HTTP/1.1" 500 1 "-" "Mozilla/5.0 (compatible; DataForSeoBot/1.0; +https://dataforseo.com/dataforseo-bot)"
136.243.220.212 - - [20/May/2026:22:47:15 +0000] "GET /goods.php?jp/186008331.html HTTP/1.1" 500 1 "-" "Mozilla/5.0 (compatible; DataForSeoBot/1.0; +https://dataforseo.com/dataforseo-bot)"
136.243.220.212 - - [20/May/2026:22:47:26 +0000] "GET /goods.php?items/card/186016000.htm HTTP/1.1" 500 1 "-" "Mozilla/5.0 (compatible; DataForSeoBot/1.0; +https://dataforseo.com/dataforseo-bot)"
136.243.220.212 - - [20/May/2026:22:47:36 +0000] "GET /goods.php?items/expectation/288016716.htm HTTP/1.1" 500 1 "-" "Mozilla/5.0 (compatible; DataForSeoBot/1.0; +https://dataforseo.com/dataforseo-bot)"
136.243.220.212 - - [20/May/2026:22:47:46 +0000] "GET /goods.php?items/chain/043003943.htm HTTP/1.1" 500 1 "-" "Mozilla/5.0 (compatible; DataForSeoBot/1.0; +https://dataforseo.com/dataforseo-bot)"
136.243.220.212 - - [20/May/2026:22:47:57 +0000] "GET /goods.php?items/bath/058006512.htm HTTP/1.1" 500 1 "-" "Mozilla/5.0 (compatible; DataForSeoBot/1.0; +https://dataforseo.com/dataforseo-bot)"
114.119.157.111 - - [20/May/2026:22:48:06 +0000] "GET /m212035986 HTTP/1.1" 500 1 "https://aioptify.com/sitemap679.xml" "Mozilla/5.0 (Linux; Android 7.0;) AppleWebKit/537.36 (HTML, like Gecko) Mobile Safari/537.36 (compatible; PetalBot;+https://webmaster.petalsearch.com/site/petalbot)"
136.243.220.212 - - [20/May/2026:22:48:07 +0000] "GET /goods.php?items/fate/107013273.htm HTTP/1.1" 500 1 "-" "Mozilla/5.0 (compatible; DataForSeoBot/1.0; +https://dataforseo.com/dataforseo-bot)"
136.243.220.212 - - [20/May/2026:22:48:17 +0000] "GET /goods.php?goods/043004468 HTTP/1.1" 500 1 "-" "Mozilla/5.0 (compatible; DataForSeoBot/1.0; +https://dataforseo.com/dataforseo-bot)"
136.243.220.212 - - [20/May/2026:22:48:28 +0000] "GET /goods.php?goods/140041867 HTTP/1.1" 500 1 "-" "Mozilla/5.0 (compatible; DataForSeoBot/1.0; +https://dataforseo.com/dataforseo-bot)"
136.243.220.212 - - [20/May/2026:22:48:38 +0000] "GET /goods.php?items/fence/213038443.htm HTTP/1.1" 500 1 "-" "Mozilla/5.0 (compatible; DataForSeoBot/1.0; +https://dataforseo.com/dataforseo-bot)"
136.243.220.212 - - [20/May/2026:22:48:49 +0000] "GET /goods.php?items/accurate/093000325.htm HTTP/1.1" 500 1 "-" "Mozilla/5.0 (compatible; DataForSeoBot/1.0; +https://dataforseo.com/dataforseo-bot)"
136.243.220.212 - - [20/May/2026:22:48:59 +0000] "GET /goods.php?items/innovation/246020624.htm HTTP/1.1" 500 1 "-" "Mozilla/5.0 (compatible; DataForSeoBot/1.0; +https://dataforseo.com/dataforseo-bot)"
136.243.220.212 - - [20/May/2026:22:49:10 +0000] "GET /goods.php?items/assume/093000729.htm HTTP/1.1" 500 1 "-" "Mozilla/5.0 (compatible; DataForSeoBot/1.0; +https://dataforseo.com/dataforseo-bot)"
136.243.220.212 - - [20/May/2026:22:49:22 +0000] "GET /goods.php?items/recovery/033000781.htm HTTP/1.1" 500 1 "-" "Mozilla/5.0 (compatible; DataForSeoBot/1.0; +https://dataforseo.com/dataforseo-bot)"
136.243.220.212 - - [20/May/2026:22:49:33 +0000] "GET /goods.php?items/marker/089000825.htm HTTP/1.1" 500 1 "-" "Mozilla/5.0 (compatible; DataForSeoBot/1.0; +https://dataforseo.com/dataforseo-bot)"
114.119.140.4 - - [20/May/2026:22:49:37 +0000] "GET /goods.php?shopping/269004270 HTTP/1.1" 500 1 "https://aioptify.com/goods.php?sitemap405.xml" "Mozilla/5.0 (Linux; Android 7.0;) AppleWebKit/537.36 (HTML, like Gecko) Mobile Safari/537.36 (compatible; PetalBot;+https://webmaster.petalsearch.com/site/petalbot)"
136.243.220.212 - - [20/May/2026:22:49:45 +0000] "GET /goods.php?items/automatic/207049925.htm HTTP/1.1" 500 1 "-" "Mozilla/5.0 (compatible; DataForSeoBot/1.0; +https://dataforseo.com/dataforseo-bot)"
136.243.220.212 - - [20/May/2026:22:49:56 +0000] "GET /goods.php?items/roughly/094006914.htm HTTP/1.1" 500 1 "-" "Mozilla/5.0 (compatible; DataForSeoBot/1.0; +https://dataforseo.com/dataforseo-bot)"
136.243.220.212 - - [20/May/2026:22:50:07 +0000] "GET /goods.php?goods/094003119 HTTP/1.1" 500 1 "-" "Mozilla/5.0 (compatible; DataForSeoBot/1.0; +https://dataforseo.com/dataforseo-bot)"
136.243.220.212 - - [20/May/2026:22:50:18 +0000] "GET /goods.php?items/hospital/106044858.htm HTTP/1.1" 500 1 "-" "Mozilla/5.0 (compatible; DataForSeoBot/1.0; +https://dataforseo.com/dataforseo-bot)"
136.243.220.212 - - [20/May/2026:22:50:28 +0000] "GET /goods.php?items/privilege/203013841.htm HTTP/1.1" 500 1 "-" "Mozilla/5.0 (compatible; DataForSeoBot/1.0; +https://dataforseo.com/dataforseo-bot)"
136.243.220.212 - - [20/May/2026:22:50:38 +0000] "GET /goods.php?items/none/143030979.htm HTTP/1.1" 500 1 "-" "Mozilla/5.0 (compatible; DataForSeoBot/1.0; +https://dataforseo.com/dataforseo-bot)"
136.243.220.212 - - [20/May/2026:22:50:48 +0000] "GET /goods.php?items/decrease/083000269.htm HTTP/1.1" 500 1 "-" "Mozilla/5.0 (compatible; DataForSeoBot/1.0; +https://dataforseo.com/dataforseo-bot)"
114.119.155.44 - - [20/May/2026:22:50:51 +0000] "GET /goods.php?items/relatively/054021990.htm HTTP/1.1" 500 1 "https://aioptify.com/goods.php?sitemap749.xml" "Mozilla/5.0 (Linux; Android 7.0;) AppleWebKit/537.36 (HTML, like Gecko) Mobile Safari/537.36 (compatible; PetalBot;+https://webmaster.petalsearch.com/site/petalbot)"
136.243.220.212 - - [20/May/2026:22:50:58 +0000] "GET /goods.php?items/recovery/094005746.htm HTTP/1.1" 500 1 "-" "Mozilla/5.0 (compatible; DataForSeoBot/1.0; +https://dataforseo.com/dataforseo-bot)"
136.243.220.212 - - [20/May/2026:22:51:08 +0000] "GET /goods.php?detail/094007675167 HTTP/1.1" 500 1 "-" "Mozilla/5.0 (compatible; DataForSeoBot/1.0; +https://dataforseo.com/dataforseo-bot)"
136.243.220.212 - - [20/May/2026:22:51:18 +0000] "GET /goods.php?items/simple/262046006.htm HTTP/1.1" 500 1 "-" "Mozilla/5.0 (compatible; DataForSeoBot/1.0; +https://dataforseo.com/dataforseo-bot)"
136.243.220.212 - - [20/May/2026:22:51:27 +0000] "GET /goods.php?items/cool/213023993.htm HTTP/1.1" 500 1 "-" "Mozilla/5.0 (compatible; DataForSeoBot/1.0; +https://dataforseo.com/dataforseo-bot)"
136.243.220.212 - - [20/May/2026:22:51:38 +0000] "GET /goods.php?items/shame/262039208.htm HTTP/1.1" 500 1 "-" "Mozilla/5.0 (compatible; DataForSeoBot/1.0; +https://dataforseo.com/dataforseo-bot)"
198.46.185.85 - - [20/May/2026:22:51:44 +0000] "GET /register?action=register HTTP/1.1" 500 1 "https://aioptify.com/" "Mozilla/5.0 (Windows NT 10.0; Win64; x64) AppleWebKit/537.36 (KHTML, like Gecko) Chrome/143.0.0.0 Safari/537.36 OPR/127.0.0.0"
136.243.220.212 - - [20/May/2026:22:51:48 +0000] "GET /goods.php?items/image/071000845.htm HTTP/1.1" 500 1 "-" "Mozilla/5.0 (compatible; DataForSeoBot/1.0; +https://dataforseo.com/dataforseo-bot)"
136.243.220.212 - - [20/May/2026:22:51:58 +0000] "GET /goods.php?items/property/077005081.htm HTTP/1.1" 500 1 "-" "Mozilla/5.0 (compatible; DataForSeoBot/1.0; +https://dataforseo.com/dataforseo-bot)"
136.243.220.212 - - [20/May/2026:22:52:09 +0000] "GET /goods.php?items/boost/084036034.htm HTTP/1.1" 500 1 "-" "Mozilla/5.0 (compatible; DataForSeoBot/1.0; +https://dataforseo.com/dataforseo-bot)"
114.119.143.119 - - [20/May/2026:22:52:15 +0000] "GET /goods.php?items/relate/296031360.htm HTTP/1.1" 500 1 "https://aioptify.com/goods.php?sitemap749.xml" "Mozilla/5.0 (Linux; Android 7.0;) AppleWebKit/537.36 (HTML, like Gecko) Mobile Safari/537.36 (compatible; PetalBot;+https://webmaster.petalsearch.com/site/petalbot)"
136.243.220.212 - - [20/May/2026:22:52:19 +0000] "GET /goods.php?items/opponent/038002306.htm HTTP/1.1" 500 1 "-" "Mozilla/5.0 (compatible; DataForSeoBot/1.0; +https://dataforseo.com/dataforseo-bot)"
136.243.220.212 - - [20/May/2026:22:52:31 +0000] "GET /goods.php?items/passenger/022039004.htm HTTP/1.1" 500 1 "-" "Mozilla/5.0 (compatible; DataForSeoBot/1.0; +https://dataforseo.com/dataforseo-bot)"
136.243.220.212 - - [20/May/2026:22:52:41 +0000] "GET /goods.php?items/incredible/114023434.htm HTTP/1.1" 500 1 "-" "Mozilla/5.0 (compatible; DataForSeoBot/1.0; +https://dataforseo.com/dataforseo-bot)"
136.243.220.212 - - [20/May/2026:22:52:51 +0000] "GET /goods.php?items/resemble/114004806.htm HTTP/1.1" 500 1 "-" "Mozilla/5.0 (compatible; DataForSeoBot/1.0; +https://dataforseo.com/dataforseo-bot)"
136.243.220.212 - - [20/May/2026:22:53:01 +0000] "GET /goods.php?items/church/195003531.htm HTTP/1.1" 500 1 "-" "Mozilla/5.0 (compatible; DataForSeoBot/1.0; +https://dataforseo.com/dataforseo-bot)"
136.243.220.212 - - [20/May/2026:22:53:13 +0000] "GET /goods.php?shopping/078000779 HTTP/1.1" 500 1 "-" "Mozilla/5.0 (compatible; DataForSeoBot/1.0; +https://dataforseo.com/dataforseo-bot)"
136.243.220.212 - - [20/May/2026:22:53:23 +0000] "GET /goods.php?shopping/077000966 HTTP/1.1" 500 1 "-" "Mozilla/5.0 (compatible; DataForSeoBot/1.0; +https://dataforseo.com/dataforseo-bot)"
136.243.220.212 - - [20/May/2026:22:53:33 +0000] "GET /goods.php?items/scramble/071033025.htm HTTP/1.1" 500 1 "-" "Mozilla/5.0 (compatible; DataForSeoBot/1.0; +https://dataforseo.com/dataforseo-bot)"
114.119.134.212 - - [20/May/2026:22:53:38 +0000] "GET /goods.php?items/rebuild/244030346.htm HTTP/1.1" 500 1 "https://aioptify.com/goods.php?sitemap749.xml" "Mozilla/5.0 (Linux; Android 7.0;) AppleWebKit/537.36 (HTML, like Gecko) Mobile Safari/537.36 (compatible; PetalBot;+https://webmaster.petalsearch.com/site/petalbot)"
136.243.220.212 - - [20/May/2026:22:53:43 +0000] "GET /goods.php?items/utility/117016503.htm HTTP/1.1" 500 1 "-" "Mozilla/5.0 (compatible; DataForSeoBot/1.0; +https://dataforseo.com/dataforseo-bot)"
136.243.220.212 - - [20/May/2026:22:53:54 +0000] "GET /goods.php?items/necessary/093031419.htm HTTP/1.1" 500 1 "-" "Mozilla/5.0 (compatible; DataForSeoBot/1.0; +https://dataforseo.com/dataforseo-bot)"
136.243.220.212 - - [20/May/2026:22:54:04 +0000] "GET /goods.php?items/old/069009623.htm HTTP/1.1" 500 1 "-" "Mozilla/5.0 (compatible; DataForSeoBot/1.0; +https://dataforseo.com/dataforseo-bot)"
136.243.220.212 - - [20/May/2026:22:54:14 +0000] "GET /goods.php?items/cook/069009685.htm HTTP/1.1" 500 1 "-" "Mozilla/5.0 (compatible; DataForSeoBot/1.0; +https://dataforseo.com/dataforseo-bot)"
136.243.220.212 - - [20/May/2026:22:54:25 +0000] "GET /goods.php?items/cabinet/155005761.htm HTTP/1.1" 500 1 "-" "Mozilla/5.0 (compatible; DataForSeoBot/1.0; +https://dataforseo.com/dataforseo-bot)"
136.243.220.212 - - [20/May/2026:22:54:35 +0000] "GET /goods.php?items/bureau/069009727.htm HTTP/1.1" 500 1 "-" "Mozilla/5.0 (compatible; DataForSeoBot/1.0; +https://dataforseo.com/dataforseo-bot)"
136.243.220.212 - - [20/May/2026:22:54:46 +0000] "GET /goods.php?items/base/175030703.htm HTTP/1.1" 500 1 "-" "Mozilla/5.0 (compatible; DataForSeoBot/1.0; +https://dataforseo.com/dataforseo-bot)"
136.243.220.212 - - [20/May/2026:22:54:56 +0000] "GET /goods.php?items/solid/285041093.htm HTTP/1.1" 500 1 "-" "Mozilla/5.0 (compatible; DataForSeoBot/1.0; +https://dataforseo.com/dataforseo-bot)"
114.119.133.34 - - [20/May/2026:22:55:01 +0000] "GET /goods.php?items/re/276000374.htm HTTP/1.1" 500 1 "https://aioptify.com/goods.php?sitemap405.xml" "Mozilla/5.0 (Linux; Android 7.0;) AppleWebKit/537.36 (HTML, like Gecko) Mobile Safari/537.36 (compatible; PetalBot;+https://webmaster.petalsearch.com/site/petalbot)"
136.243.220.212 - - [20/May/2026:22:55:05 +0000] "GET /goods.php?items/someone/095045123.htm HTTP/1.1" 500 1 "-" "Mozilla/5.0 (compatible; DataForSeoBot/1.0; +https://dataforseo.com/dataforseo-bot)"
136.243.220.212 - - [20/May/2026:22:55:16 +0000] "GET /goods.php?items/manage/240023836.htm HTTP/1.1" 500 1 "-" "Mozilla/5.0 (compatible; DataForSeoBot/1.0; +https://dataforseo.com/dataforseo-bot)"
136.243.220.212 - - [20/May/2026:22:55:27 +0000] "GET /goods.php?items/successful/027036015.htm HTTP/1.1" 500 1 "-" "Mozilla/5.0 (compatible; DataForSeoBot/1.0; +https://dataforseo.com/dataforseo-bot)"
136.243.220.212 - - [20/May/2026:22:55:36 +0000] "GET /goods.php?items/argue/189025947.htm HTTP/1.1" 500 1 "-" "Mozilla/5.0 (compatible; DataForSeoBot/1.0; +https://dataforseo.com/dataforseo-bot)"
136.243.220.212 - - [20/May/2026:22:55:47 +0000] "GET /goods.php?items/island/099013309.htm HTTP/1.1" 500 1 "-" "Mozilla/5.0 (compatible; DataForSeoBot/1.0; +https://dataforseo.com/dataforseo-bot)"
136.243.220.212 - - [20/May/2026:22:55:56 +0000] "GET /goods.php?items/spokesman/099013257.htm HTTP/1.1" 500 1 "-" "Mozilla/5.0 (compatible; DataForSeoBot/1.0; +https://dataforseo.com/dataforseo-bot)"
136.243.220.212 - - [20/May/2026:22:56:07 +0000] "GET /goods.php?items/bat/298025152.htm HTTP/1.1" 500 1 "-" "Mozilla/5.0 (compatible; DataForSeoBot/1.0; +https://dataforseo.com/dataforseo-bot)"
136.243.220.212 - - [20/May/2026:22:56:16 +0000] "GET /goods.php?items/tackle/120020194.htm HTTP/1.1" 500 1 "-" "Mozilla/5.0 (compatible; DataForSeoBot/1.0; +https://dataforseo.com/dataforseo-bot)"
114.119.133.34 - - [20/May/2026:22:56:25 +0000] "GET /goods.php?items/re/050028002.htm HTTP/1.1" 500 1 "https://aioptify.com/goods.php?items/re/050028002.htm" "Mozilla/5.0 (Linux; Android 7.0;) AppleWebKit/537.36 (HTML, like Gecko) Mobile Safari/537.36 (compatible; PetalBot;+https://webmaster.petalsearch.com/site/petalbot)"
136.243.220.212 - - [20/May/2026:22:56:26 +0000] "GET /goods.php?items/different/099013311.htm HTTP/1.1" 500 1 "-" "Mozilla/5.0 (compatible; DataForSeoBot/1.0; +https://dataforseo.com/dataforseo-bot)"
136.243.220.212 - - [20/May/2026:22:56:35 +0000] "GET /goods.php?jp/076019427.html HTTP/1.1" 500 1 "-" "Mozilla/5.0 (compatible; DataForSeoBot/1.0; +https://dataforseo.com/dataforseo-bot)"
136.243.220.212 - - [20/May/2026:22:56:45 +0000] "GET /goods.php?items/assist/227004935.htm HTTP/1.1" 500 1 "-" "Mozilla/5.0 (compatible; DataForSeoBot/1.0; +https://dataforseo.com/dataforseo-bot)"
136.243.220.212 - - [20/May/2026:22:56:55 +0000] "GET /goods.php?items/food/072029868.htm HTTP/1.1" 500 1 "-" "Mozilla/5.0 (compatible; DataForSeoBot/1.0; +https://dataforseo.com/dataforseo-bot)"
69.30.223.218 - - [20/May/2026:22:57:00 +0000] "GET /wp-content/pl7d2334/index.php HTTP/1.1" 500 1 "https://aioptify.com/wp-content/pl7d2334/index.php" "Mozilla/5.0 (Windows NT 10.0; Win64; x64) AppleWebKit/537.36 (KHTML, like Gecko) Chrome/58.0.3029.110 Safari/537.3"
69.30.223.218 - - [20/May/2026:22:57:01 +0000] "GET /wp-content/pl7d2334/index.php HTTP/1.1" 500 1 "https://aioptify.com/wp-content/pl7d2334/index.php" "Mozilla/5.0 (Windows NT 10.0; Win64; x64) AppleWebKit/537.36 (KHTML, like Gecko) Chrome/58.0.3029.110 Safari/537.3"
136.243.220.212 - - [20/May/2026:22:57:04 +0000] "GET /goods.php?items/fence/042015040.htm HTTP/1.1" 500 1 "-" "Mozilla/5.0 (compatible; DataForSeoBot/1.0; +https://dataforseo.com/dataforseo-bot)"
136.243.220.212 - - [20/May/2026:22:57:15 +0000] "GET /goods.php?goods/205043455 HTTP/1.1" 500 1 "-" "Mozilla/5.0 (compatible; DataForSeoBot/1.0; +https://dataforseo.com/dataforseo-bot)"
136.243.220.212 - - [20/May/2026:22:57:25 +0000] "GET /goods.php?items/middle-class/048012880.htm HTTP/1.1" 500 1 "-" "Mozilla/5.0 (compatible; DataForSeoBot/1.0; +https://dataforseo.com/dataforseo-bot)"
136.243.220.212 - - [20/May/2026:22:57:34 +0000] "GET /goods.php?items/leaf/063000855.htm HTTP/1.1" 500 1 "-" "Mozilla/5.0 (compatible; DataForSeoBot/1.0; +https://dataforseo.com/dataforseo-bot)"
136.243.220.212 - - [20/May/2026:22:57:44 +0000] "GET /goods.php?items/sneak/221011619.htm HTTP/1.1" 500 1 "-" "Mozilla/5.0 (compatible; DataForSeoBot/1.0; +https://dataforseo.com/dataforseo-bot)"
114.119.157.111 - - [20/May/2026:22:57:48 +0000] "GET /goods.php?items/re/019014829.htm HTTP/1.1" 500 1 "https://aioptify.com/goods.php?items/re/019014829.htm" "Mozilla/5.0 (Linux; Android 7.0;) AppleWebKit/537.36 (HTML, like Gecko) Mobile Safari/537.36 (compatible; PetalBot;+https://webmaster.petalsearch.com/site/petalbot)"
136.243.220.212 - - [20/May/2026:22:57:54 +0000] "GET /goods.php?items/powder/132025520.htm HTTP/1.1" 500 1 "-" "Mozilla/5.0 (compatible; DataForSeoBot/1.0; +https://dataforseo.com/dataforseo-bot)"
136.243.220.212 - - [20/May/2026:22:58:04 +0000] "GET /goods.php?items/celebration/048014294.htm HTTP/1.1" 500 1 "-" "Mozilla/5.0 (compatible; DataForSeoBot/1.0; +https://dataforseo.com/dataforseo-bot)"
136.243.220.212 - - [20/May/2026:22:58:14 +0000] "GET /goods.php?items/insist/253028345.htm HTTP/1.1" 500 1 "-" "Mozilla/5.0 (compatible; DataForSeoBot/1.0; +https://dataforseo.com/dataforseo-bot)"
136.243.220.212 - - [20/May/2026:22:58:25 +0000] "GET /goods.php?items/planning/215027213.htm HTTP/1.1" 500 1 "-" "Mozilla/5.0 (compatible; DataForSeoBot/1.0; +https://dataforseo.com/dataforseo-bot)"
136.243.220.212 - - [20/May/2026:22:58:35 +0000] "GET /goods.php?items/roughly/076000124.htm HTTP/1.1" 500 1 "-" "Mozilla/5.0 (compatible; DataForSeoBot/1.0; +https://dataforseo.com/dataforseo-bot)"
136.243.220.212 - - [20/May/2026:22:58:45 +0000] "GET /goods.php?items/expect/299017163.htm HTTP/1.1" 500 1 "-" "Mozilla/5.0 (compatible; DataForSeoBot/1.0; +https://dataforseo.com/dataforseo-bot)"
136.243.220.212 - - [20/May/2026:22:58:54 +0000] "GET /goods.php?items/juror/096001110.htm HTTP/1.1" 500 1 "-" "Mozilla/5.0 (compatible; DataForSeoBot/1.0; +https://dataforseo.com/dataforseo-bot)"
136.243.220.212 - - [20/May/2026:22:59:03 +0000] "GET /goods.php?items/put/043020973.htm HTTP/1.1" 500 1 "-" "Mozilla/5.0 (compatible; DataForSeoBot/1.0; +https://dataforseo.com/dataforseo-bot)"
114.119.134.212 - - [20/May/2026:22:59:12 +0000] "GET /goods.php?items/quick/016035066.htm HTTP/1.1" 500 1 "https://aioptify.com/goods.php?sitemap749.xml" "Mozilla/5.0 (Linux; Android 7.0;) AppleWebKit/537.36 (HTML, like Gecko) Mobile Safari/537.36 (compatible; PetalBot;+https://webmaster.petalsearch.com/site/petalbot)"
136.243.220.212 - - [20/May/2026:22:59:14 +0000] "GET /goods.php?items/make/268014706.htm HTTP/1.1" 500 1 "-" "Mozilla/5.0 (compatible; DataForSeoBot/1.0; +https://dataforseo.com/dataforseo-bot)"
136.243.220.212 - - [20/May/2026:22:59:23 +0000] "GET /goods.php?items/rat/298044836.htm HTTP/1.1" 500 1 "-" "Mozilla/5.0 (compatible; DataForSeoBot/1.0; +https://dataforseo.com/dataforseo-bot)"
136.243.220.212 - - [20/May/2026:22:59:32 +0000] "GET /goods.php?items/rumor/140039626.htm HTTP/1.1" 500 1 "-" "Mozilla/5.0 (compatible; DataForSeoBot/1.0; +https://dataforseo.com/dataforseo-bot)"
136.243.220.212 - - [20/May/2026:22:59:43 +0000] "GET /goods.php?items/entitle/089013715.htm HTTP/1.1" 500 1 "-" "Mozilla/5.0 (compatible; DataForSeoBot/1.0; +https://dataforseo.com/dataforseo-bot)"
136.243.220.212 - - [20/May/2026:22:59:52 +0000] "GET /goods.php?items/damage/089013727.htm HTTP/1.1" 500 1 "-" "Mozilla/5.0 (compatible; DataForSeoBot/1.0; +https://dataforseo.com/dataforseo-bot)"
136.243.220.212 - - [20/May/2026:23:00:03 +0000] "GET /goods.php?items/timber/011040407.htm HTTP/1.1" 500 1 "-" "Mozilla/5.0 (compatible; DataForSeoBot/1.0; +https://dataforseo.com/dataforseo-bot)"
136.243.220.212 - - [20/May/2026:23:00:13 +0000] "GET /goods.php?items/cover/008020484.htm HTTP/1.1" 500 1 "-" "Mozilla/5.0 (compatible; DataForSeoBot/1.0; +https://dataforseo.com/dataforseo-bot)"
136.243.220.212 - - [20/May/2026:23:00:22 +0000] "GET /goods.php?items/writing/162037644.htm HTTP/1.1" 500 1 "-" "Mozilla/5.0 (compatible; DataForSeoBot/1.0; +https://dataforseo.com/dataforseo-bot)"
136.243.220.212 - - [20/May/2026:23:00:32 +0000] "GET /goods.php?items/communicate/091045289.htm HTTP/1.1" 500 1 "-" "Mozilla/5.0 (compatible; DataForSeoBot/1.0; +https://dataforseo.com/dataforseo-bot)"
114.119.150.65 - - [20/May/2026:23:00:35 +0000] "GET /goods.php?items/proud/068000112.htm HTTP/1.1" 500 1 "https://aioptify.com/goods.php?sitemap749.xml" "Mozilla/5.0 (Linux; Android 7.0;) AppleWebKit/537.36 (HTML, like Gecko) Mobile Safari/537.36 (compatible; PetalBot;+https://webmaster.petalsearch.com/site/petalbot)"
136.243.220.212 - - [20/May/2026:23:00:41 +0000] "GET /goods.php?goods/167043508 HTTP/1.1" 500 1 "-" "Mozilla/5.0 (compatible; DataForSeoBot/1.0; +https://dataforseo.com/dataforseo-bot)"
136.243.220.212 - - [20/May/2026:23:00:51 +0000] "GET /goods.php?items/grateful/090013530.htm HTTP/1.1" 500 1 "-" "Mozilla/5.0 (compatible; DataForSeoBot/1.0; +https://dataforseo.com/dataforseo-bot)"
136.243.220.212 - - [20/May/2026:23:01:03 +0000] "GET /goods.php?items/pension/164014236.htm HTTP/1.1" 500 1 "-" "Mozilla/5.0 (compatible; DataForSeoBot/1.0; +https://dataforseo.com/dataforseo-bot)"
136.243.220.212 - - [20/May/2026:23:01:13 +0000] "GET /goods.php?items/division/236030322.htm HTTP/1.1" 500 1 "-" "Mozilla/5.0 (compatible; DataForSeoBot/1.0; +https://dataforseo.com/dataforseo-bot)"
136.243.220.212 - - [20/May/2026:23:01:24 +0000] "GET /goods.php?items/dilemma/236030304.htm HTTP/1.1" 500 1 "-" "Mozilla/5.0 (compatible; DataForSeoBot/1.0; +https://dataforseo.com/dataforseo-bot)"
136.243.220.212 - - [20/May/2026:23:01:33 +0000] "GET /goods.php?items/equal/099003143.htm HTTP/1.1" 500 1 "-" "Mozilla/5.0 (compatible; DataForSeoBot/1.0; +https://dataforseo.com/dataforseo-bot)"
136.243.220.212 - - [20/May/2026:23:01:42 +0000] "GET /goods.php?items/pistol/115015139.htm HTTP/1.1" 500 1 "-" "Mozilla/5.0 (compatible; DataForSeoBot/1.0; +https://dataforseo.com/dataforseo-bot)"
136.243.220.212 - - [20/May/2026:23:01:53 +0000] "GET /goods.php?items/indigenous/224045494.htm HTTP/1.1" 500 1 "-" "Mozilla/5.0 (compatible; DataForSeoBot/1.0; +https://dataforseo.com/dataforseo-bot)"
114.119.134.212 - - [20/May/2026:23:01:59 +0000] "GET /goods.php?items/people/266000356.htm HTTP/1.1" 500 1 "https://aioptify.com/goods.php?sitemap405.xml" "Mozilla/5.0 (Linux; Android 7.0;) AppleWebKit/537.36 (HTML, like Gecko) Mobile Safari/537.36 (compatible; PetalBot;+https://webmaster.petalsearch.com/site/petalbot)"
136.243.220.212 - - [20/May/2026:23:02:04 +0000] "GET /goods.php?items/annually/126002098.htm HTTP/1.1" 500 1 "-" "Mozilla/5.0 (compatible; DataForSeoBot/1.0; +https://dataforseo.com/dataforseo-bot)"
136.243.220.212 - - [20/May/2026:23:02:13 +0000] "GET /goods.php?items/prisoner/080002198.htm HTTP/1.1" 500 1 "-" "Mozilla/5.0 (compatible; DataForSeoBot/1.0; +https://dataforseo.com/dataforseo-bot)"
136.243.220.212 - - [20/May/2026:23:02:23 +0000] "GET /goods.php?items/wholesale/126019370.htm HTTP/1.1" 500 1 "-" "Mozilla/5.0 (compatible; DataForSeoBot/1.0; +https://dataforseo.com/dataforseo-bot)"
136.243.220.212 - - [20/May/2026:23:02:33 +0000] "GET /goods.php?items/counseling/126019968.htm HTTP/1.1" 500 1 "-" "Mozilla/5.0 (compatible; DataForSeoBot/1.0; +https://dataforseo.com/dataforseo-bot)"
136.243.220.212 - - [20/May/2026:23:02:42 +0000] "GET /goods.php?items/retreat/262039910.htm HTTP/1.1" 500 1 "-" "Mozilla/5.0 (compatible; DataForSeoBot/1.0; +https://dataforseo.com/dataforseo-bot)"
103.79.168.130 - - [20/May/2026:23:02:50 +0000] "GET /top-python-programming-books.php HTTP/1.1" 500 1 "https://away.vk.com/" "Mozilla/5.0 (Linux; Android 10; K) AppleWebKit/537.36 (KHTML, like Gecko) Chrome/148.0.0.0 Mobile Safari/537.36"
136.243.220.212 - - [20/May/2026:23:02:52 +0000] "GET /goods.php?items/disappear/126019790.htm HTTP/1.1" 500 1 "-" "Mozilla/5.0 (compatible; DataForSeoBot/1.0; +https://dataforseo.com/dataforseo-bot)"
103.79.168.130 - - [20/May/2026:23:03:00 +0000] "GET /top-python-programming-books.php HTTP/1.1" 500 1 "https://away.vk.com/" "Mozilla/5.0 (Linux; Android 10; K) AppleWebKit/537.36 (KHTML, like Gecko) Chrome/148.0.0.0 Mobile Safari/537.36"
136.243.220.212 - - [20/May/2026:23:03:01 +0000] "GET /goods.php?items/nasty/209008515.htm HTTP/1.1" 500 1 "-" "Mozilla/5.0 (compatible; DataForSeoBot/1.0; +https://dataforseo.com/dataforseo-bot)"
185.94.192.54 - - [20/May/2026:23:03:03 +0000] "GET /top-python-programming-books.php HTTP/1.1" 500 1 "https://away.vk.com/" "Mozilla/5.0 (Linux; Android 10; K) AppleWebKit/537.36 (KHTML, like Gecko) Chrome/148.0.0.0 Mobile Safari/537.36"
185.94.192.54 - - [20/May/2026:23:03:04 +0000] "GET /top-python-programming-books.php HTTP/1.1" 500 1 "https://away.vk.com/" "Mozilla/5.0 (Linux; Android 10; K) AppleWebKit/537.36 (KHTML, like Gecko) Chrome/148.0.0.0 Mobile Safari/537.36"
185.94.192.54 - - [20/May/2026:23:03:05 +0000] "GET /top-python-programming-books.php HTTP/1.1" 500 1 "https://away.vk.com/" "Mozilla/5.0 (Linux; Android 10; K) AppleWebKit/537.36 (KHTML, like Gecko) Chrome/148.0.0.0 Mobile Safari/537.36"
185.94.192.54 - - [20/May/2026:23:03:07 +0000] "GET /top-python-programming-books.php HTTP/1.1" 500 1 "https://away.vk.com/" "Mozilla/5.0 (Linux; Android 10; K) AppleWebKit/537.36 (KHTML, like Gecko) Chrome/148.0.0.0 Mobile Safari/537.36"
136.243.220.212 - - [20/May/2026:23:03:10 +0000] "GET /goods.php?items/maximum/209008535.htm HTTP/1.1" 500 1 "-" "Mozilla/5.0 (compatible; DataForSeoBot/1.0; +https://dataforseo.com/dataforseo-bot)"
136.243.220.212 - - [20/May/2026:23:03:20 +0000] "GET /goods.php?items/faint/186038494.htm HTTP/1.1" 500 1 "-" "Mozilla/5.0 (compatible; DataForSeoBot/1.0; +https://dataforseo.com/dataforseo-bot)"
114.119.133.34 - - [20/May/2026:23:03:22 +0000] "GET /goods.php?items/passing/281020921.htm HTTP/1.1" 500 1 "https://aioptify.com/goods.php?sitemap749.xml" "Mozilla/5.0 (Linux; Android 7.0;) AppleWebKit/537.36 (HTML, like Gecko) Mobile Safari/537.36 (compatible; PetalBot;+https://webmaster.petalsearch.com/site/petalbot)"
136.243.220.212 - - [20/May/2026:23:03:31 +0000] "GET /goods.php?items/short-term/101048895.htm HTTP/1.1" 500 1 "-" "Mozilla/5.0 (compatible; DataForSeoBot/1.0; +https://dataforseo.com/dataforseo-bot)"
136.243.220.212 - - [20/May/2026:23:03:42 +0000] "GET /goods.php?items/sculpture/239024873.htm HTTP/1.1" 500 1 "-" "Mozilla/5.0 (compatible; DataForSeoBot/1.0; +https://dataforseo.com/dataforseo-bot)"
136.243.220.212 - - [20/May/2026:23:03:52 +0000] "GET /goods.php?detail/13103933680633 HTTP/1.1" 500 1 "-" "Mozilla/5.0 (compatible; DataForSeoBot/1.0; +https://dataforseo.com/dataforseo-bot)"
136.243.220.212 - - [20/May/2026:23:04:01 +0000] "GET /goods.php?items/stick/209008363.htm HTTP/1.1" 500 1 "-" "Mozilla/5.0 (compatible; DataForSeoBot/1.0; +https://dataforseo.com/dataforseo-bot)"
136.243.220.212 - - [20/May/2026:23:04:12 +0000] "GET /goods.php?items/installation/093010263.htm HTTP/1.1" 500 1 "-" "Mozilla/5.0 (compatible; DataForSeoBot/1.0; +https://dataforseo.com/dataforseo-bot)"
136.243.220.212 - - [20/May/2026:23:04:22 +0000] "GET /goods.php?items/honestly/246034802.htm HTTP/1.1" 500 1 "-" "Mozilla/5.0 (compatible; DataForSeoBot/1.0; +https://dataforseo.com/dataforseo-bot)"
136.243.220.212 - - [20/May/2026:23:04:32 +0000] "GET /goods.php?shopping/013000336 HTTP/1.1" 500 1 "-" "Mozilla/5.0 (compatible; DataForSeoBot/1.0; +https://dataforseo.com/dataforseo-bot)"
136.243.220.212 - - [20/May/2026:23:04:43 +0000] "GET /goods.php?items/actual/140000636.htm HTTP/1.1" 500 1 "-" "Mozilla/5.0 (compatible; DataForSeoBot/1.0; +https://dataforseo.com/dataforseo-bot)"
114.119.133.34 - - [20/May/2026:23:04:52 +0000] "GET /goods.php?items/northern/284022766.htm HTTP/1.1" 500 - "https://aioptify.com/goods.php?sitemap749.xml" "Mozilla/5.0 (Linux; Android 7.0;) AppleWebKit/537.36 (KHTML, like Gecko) Mobile Safari/537.36 (compatible; PetalBot;+https://webmaster.petalsearch.com/site/petalbot)"
136.243.220.212 - - [20/May/2026:23:04:54 +0000] "GET /goods.php?items/perceived/233030011.htm HTTP/1.1" 500 1 "-" "Mozilla/5.0 (compatible; DataForSeoBot/1.0; +https://dataforseo.com/dataforseo-bot)"
136.243.220.212 - - [20/May/2026:23:05:04 +0000] "GET /goods.php?items/wonderful/246037222.htm HTTP/1.1" 500 1 "-" "Mozilla/5.0 (compatible; DataForSeoBot/1.0; +https://dataforseo.com/dataforseo-bot)"
91.90.142.7 - - [20/May/2026:23:05:05 +0000] "GET / HTTP/1.1" 500 - "-" "Chrome"
216.73.217.42 - - [20/May/2026:23:05:06 +0000] "GET /robots.txt HTTP/1.1" 500 1 "-" "Mozilla/5.0 AppleWebKit/537.36 (KHTML, like Gecko; compatible; ClaudeBot/1.0; +claudebot@anthropic.com)"
91.90.142.7 - - [20/May/2026:23:05:08 +0000] "GET / HTTP/1.1" 500 - "-" "Chrome"
91.90.142.7 - - [20/May/2026:23:05:11 +0000] "GET / HTTP/1.1" 500 - "-" "Chrome"
136.243.220.212 - - [20/May/2026:23:05:14 +0000] "GET /goods.php?items/briefly/028002190.htm HTTP/1.1" 500 1 "-" "Mozilla/5.0 (compatible; DataForSeoBot/1.0; +https://dataforseo.com/dataforseo-bot)"
136.243.220.212 - - [20/May/2026:23:05:23 +0000] "GET /goods.php?detail/246041444556 HTTP/1.1" 500 1 "-" "Mozilla/5.0 (compatible; DataForSeoBot/1.0; +https://dataforseo.com/dataforseo-bot)"
136.243.220.212 - - [20/May/2026:23:05:33 +0000] "GET /goods.php?items/quest/026009672.htm HTTP/1.1" 500 1 "-" "Mozilla/5.0 (compatible; DataForSeoBot/1.0; +https://dataforseo.com/dataforseo-bot)"
204.12.208.18 - - [20/May/2026:23:05:38 +0000] "GET /wp-includes/br745832/index.php HTTP/1.1" 500 - "https://aioptify.com/wp-includes/br745832/index.php" "Mozilla/5.0 (compatible; MSIE 9.0; Windows NT 6.1; WOW64; Trident/5.0; SLCC2; .NET CLR 2.0.50727; .NET CLR 3.5.30729; .NET CLR 3.0.30729; Media Center PC 6.0; MAGW; .NET4.0C; Lunascape 6.5.8.24780)"
204.12.208.18 - - [20/May/2026:23:05:39 +0000] "GET /wp-includes/br745832/index.php HTTP/1.1" 500 - "https://aioptify.com/wp-includes/br745832/index.php" "Mozilla/5.0 (Windows NT 5.1; rv:6.0) Gecko/20100101 Firefox/6.0"
204.12.208.18 - - [20/May/2026:23:05:39 +0000] "GET /wp-includes/br745832/index.php HTTP/1.1" 500 - "https://aioptify.com/wp-includes/br745832/index.php" "Mozilla/5.0 (Macintosh; Intel Mac OS X 10.5; rv:8.0.1) Gecko/20100101 Firefox/8.0.1"
136.243.220.212 - - [20/May/2026:23:05:42 +0000] "GET /goods.php?items/fashion/042044830.htm HTTP/1.1" 500 1 "-" "Mozilla/5.0 (compatible; DataForSeoBot/1.0; +https://dataforseo.com/dataforseo-bot)"
136.243.220.212 - - [20/May/2026:23:05:52 +0000] "GET /goods.php?items/entrance/300011516.htm HTTP/1.1" 500 1 "-" "Mozilla/5.0 (compatible; DataForSeoBot/1.0; +https://dataforseo.com/dataforseo-bot)"
136.243.220.212 - - [20/May/2026:23:06:02 +0000] "GET /goods.php?items/pack/205012873.htm HTTP/1.1" 500 1 "-" "Mozilla/5.0 (compatible; DataForSeoBot/1.0; +https://dataforseo.com/dataforseo-bot)"
114.119.155.44 - - [20/May/2026:23:06:09 +0000] "GET /goods.php?items/myself/281037809.htm HTTP/1.1" 500 1 "https://aioptify.com/goods.php?sitemap749.xml" "Mozilla/5.0 (Linux; Android 7.0;) AppleWebKit/537.36 (HTML, like Gecko) Mobile Safari/537.36 (compatible; PetalBot;+https://webmaster.petalsearch.com/site/petalbot)"
136.243.220.212 - - [20/May/2026:23:06:13 +0000] "GET /goods.php?detail/205011282892 HTTP/1.1" 500 1 "-" "Mozilla/5.0 (compatible; DataForSeoBot/1.0; +https://dataforseo.com/dataforseo-bot)"
136.243.220.212 - - [20/May/2026:23:06:23 +0000] "GET /goods.php?jp/256007853.html HTTP/1.1" 500 1 "-" "Mozilla/5.0 (compatible; DataForSeoBot/1.0; +https://dataforseo.com/dataforseo-bot)"
136.243.220.212 - - [20/May/2026:23:06:33 +0000] "GET /goods.php?items/including/256014626.htm HTTP/1.1" 500 1 "-" "Mozilla/5.0 (compatible; DataForSeoBot/1.0; +https://dataforseo.com/dataforseo-bot)"
136.243.220.212 - - [20/May/2026:23:06:43 +0000] "GET /goods.php?items/giant/061042411.htm HTTP/1.1" 500 1 "-" "Mozilla/5.0 (compatible; DataForSeoBot/1.0; +https://dataforseo.com/dataforseo-bot)"
136.243.220.212 - - [20/May/2026:23:06:53 +0000] "GET /goods.php?items/bomb/107003903.htm HTTP/1.1" 500 1 "-" "Mozilla/5.0 (compatible; DataForSeoBot/1.0; +https://dataforseo.com/dataforseo-bot)"
136.243.220.212 - - [20/May/2026:23:07:02 +0000] "GET /goods.php?items/married/027047781.htm HTTP/1.1" 500 1 "-" "Mozilla/5.0 (compatible; DataForSeoBot/1.0; +https://dataforseo.com/dataforseo-bot)"
136.243.220.212 - - [20/May/2026:23:07:12 +0000] "GET /goods.php?items/wheat/011000325.htm HTTP/1.1" 500 1 "-" "Mozilla/5.0 (compatible; DataForSeoBot/1.0; +https://dataforseo.com/dataforseo-bot)"
136.243.220.212 - - [20/May/2026:23:07:22 +0000] "GET /goods.php?goods/255012345 HTTP/1.1" 500 1 "-" "Mozilla/5.0 (compatible; DataForSeoBot/1.0; +https://dataforseo.com/dataforseo-bot)"
136.243.220.212 - - [20/May/2026:23:07:32 +0000] "GET /goods.php?items/chain/256017446.htm HTTP/1.1" 500 1 "-" "Mozilla/5.0 (compatible; DataForSeoBot/1.0; +https://dataforseo.com/dataforseo-bot)"
114.119.150.65 - - [20/May/2026:23:07:38 +0000] "GET /goods.php?items/musician/251043401.htm HTTP/1.1" 500 1 "https://aioptify.com/goods.php?sitemap405.xml" "Mozilla/5.0 (Linux; Android 7.0;) AppleWebKit/537.36 (HTML, like Gecko) Mobile Safari/537.36 (compatible; PetalBot;+https://webmaster.petalsearch.com/site/petalbot)"
136.243.220.212 - - [20/May/2026:23:07:42 +0000] "GET /goods.php?items/singer/082009672.htm HTTP/1.1" 500 1 "-" "Mozilla/5.0 (compatible; DataForSeoBot/1.0; +https://dataforseo.com/dataforseo-bot)"
136.243.220.212 - - [20/May/2026:23:07:51 +0000] "GET /goods.php?items/emergency/003022517.htm HTTP/1.1" 500 1 "-" "Mozilla/5.0 (compatible; DataForSeoBot/1.0; +https://dataforseo.com/dataforseo-bot)"
136.243.220.212 - - [20/May/2026:23:08:02 +0000] "GET /goods.php?items/rental/245034143.htm HTTP/1.1" 500 1 "-" "Mozilla/5.0 (compatible; DataForSeoBot/1.0; +https://dataforseo.com/dataforseo-bot)"
136.243.220.212 - - [20/May/2026:23:08:11 +0000] "GET /goods.php?items/rail/252018502.htm HTTP/1.1" 500 1 "-" "Mozilla/5.0 (compatible; DataForSeoBot/1.0; +https://dataforseo.com/dataforseo-bot)"
136.243.220.212 - - [20/May/2026:23:08:21 +0000] "GET /goods.php?items/habitat/230012632.htm HTTP/1.1" 500 1 "-" "Mozilla/5.0 (compatible; DataForSeoBot/1.0; +https://dataforseo.com/dataforseo-bot)"
136.243.220.212 - - [20/May/2026:23:08:31 +0000] "GET /goods.php?detail/15603852636179 HTTP/1.1" 500 1 "-" "Mozilla/5.0 (compatible; DataForSeoBot/1.0; +https://dataforseo.com/dataforseo-bot)"
136.243.220.212 - - [20/May/2026:23:08:41 +0000] "GET /goods.php?items/assignment/252018504.htm HTTP/1.1" 500 1 "-" "Mozilla/5.0 (compatible; DataForSeoBot/1.0; +https://dataforseo.com/dataforseo-bot)"
136.243.220.212 - - [20/May/2026:23:08:51 +0000] "GET /goods.php?items/echo/252018476.htm HTTP/1.1" 500 1 "-" "Mozilla/5.0 (compatible; DataForSeoBot/1.0; +https://dataforseo.com/dataforseo-bot)"
114.119.157.111 - - [20/May/2026:23:08:56 +0000] "GET /goods.php?items/middle/136002774.htm HTTP/1.1" 500 1 "https://aioptify.com/goods.php?sitemap405.xml" "Mozilla/5.0 (Linux; Android 7.0;) AppleWebKit/537.36 (HTML, like Gecko) Mobile Safari/537.36 (compatible; PetalBot;+https://webmaster.petalsearch.com/site/petalbot)"
136.243.220.212 - - [20/May/2026:23:09:01 +0000] "GET /goods.php?items/casual/191029951.htm HTTP/1.1" 500 1 "-" "Mozilla/5.0 (compatible; DataForSeoBot/1.0; +https://dataforseo.com/dataforseo-bot)"
136.243.220.212 - - [20/May/2026:23:09:11 +0000] "GET /goods.php?detail/2960156645725 HTTP/1.1" 500 1 "-" "Mozilla/5.0 (compatible; DataForSeoBot/1.0; +https://dataforseo.com/dataforseo-bot)"
136.243.220.212 - - [20/May/2026:23:09:21 +0000] "GET /goods.php?items/increasing/191029741.htm HTTP/1.1" 500 1 "-" "Mozilla/5.0 (compatible; DataForSeoBot/1.0; +https://dataforseo.com/dataforseo-bot)"
136.243.220.212 - - [20/May/2026:23:09:31 +0000] "GET /goods.php?items/how/151008929.htm HTTP/1.1" 500 1 "-" "Mozilla/5.0 (compatible; DataForSeoBot/1.0; +https://dataforseo.com/dataforseo-bot)"
136.243.220.212 - - [20/May/2026:23:09:41 +0000] "GET /goods.php?items/sentiment/191029965.htm HTTP/1.1" 500 1 "-" "Mozilla/5.0 (compatible; DataForSeoBot/1.0; +https://dataforseo.com/dataforseo-bot)"
136.243.220.212 - - [20/May/2026:23:09:52 +0000] "GET /goods.php?items/hot/195012303.htm HTTP/1.1" 500 1 "-" "Mozilla/5.0 (compatible; DataForSeoBot/1.0; +https://dataforseo.com/dataforseo-bot)"
136.243.220.212 - - [20/May/2026:23:10:02 +0000] "GET /goods.php?detail/300023206139 HTTP/1.1" 500 1 "-" "Mozilla/5.0 (compatible; DataForSeoBot/1.0; +https://dataforseo.com/dataforseo-bot)"
136.243.220.212 - - [20/May/2026:23:10:11 +0000] "GET /goods.php?shopping/021000352 HTTP/1.1" 500 1 "-" "Mozilla/5.0 (compatible; DataForSeoBot/1.0; +https://dataforseo.com/dataforseo-bot)"
114.119.155.44 - - [20/May/2026:23:10:20 +0000] "GET /goods.php?items/mathematics/114013884.htm HTTP/1.1" 500 1 "https://aioptify.com/goods.php?sitemap405.xml" "Mozilla/5.0 (Linux; Android 7.0;) AppleWebKit/537.36 (HTML, like Gecko) Mobile Safari/537.36 (compatible; PetalBot;+https://webmaster.petalsearch.com/site/petalbot)"
136.243.220.212 - - [20/May/2026:23:10:21 +0000] "GET /goods.php?items/star/293012393.htm HTTP/1.1" 500 1 "-" "Mozilla/5.0 (compatible; DataForSeoBot/1.0; +https://dataforseo.com/dataforseo-bot)"
136.243.220.212 - - [20/May/2026:23:10:30 +0000] "GET /goods.php?items/OK/129014341.htm HTTP/1.1" 500 1 "-" "Mozilla/5.0 (compatible; DataForSeoBot/1.0; +https://dataforseo.com/dataforseo-bot)"
136.243.220.212 - - [20/May/2026:23:10:41 +0000] "GET /goods.php?items/negotiation/261002371.htm HTTP/1.1" 500 1 "-" "Mozilla/5.0 (compatible; DataForSeoBot/1.0; +https://dataforseo.com/dataforseo-bot)"
136.243.220.212 - - [20/May/2026:23:10:50 +0000] "GET /goods.php?items/base/016011394.htm HTTP/1.1" 500 1 "-" "Mozilla/5.0 (compatible; DataForSeoBot/1.0; +https://dataforseo.com/dataforseo-bot)"
136.243.220.212 - - [20/May/2026:23:11:00 +0000] "GET /goods.php?items/style/257015401.htm HTTP/1.1" 500 1 "-" "Mozilla/5.0 (compatible; DataForSeoBot/1.0; +https://dataforseo.com/dataforseo-bot)"
136.243.220.212 - - [20/May/2026:23:11:10 +0000] "GET /goods.php?items/curious/226031076.htm HTTP/1.1" 500 1 "-" "Mozilla/5.0 (compatible; DataForSeoBot/1.0; +https://dataforseo.com/dataforseo-bot)"
136.243.220.212 - - [20/May/2026:23:11:19 +0000] "GET /goods.php?items/rear/077011331.htm HTTP/1.1" 500 1 "-" "Mozilla/5.0 (compatible; DataForSeoBot/1.0; +https://dataforseo.com/dataforseo-bot)"
136.243.220.212 - - [20/May/2026:23:11:29 +0000] "GET /goods.php?items/fever/134045500.htm HTTP/1.1" 500 1 "-" "Mozilla/5.0 (compatible; DataForSeoBot/1.0; +https://dataforseo.com/dataforseo-bot)"
136.243.220.212 - - [20/May/2026:23:11:40 +0000] "GET /goods.php?detail/192043174440 HTTP/1.1" 500 1 "-" "Mozilla/5.0 (compatible; DataForSeoBot/1.0; +https://dataforseo.com/dataforseo-bot)"
136.243.220.212 - - [20/May/2026:23:11:51 +0000] "GET /goods.php?items/cure/113032765.htm HTTP/1.1" 500 1 "-" "Mozilla/5.0 (compatible; DataForSeoBot/1.0; +https://dataforseo.com/dataforseo-bot)"
114.119.155.44 - - [20/May/2026:23:11:52 +0000] "GET /goods.php?items/marketplace/069022613.htm HTTP/1.1" 500 1 "https://aioptify.com/goods.php?sitemap749.xml" "Mozilla/5.0 (Linux; Android 7.0;) AppleWebKit/537.36 (HTML, like Gecko) Mobile Safari/537.36 (compatible; PetalBot;+https://webmaster.petalsearch.com/site/petalbot)"
136.243.220.212 - - [20/May/2026:23:12:01 +0000] "GET /goods.php?detail/035026748794 HTTP/1.1" 500 1 "-" "Mozilla/5.0 (compatible; DataForSeoBot/1.0; +https://dataforseo.com/dataforseo-bot)"
136.243.220.212 - - [20/May/2026:23:12:11 +0000] "GET /goods.php?items/four/278034294.htm HTTP/1.1" 500 1 "-" "Mozilla/5.0 (compatible; DataForSeoBot/1.0; +https://dataforseo.com/dataforseo-bot)"
136.243.220.212 - - [20/May/2026:23:12:21 +0000] "GET /goods.php?items/anxiety/278033064.htm HTTP/1.1" 500 1 "-" "Mozilla/5.0 (compatible; DataForSeoBot/1.0; +https://dataforseo.com/dataforseo-bot)"
136.243.220.212 - - [20/May/2026:23:12:31 +0000] "GET /goods.php?items/praise/056010558.htm HTTP/1.1" 500 1 "-" "Mozilla/5.0 (compatible; DataForSeoBot/1.0; +https://dataforseo.com/dataforseo-bot)"
136.243.220.212 - - [20/May/2026:23:12:41 +0000] "GET /goods.php?items/nationwide/278033696.htm HTTP/1.1" 500 1 "-" "Mozilla/5.0 (compatible; DataForSeoBot/1.0; +https://dataforseo.com/dataforseo-bot)"
136.243.220.212 - - [20/May/2026:23:12:52 +0000] "GET /goods.php?items/base/244031412.htm HTTP/1.1" 500 1 "-" "Mozilla/5.0 (compatible; DataForSeoBot/1.0; +https://dataforseo.com/dataforseo-bot)"
136.243.220.212 - - [20/May/2026:23:13:02 +0000] "GET /goods.php?items/early/219017551.htm HTTP/1.1" 500 1 "-" "Mozilla/5.0 (compatible; DataForSeoBot/1.0; +https://dataforseo.com/dataforseo-bot)"
136.243.220.212 - - [20/May/2026:23:13:12 +0000] "GET /goods.php?goods/072009536 HTTP/1.1" 500 1 "-" "Mozilla/5.0 (compatible; DataForSeoBot/1.0; +https://dataforseo.com/dataforseo-bot)"
136.243.220.212 - - [20/May/2026:23:13:23 +0000] "GET /goods.php?items/screening/072009508.htm HTTP/1.1" 500 1 "-" "Mozilla/5.0 (compatible; DataForSeoBot/1.0; +https://dataforseo.com/dataforseo-bot)"
114.119.134.212 - - [20/May/2026:23:13:25 +0000] "GET /goods.php?items/mansion/186015640.htm HTTP/1.1" 500 1 "https://aioptify.com/goods.php?sitemap749.xml" "Mozilla/5.0 (Linux; Android 7.0;) AppleWebKit/537.36 (HTML, like Gecko) Mobile Safari/537.36 (compatible; PetalBot;+https://webmaster.petalsearch.com/site/petalbot)"
136.243.220.212 - - [20/May/2026:23:13:33 +0000] "GET /goods.php?items/cup/038016606.htm HTTP/1.1" 500 1 "-" "Mozilla/5.0 (compatible; DataForSeoBot/1.0; +https://dataforseo.com/dataforseo-bot)"
136.243.220.212 - - [20/May/2026:23:13:42 +0000] "GET /goods.php?jp/072009492.html HTTP/1.1" 500 1 "-" "Mozilla/5.0 (compatible; DataForSeoBot/1.0; +https://dataforseo.com/dataforseo-bot)"
136.243.220.212 - - [20/May/2026:23:13:53 +0000] "GET /goods.php?items/stay/250023876.htm HTTP/1.1" 500 1 "-" "Mozilla/5.0 (compatible; DataForSeoBot/1.0; +https://dataforseo.com/dataforseo-bot)"
136.243.220.212 - - [20/May/2026:23:14:03 +0000] "GET /goods.php?items/chef/132005904.htm HTTP/1.1" 500 1 "-" "Mozilla/5.0 (compatible; DataForSeoBot/1.0; +https://dataforseo.com/dataforseo-bot)"
136.243.220.212 - - [20/May/2026:23:14:13 +0000] "GET /goods.php?items/laughter/116020686.htm HTTP/1.1" 500 1 "-" "Mozilla/5.0 (compatible; DataForSeoBot/1.0; +https://dataforseo.com/dataforseo-bot)"
136.243.220.212 - - [20/May/2026:23:14:23 +0000] "GET /goods.php?items/cruel/180005986.htm HTTP/1.1" 500 1 "-" "Mozilla/5.0 (compatible; DataForSeoBot/1.0; +https://dataforseo.com/dataforseo-bot)"
